{"id":6229,"date":"2020-11-18T13:57:19","date_gmt":"2020-11-18T13:57:19","guid":{"rendered":"http:\/\/veda.polac.cz\/?page_id=6229"},"modified":"2021-03-08T10:47:16","modified_gmt":"2021-03-08T10:47:16","slug":"6229-2","status":"publish","type":"page","link":"https:\/\/veda.polac.cz\/?page_id=6229&lang=en","title":{"rendered":""},"content":{"rendered":"<p style=\"text-align: center;\">Resume<\/p>\n<p><strong>e-Government &#8211; Electronic Identity Cards, Citizen Portal<\/strong><\/p>\n<p><em>PhDr. Marek Hejduk,<\/em> <em>Police Academy of the Czech Republic in Prague, postgraduate student<\/em><br \/>\n<em>Ing. Bc. Marek \u010cand\u00edk, Ph.D., Ing. Milan Kn\u00fd, CSc., <\/em><em>Police Academy of Czech Republic in Prague<\/em><em>, <\/em><em>Faculty of Security Management, <\/em><em>Department of Crisis Management<\/em><\/p>\n<p>The article focuses on the definition of the e-Government in the Czech Republic (what the e-Government is, what is its content and essence). The next part of the thesis focuses on the specific area of the e-Government, on the so-called e-ID (machine-readable ID cards with an electronic chip). Last but not least, the thesis focuses on the Citizen Portal, which represents the basic tool of the modern e-Government.<\/p>\n<p><strong>Keywords:<\/strong> e-Government, e-ID, electronic identity, citizen portal, data boxes, name, password, sms, personal identification code, deblocking personal code.<\/p>\n<hr>\n<p><a href=\"https:\/\/veda.polac.cz\/?page_id=6213&amp;lang=en\">Back<\/a><\/p>\n","protected":false},"excerpt":{"rendered":"<p>Resume e-Government &#8211; Electronic Identity Cards, Citizen Portal PhDr. Marek Hejduk, Police Academy of the Czech Republic in Prague, postgraduate student Ing. Bc. Marek \u010cand\u00edk, Ph.D., Ing. Milan Kn\u00fd, CSc., Police Academy of Czech Republic in Prague, Faculty of Security Management, Department of Crisis Management The article focuses on the definition of the e-Government in [&hellip;]<\/p>\n","protected":false},"author":6,"featured_media":0,"parent":0,"menu_order":0,"comment_status":"closed","ping_status":"closed","template":"","meta":{"footnotes":""},"class_list":["post-6229","page","type-page","status-publish","hentry"],"_links":{"self":[{"href":"https:\/\/veda.polac.cz\/index.php?rest_route=\/wp\/v2\/pages\/6229","targetHints":{"allow":["GET"]}}],"collection":[{"href":"https:\/\/veda.polac.cz\/index.php?rest_route=\/wp\/v2\/pages"}],"about":[{"href":"https:\/\/veda.polac.cz\/index.php?rest_route=\/wp\/v2\/types\/page"}],"author":[{"embeddable":true,"href":"https:\/\/veda.polac.cz\/index.php?rest_route=\/wp\/v2\/users\/6"}],"replies":[{"embeddable":true,"href":"https:\/\/veda.polac.cz\/index.php?rest_route=%2Fwp%2Fv2%2Fcomments&post=6229"}],"version-history":[{"count":3,"href":"https:\/\/veda.polac.cz\/index.php?rest_route=\/wp\/v2\/pages\/6229\/revisions"}],"predecessor-version":[{"id":6325,"href":"https:\/\/veda.polac.cz\/index.php?rest_route=\/wp\/v2\/pages\/6229\/revisions\/6325"}],"wp:attachment":[{"href":"https:\/\/veda.polac.cz\/index.php?rest_route=%2Fwp%2Fv2%2Fmedia&parent=6229"}],"curies":[{"name":"wp","href":"https:\/\/api.w.org\/{rel}","templated":true}]}}