{"id":622,"date":"2018-09-13T18:36:24","date_gmt":"2018-09-13T18:36:24","guid":{"rendered":"http:\/\/veda.polac.cz\/?page_id=622"},"modified":"2018-10-27T18:53:04","modified_gmt":"2018-10-27T18:53:04","slug":"5-2","status":"publish","type":"page","link":"https:\/\/veda.polac.cz\/?page_id=622","title":{"rendered":""},"content":{"rendered":"<p style=\"text-align: center;\">Resum\u00e9 \u010dl\u00e1nku<\/p>\n<p><strong>Klimatick\u00e9 zm\u011bny &#8211; p\u0159\u00ed\u010diny a dopady<br \/>\n<\/strong><i>Ing. Ondrej Tar\u010d\u00e1ni, Fakulta bezpe\u010dnostn\u00edho managementu PA \u010cR v Praze, katedra krizov\u00e9ho \u0159\u00edzen\u00ed<\/i><\/p>\n<p>\u010cl\u00e1nek m\u00e1 za c\u00edl sezn\u00e1mit s p\u0159ehledem fenom\u00e9nu, jak\u00fdm je zm\u011bna klimatu, klimatick\u00fd syst\u00e9m. Na z\u00e1klad\u011b r\u016fzn\u00fdch zdroj\u016f poukazuje na p\u0159\u00ed\u010diny klimatick\u00fdch zm\u011bn, rizika s t\u00edm spojen\u00e9 a na dopady v \u010cesk\u00e9 republice ve vybran\u00fdch oblastech spole\u010densk\u00e9ho \u017eivota.<br \/>\n<strong>Kl\u00ed\u010dov\u00e1 slova:<\/strong>\u00a0klima, zm\u011bna klimatu, p\u0159\u00ed\u010diny, rizika, dopady.<i><br \/>\n<\/i><\/p>\n<p><a href=\"https:\/\/veda.polac.cz\/?page_id=610\">04\/2015<\/a><\/p>\n","protected":false},"excerpt":{"rendered":"<p>Resum\u00e9 \u010dl\u00e1nku Klimatick\u00e9 zm\u011bny &#8211; p\u0159\u00ed\u010diny a dopady Ing. Ondrej Tar\u010d\u00e1ni, Fakulta bezpe\u010dnostn\u00edho managementu PA \u010cR v Praze, katedra krizov\u00e9ho \u0159\u00edzen\u00ed \u010cl\u00e1nek m\u00e1 za c\u00edl sezn\u00e1mit s p\u0159ehledem fenom\u00e9nu, jak\u00fdm je zm\u011bna klimatu, klimatick\u00fd syst\u00e9m. Na z\u00e1klad\u011b r\u016fzn\u00fdch zdroj\u016f poukazuje na p\u0159\u00ed\u010diny klimatick\u00fdch zm\u011bn, rizika s t\u00edm spojen\u00e9 a na dopady v \u010cesk\u00e9 republice ve [&hellip;]<\/p>\n","protected":false},"author":2,"featured_media":0,"parent":610,"menu_order":5,"comment_status":"closed","ping_status":"closed","template":"","meta":{"footnotes":""},"class_list":["post-622","page","type-page","status-publish","hentry"],"_links":{"self":[{"href":"https:\/\/veda.polac.cz\/index.php?rest_route=\/wp\/v2\/pages\/622","targetHints":{"allow":["GET"]}}],"collection":[{"href":"https:\/\/veda.polac.cz\/index.php?rest_route=\/wp\/v2\/pages"}],"about":[{"href":"https:\/\/veda.polac.cz\/index.php?rest_route=\/wp\/v2\/types\/page"}],"author":[{"embeddable":true,"href":"https:\/\/veda.polac.cz\/index.php?rest_route=\/wp\/v2\/users\/2"}],"replies":[{"embeddable":true,"href":"https:\/\/veda.polac.cz\/index.php?rest_route=%2Fwp%2Fv2%2Fcomments&post=622"}],"version-history":[{"count":3,"href":"https:\/\/veda.polac.cz\/index.php?rest_route=\/wp\/v2\/pages\/622\/revisions"}],"predecessor-version":[{"id":647,"href":"https:\/\/veda.polac.cz\/index.php?rest_route=\/wp\/v2\/pages\/622\/revisions\/647"}],"up":[{"embeddable":true,"href":"https:\/\/veda.polac.cz\/index.php?rest_route=\/wp\/v2\/pages\/610"}],"wp:attachment":[{"href":"https:\/\/veda.polac.cz\/index.php?rest_route=%2Fwp%2Fv2%2Fmedia&parent=622"}],"curies":[{"name":"wp","href":"https:\/\/api.w.org\/{rel}","templated":true}]}}