{"id":6196,"date":"2020-11-16T13:52:58","date_gmt":"2020-11-16T13:52:58","guid":{"rendered":"http:\/\/veda.polac.cz\/?page_id=6196"},"modified":"2020-11-16T13:52:59","modified_gmt":"2020-11-16T13:52:59","slug":"6196-2","status":"publish","type":"page","link":"https:\/\/veda.polac.cz\/?page_id=6196","title":{"rendered":""},"content":{"rendered":"<p style=\"text-align: center;\">Resum\u00e9 \u010dl\u00e1nku<\/p>\n<p><strong>Kritick\u00e1 infra\u0161trukt\u00fara v\u00a0Slovenskej republike<\/strong><\/p>\n<p>kpt. Mgr. et Mgr. Diana Santusov\u00e1, \u00darad in\u0161pek\u010dnej slu\u017eby, \u00fatvar in\u0161pekcie, odbor in\u0161pek\u010dnej slu\u017eby Z\u00e1pad, Bratislava<br \/>\nkpt. Mgr. Bc. Peter Jakub\u00edk, LL.M., Prez\u00eddium Policajn\u00e9ho zboru, n\u00e1rodn\u00e1 krimin\u00e1lna agentura, expozit\u00fara Bratislava<\/p>\n<p>\u010cl\u00e1nok sa vo svojej podstate zaober\u00e1 kritickou infra\u0161trukt\u00farou v\u00a0Slovenskej republike, pri\u010dom definuje tento pojem s\u00a0oh\u013eadom na viacero h\u013ead\u00edsk a\u00a0charakterizuje niektor\u00e9 \u010fal\u0161ie z\u00e1kladn\u00e9 pojmy, ktor\u00e9 s\u00a0predmetnou problematikou kritickej infra\u0161trukt\u00fary v\u00a0na\u0161ej krajine bezprostredne s\u00favisia. Autor sa v\u00a0\u010dl\u00e1nku taktie\u017e venuje niektor\u00fdm f\u00e1zam legislat\u00edvnemu procesu, ktor\u00fd predch\u00e1dzal vydaniu z\u00e1kona o\u00a0kritickej infra\u0161trukt\u00fare, do ktor\u00e9ho bola v\u00a0s\u00falade so z\u00e1konom implementovan\u00e1 pr\u00edslu\u0161n\u00e1 smernica Eur\u00f3pskej \u00fanie. V\u00a0z\u00e1vere \u010dl\u00e1nku venuje autor pozornos\u0165 aj samotnej ochrane a\u00a0obrane kritickej infra\u0161trukt\u00fary v\u00a0podmienkach Slovenskej republiky.<\/p>\n<p><strong>K\u013e\u00fa\u010dov\u00e9 slov\u00e1: <\/strong>kritick\u00e1 infra\u0161trukt\u00fara, sektor, bezpe\u010dnostn\u00e9 riziko, ochrana a\u00a0obrana, koncepcia, hrozba.<\/p>\n<hr \/>\n<p><a href=\"https:\/\/veda.polac.cz\/?page_id=6175\">Zp\u011bt<\/a><\/p>\n","protected":false},"excerpt":{"rendered":"<p>Resum\u00e9 \u010dl\u00e1nku Kritick\u00e1 infra\u0161trukt\u00fara v\u00a0Slovenskej republike kpt. Mgr. et Mgr. Diana Santusov\u00e1, \u00darad in\u0161pek\u010dnej slu\u017eby, \u00fatvar in\u0161pekcie, odbor in\u0161pek\u010dnej slu\u017eby Z\u00e1pad, Bratislava kpt. Mgr. Bc. Peter Jakub\u00edk, LL.M., Prez\u00eddium Policajn\u00e9ho zboru, n\u00e1rodn\u00e1 krimin\u00e1lna agentura, expozit\u00fara Bratislava \u010cl\u00e1nok sa vo svojej podstate zaober\u00e1 kritickou infra\u0161trukt\u00farou v\u00a0Slovenskej republike, pri\u010dom definuje tento pojem s\u00a0oh\u013eadom na viacero h\u013ead\u00edsk a\u00a0charakterizuje [&hellip;]<\/p>\n","protected":false},"author":6,"featured_media":0,"parent":0,"menu_order":0,"comment_status":"closed","ping_status":"closed","template":"","meta":{"footnotes":""},"class_list":["post-6196","page","type-page","status-publish","hentry"],"_links":{"self":[{"href":"https:\/\/veda.polac.cz\/index.php?rest_route=\/wp\/v2\/pages\/6196","targetHints":{"allow":["GET"]}}],"collection":[{"href":"https:\/\/veda.polac.cz\/index.php?rest_route=\/wp\/v2\/pages"}],"about":[{"href":"https:\/\/veda.polac.cz\/index.php?rest_route=\/wp\/v2\/types\/page"}],"author":[{"embeddable":true,"href":"https:\/\/veda.polac.cz\/index.php?rest_route=\/wp\/v2\/users\/6"}],"replies":[{"embeddable":true,"href":"https:\/\/veda.polac.cz\/index.php?rest_route=%2Fwp%2Fv2%2Fcomments&post=6196"}],"version-history":[{"count":1,"href":"https:\/\/veda.polac.cz\/index.php?rest_route=\/wp\/v2\/pages\/6196\/revisions"}],"predecessor-version":[{"id":6197,"href":"https:\/\/veda.polac.cz\/index.php?rest_route=\/wp\/v2\/pages\/6196\/revisions\/6197"}],"wp:attachment":[{"href":"https:\/\/veda.polac.cz\/index.php?rest_route=%2Fwp%2Fv2%2Fmedia&parent=6196"}],"curies":[{"name":"wp","href":"https:\/\/api.w.org\/{rel}","templated":true}]}}