{"id":6190,"date":"2020-11-16T13:23:25","date_gmt":"2020-11-16T13:23:25","guid":{"rendered":"http:\/\/veda.polac.cz\/?page_id=6190"},"modified":"2020-11-16T13:23:26","modified_gmt":"2020-11-16T13:23:26","slug":"6190-2","status":"publish","type":"page","link":"https:\/\/veda.polac.cz\/?page_id=6190","title":{"rendered":""},"content":{"rendered":"<p style=\"text-align: center;\">Resum\u00e9 \u010dl\u00e1nku<\/p>\n<p><strong>Identifikace kl\u00ed\u010dov\u00fdch akt\u00e9r\u016f ovliv\u0148uj\u00edc\u00edch subjektivn\u00ed percepci ud\u00e1lost\u00ed v\u00a0kyber-prostoru<\/strong><\/p>\n<p>Ing. Miroslav \u010cerm\u00e1k, Policejn\u00ed akademie \u010cesk\u00e9 republiky v\u00a0Praze, student doktorsk\u00e9ho studia<\/p>\n<p>Tento p\u0159\u00edsp\u011bvek se zam\u00fd\u0161l\u00ed nad t\u00edm, jak kriticky nahl\u00ed\u017eet na aktu\u00e1ln\u00ed situaci v\u00a0kyberprostoru, identifikuje jednotliv\u00e9 akt\u00e9ry v\u00a0kyberprostoru, kte\u0159\u00ed vytv\u00e1\u0159ej\u00ed medi\u00e1ln\u00ed obraz a jejich motivaci, popisuje plo\u0161n\u00e9 a c\u00edlen\u00e9 \u00fatoky a rozd\u00edly mezi nimi a uv\u00e1d\u00ed, co\u00a0zp\u016fsobuje ono informa\u010dn\u00ed zkreslen\u00ed a navrhuje mo\u017en\u00fd seznam kybernetick\u00fdch hrozeb.<\/p>\n<p><strong>Kl\u00ed\u010dov\u00e1 slova:<\/strong> kybernetick\u00e9 hrozby, kybernetick\u00e9 \u00fatoky, plo\u0161n\u00e9 \u00fatoky, c\u00edlen\u00e9 \u00fatoky, APT \u00fatoky.<\/p>\n<hr \/>\n<p><a href=\"https:\/\/veda.polac.cz\/?page_id=6175\">Zp\u011bt<\/a><\/p>\n","protected":false},"excerpt":{"rendered":"<p>Resum\u00e9 \u010dl\u00e1nku Identifikace kl\u00ed\u010dov\u00fdch akt\u00e9r\u016f ovliv\u0148uj\u00edc\u00edch subjektivn\u00ed percepci ud\u00e1lost\u00ed v\u00a0kyber-prostoru Ing. Miroslav \u010cerm\u00e1k, Policejn\u00ed akademie \u010cesk\u00e9 republiky v\u00a0Praze, student doktorsk\u00e9ho studia Tento p\u0159\u00edsp\u011bvek se zam\u00fd\u0161l\u00ed nad t\u00edm, jak kriticky nahl\u00ed\u017eet na aktu\u00e1ln\u00ed situaci v\u00a0kyberprostoru, identifikuje jednotliv\u00e9 akt\u00e9ry v\u00a0kyberprostoru, kte\u0159\u00ed vytv\u00e1\u0159ej\u00ed medi\u00e1ln\u00ed obraz a jejich motivaci, popisuje plo\u0161n\u00e9 a c\u00edlen\u00e9 \u00fatoky a rozd\u00edly mezi nimi a [&hellip;]<\/p>\n","protected":false},"author":6,"featured_media":0,"parent":0,"menu_order":0,"comment_status":"closed","ping_status":"closed","template":"","meta":{"footnotes":""},"class_list":["post-6190","page","type-page","status-publish","hentry"],"_links":{"self":[{"href":"https:\/\/veda.polac.cz\/index.php?rest_route=\/wp\/v2\/pages\/6190","targetHints":{"allow":["GET"]}}],"collection":[{"href":"https:\/\/veda.polac.cz\/index.php?rest_route=\/wp\/v2\/pages"}],"about":[{"href":"https:\/\/veda.polac.cz\/index.php?rest_route=\/wp\/v2\/types\/page"}],"author":[{"embeddable":true,"href":"https:\/\/veda.polac.cz\/index.php?rest_route=\/wp\/v2\/users\/6"}],"replies":[{"embeddable":true,"href":"https:\/\/veda.polac.cz\/index.php?rest_route=%2Fwp%2Fv2%2Fcomments&post=6190"}],"version-history":[{"count":1,"href":"https:\/\/veda.polac.cz\/index.php?rest_route=\/wp\/v2\/pages\/6190\/revisions"}],"predecessor-version":[{"id":6191,"href":"https:\/\/veda.polac.cz\/index.php?rest_route=\/wp\/v2\/pages\/6190\/revisions\/6191"}],"wp:attachment":[{"href":"https:\/\/veda.polac.cz\/index.php?rest_route=%2Fwp%2Fv2%2Fmedia&parent=6190"}],"curies":[{"name":"wp","href":"https:\/\/api.w.org\/{rel}","templated":true}]}}