{"id":617,"date":"2018-09-13T18:34:16","date_gmt":"2018-09-13T18:34:16","guid":{"rendered":"http:\/\/veda.polac.cz\/?page_id=617"},"modified":"2018-10-27T18:53:04","modified_gmt":"2018-10-27T18:53:04","slug":"3-2","status":"publish","type":"page","link":"https:\/\/veda.polac.cz\/?page_id=617","title":{"rendered":""},"content":{"rendered":"<p style=\"text-align: center;\">Resum\u00e9 \u010dl\u00e1nku<\/p>\n<p><strong>Korupce a jej\u00ed mezin\u00e1rodn\u00ed srovn\u00e1n\u00ed pomoc\u00ed CPI<br \/>\n<\/strong><i>Mgr. Elizbar Rodonaia, Provozn\u011b ekonomick\u00e1 fakulta \u010cZU v Praze, katedra ekonomick\u00fdch teori\u00ed<br \/>\nMgr. Franti\u0161ek H\u0159eb\u00edk, Ph.D., Fakulta bezpe\u010dnostn\u00edho managementu PA \u010cR v Praze, katedra managementu a informatiky<\/i><\/p>\n<p>Index CPI mezin\u00e1rodn\u00ed organizace Transparency International se soust\u0159e\u010fuje na korup\u010dn\u00ed jedn\u00e1n\u00ed ve ve\u0159ejn\u00e9m sektoru sledovan\u00fdch zem\u00ed a \u0159ad\u00ed tyto zem\u011b podle stupn\u011b vn\u00edm\u00e1n\u00ed existence korupce ve ve\u0159ejn\u00e9 spr\u00e1v\u011b mezi \u00fa\u0159edn\u00edky a politiky. P\u0159esto\u017ee mezi nejm\u00e9n\u011b zkorumpovan\u00e9 zem\u011b sv\u011bta se v roce 2014 \u0159ad\u00ed rozvinut\u00e9 ekonomiky jako D\u00e1nsko, Nov\u00fd Z\u00e9land a Finsko, m\u00e9n\u011b vysp\u011bl\u00e1 Gruz\u00ednsk\u00e1 republika se dok\u00e1zala um\u00edstit na 50. m\u00edst\u011b p\u0159ed \u010ceskou republikou i Slovenskem. To dokazuje, \u017ee nejen ekonomick\u00e1 vysp\u011blost zem\u00ed, ale i pr\u00e1vn\u00ed a mor\u00e1ln\u00ed stav v zemi je d\u016fle\u017eit\u00fd pro vznik korup\u010dn\u00edho jedn\u00e1n\u00ed.<br \/>\n<strong>Kl\u00ed\u010dov\u00e1 slova:<\/strong>\u00a0korupce, m\u011b\u0159en\u00ed korupce, CPI, HDP, Gruzie.<\/p>\n<p><a href=\"https:\/\/veda.polac.cz\/?page_id=610\">04\/2015<\/a><\/p>\n","protected":false},"excerpt":{"rendered":"<p>Resum\u00e9 \u010dl\u00e1nku Korupce a jej\u00ed mezin\u00e1rodn\u00ed srovn\u00e1n\u00ed pomoc\u00ed CPI Mgr. Elizbar Rodonaia, Provozn\u011b ekonomick\u00e1 fakulta \u010cZU v Praze, katedra ekonomick\u00fdch teori\u00ed Mgr. Franti\u0161ek H\u0159eb\u00edk, Ph.D., Fakulta bezpe\u010dnostn\u00edho managementu PA \u010cR v Praze, katedra managementu a informatiky Index CPI mezin\u00e1rodn\u00ed organizace Transparency International se soust\u0159e\u010fuje na korup\u010dn\u00ed jedn\u00e1n\u00ed ve ve\u0159ejn\u00e9m sektoru sledovan\u00fdch zem\u00ed a \u0159ad\u00ed tyto [&hellip;]<\/p>\n","protected":false},"author":2,"featured_media":0,"parent":610,"menu_order":3,"comment_status":"closed","ping_status":"closed","template":"","meta":{"footnotes":""},"class_list":["post-617","page","type-page","status-publish","hentry"],"_links":{"self":[{"href":"https:\/\/veda.polac.cz\/index.php?rest_route=\/wp\/v2\/pages\/617","targetHints":{"allow":["GET"]}}],"collection":[{"href":"https:\/\/veda.polac.cz\/index.php?rest_route=\/wp\/v2\/pages"}],"about":[{"href":"https:\/\/veda.polac.cz\/index.php?rest_route=\/wp\/v2\/types\/page"}],"author":[{"embeddable":true,"href":"https:\/\/veda.polac.cz\/index.php?rest_route=\/wp\/v2\/users\/2"}],"replies":[{"embeddable":true,"href":"https:\/\/veda.polac.cz\/index.php?rest_route=%2Fwp%2Fv2%2Fcomments&post=617"}],"version-history":[{"count":3,"href":"https:\/\/veda.polac.cz\/index.php?rest_route=\/wp\/v2\/pages\/617\/revisions"}],"predecessor-version":[{"id":645,"href":"https:\/\/veda.polac.cz\/index.php?rest_route=\/wp\/v2\/pages\/617\/revisions\/645"}],"up":[{"embeddable":true,"href":"https:\/\/veda.polac.cz\/index.php?rest_route=\/wp\/v2\/pages\/610"}],"wp:attachment":[{"href":"https:\/\/veda.polac.cz\/index.php?rest_route=%2Fwp%2Fv2%2Fmedia&parent=617"}],"curies":[{"name":"wp","href":"https:\/\/api.w.org\/{rel}","templated":true}]}}