{"id":6110,"date":"2020-08-27T13:08:16","date_gmt":"2020-08-27T13:08:16","guid":{"rendered":"http:\/\/veda.polac.cz\/?page_id=6110"},"modified":"2020-08-27T13:08:17","modified_gmt":"2020-08-27T13:08:17","slug":"6110-2","status":"publish","type":"page","link":"https:\/\/veda.polac.cz\/?page_id=6110","title":{"rendered":""},"content":{"rendered":"<p style=\"text-align: center;\">Resum\u00e9 \u010dl\u00e1nku<\/p>\n<p><strong>\u0160v\u00fdcarsko a procesy decentralizace a centralizace ve vztahu k\u00a0zaji\u0161\u0165ov\u00e1n\u00ed m\u00edstn\u00edch z\u00e1le\u017eitost\u00ed ve\u0159ejn\u00e9ho po\u0159\u00e1dku<\/strong><\/p>\n<p><em>doc. Mgr. Old\u0159ich Krul\u00edk, Ph.D., Policejn\u00ed akademie \u010cesk\u00e9 republiky v\u00a0Praze,<\/em><br \/>\n<em>Fakulta bezpe\u010dnostn\u00edho managementu, katedra krizov\u00e9ho \u0159\u00edzen\u00ed<\/em><\/p>\n<p>P\u0159\u00edsp\u011bvek si neklade p\u0159\u00edli\u0161n\u00e9 akademick\u00e9 nebo v\u011bdeck\u00e9 ambice, ale sna\u017e\u00ed se dom\u00e1c\u00edmu publiku p\u0159ibl\u00ed\u017eit aktu\u00e1ln\u00ed situaci a procesy, co se t\u00fd\u010de zaji\u0161\u0165ov\u00e1n\u00ed m\u00edstn\u00edch z\u00e1le\u017eitost\u00ed ve\u0159ejn\u00e9ho po\u0159\u00e1dku, t\u00fdkaj\u00edc\u00ed se \u0160v\u00fdcarska, zem\u011b, kter\u00e1 je v obecn\u00e9m diskursu ch\u00e1p\u00e1na jako ur\u010dit\u00e1 o\u00e1za klidu v rozbou\u0159en\u00e9 Evrop\u011b. Co se t\u00fd\u010de soust\u0159ed\u011bn\u00fdch dat o kanton\u00e1ln\u00edch, region\u00e1ln\u00edch a obecn\u00edch slo\u017ek\u00e1ch ve \u0160v\u00fdcarsku, v\u00a0tuzemsk\u00e9m prost\u0159ed\u00ed autor nena\u0161el obdobnou aktu\u00e1ln\u00ed studii. Plasti\u010dnosti p\u0159\u00edsp\u011bvku pak dodaj\u00ed dal\u0161\u00ed p\u0159\u00edlohy (ilustrace, tabulky, infografika).<\/p>\n<p><strong>Kl\u00ed\u010dov\u00e1 slova: <\/strong>\u0160v\u00fdcarsko, m\u00edstn\u00ed z\u00e1le\u017eitosti ve\u0159ejn\u00e9ho po\u0159\u00e1dku, reformy, decentralizace, trendy<\/p>\n<hr \/>\n<p><a href=\"https:\/\/veda.polac.cz\/?page_id=6081\">Zp\u011bt<\/a><\/p>\n","protected":false},"excerpt":{"rendered":"<p>Resum\u00e9 \u010dl\u00e1nku \u0160v\u00fdcarsko a procesy decentralizace a centralizace ve vztahu k\u00a0zaji\u0161\u0165ov\u00e1n\u00ed m\u00edstn\u00edch z\u00e1le\u017eitost\u00ed ve\u0159ejn\u00e9ho po\u0159\u00e1dku doc. Mgr. Old\u0159ich Krul\u00edk, Ph.D., Policejn\u00ed akademie \u010cesk\u00e9 republiky v\u00a0Praze, Fakulta bezpe\u010dnostn\u00edho managementu, katedra krizov\u00e9ho \u0159\u00edzen\u00ed P\u0159\u00edsp\u011bvek si neklade p\u0159\u00edli\u0161n\u00e9 akademick\u00e9 nebo v\u011bdeck\u00e9 ambice, ale sna\u017e\u00ed se dom\u00e1c\u00edmu publiku p\u0159ibl\u00ed\u017eit aktu\u00e1ln\u00ed situaci a procesy, co se t\u00fd\u010de zaji\u0161\u0165ov\u00e1n\u00ed m\u00edstn\u00edch z\u00e1le\u017eitost\u00ed [&hellip;]<\/p>\n","protected":false},"author":6,"featured_media":0,"parent":0,"menu_order":0,"comment_status":"closed","ping_status":"closed","template":"","meta":{"footnotes":""},"class_list":["post-6110","page","type-page","status-publish","hentry"],"_links":{"self":[{"href":"https:\/\/veda.polac.cz\/index.php?rest_route=\/wp\/v2\/pages\/6110","targetHints":{"allow":["GET"]}}],"collection":[{"href":"https:\/\/veda.polac.cz\/index.php?rest_route=\/wp\/v2\/pages"}],"about":[{"href":"https:\/\/veda.polac.cz\/index.php?rest_route=\/wp\/v2\/types\/page"}],"author":[{"embeddable":true,"href":"https:\/\/veda.polac.cz\/index.php?rest_route=\/wp\/v2\/users\/6"}],"replies":[{"embeddable":true,"href":"https:\/\/veda.polac.cz\/index.php?rest_route=%2Fwp%2Fv2%2Fcomments&post=6110"}],"version-history":[{"count":1,"href":"https:\/\/veda.polac.cz\/index.php?rest_route=\/wp\/v2\/pages\/6110\/revisions"}],"predecessor-version":[{"id":6111,"href":"https:\/\/veda.polac.cz\/index.php?rest_route=\/wp\/v2\/pages\/6110\/revisions\/6111"}],"wp:attachment":[{"href":"https:\/\/veda.polac.cz\/index.php?rest_route=%2Fwp%2Fv2%2Fmedia&parent=6110"}],"curies":[{"name":"wp","href":"https:\/\/api.w.org\/{rel}","templated":true}]}}