{"id":6107,"date":"2020-08-27T13:05:23","date_gmt":"2020-08-27T13:05:23","guid":{"rendered":"http:\/\/veda.polac.cz\/?page_id=6107"},"modified":"2020-08-27T13:05:23","modified_gmt":"2020-08-27T13:05:23","slug":"6107-2","status":"publish","type":"page","link":"https:\/\/veda.polac.cz\/?page_id=6107","title":{"rendered":""},"content":{"rendered":"<p style=\"text-align: center;\">Resum\u00e9 \u010dl\u00e1nku<\/p>\n<p><strong>Vyt\u011b\u017eov\u00e1n\u00ed a lokalizace t\u00eds\u0148ov\u00fdch vol\u00e1n\u00ed<\/strong><\/p>\n<p><em>mjr. PhDr. Mgr. Miroslav Matou\u0161, Policejn\u00ed akademie \u010cesk\u00e9 republiky v\u00a0Praze,<\/em><br \/>\n<em>Fakulta bezpe\u010dnostn\u00edho managementu, katedra krizov\u00e9ho \u0159\u00edzen\u00ed<\/em><\/p>\n<p>Motivem pro zpracov\u00e1n\u00ed tohoto \u010dl\u00e1nku bylo stru\u010dn\u011b popsat c\u00edl a zp\u016fsob vyt\u011b\u017eov\u00e1n\u00ed hovor\u016f na t\u00eds\u0148ov\u00fdch link\u00e1ch, a d\u00e1le zachytit podstatu lokalizace polohy vol\u00e1n\u00ed. T\u00e9ma je \u00favodem do problematiky vol\u00e1n\u00ed na t\u00eds\u0148ov\u00e9 linky v kontextu v\u011bdn\u00edho oboru kriminalistiky. Jedn\u00e1 o prost\u0159ed\u00ed, kter\u00e9 m\u016f\u017ee b\u00fdt vyu\u017e\u00edv\u00e1no, vedle sv\u00e9ho prim\u00e1rn\u00edho \u00fa\u010delu jako prost\u0159edku k poskytnut\u00ed pomoci v nouzov\u00fdch situac\u00edch, i pro deliktn\u00ed jedn\u00e1n\u00ed nap\u0159\u00edklad v podob\u011b zlomysln\u00fdch vol\u00e1n\u00ed. Z\u00e1va\u017en\u00fdmi \u010diny jsou v\u00fdhru\u017eky, jejich\u017e adres\u00e1ty jsou \u010dasto nez\u00fa\u010dastn\u011bn\u00e9 osoby. I z t\u011bchto d\u016fvod\u016f je nutn\u00e9 tyto vol\u00e1n\u00ed efektivn\u011b vyt\u011b\u017eit, lokalizovat a zachytit v podob\u011b audioz\u00e1znamu. T\u00eds\u0148ov\u00e9 linky tak lze v t\u00e9to souvislosti pova\u017eovat za m\u00edsto \u010dinu. Telefonn\u00ed p\u0159\u00edstroje jsou pak n\u00e1strojem k\u00a0ozn\u00e1men\u00ed o proveden\u00ed \u010dinu nebo o jeho \u00famyslu. Vyt\u011b\u017eov\u00e1n\u00ed hovoru lze sv\u00fdm zp\u016fsobem pova\u017eovat za formu v\u00fdslechu, nebo\u0165 se jedn\u00e1 o \u0159\u00edzen\u00fd rozhovor, kter\u00fd m\u00e1 zcela jasn\u00fd c\u00edl a nastaven\u00e1 pravidla. Je v\u0161ak nutn\u00e9 konstatovat, \u017ee prob\u00edh\u00e1 ve zcela odli\u0161n\u00e9m anonymn\u00edm prost\u0159ed\u00ed s\u00a0omezen\u00fdmi n\u00e1stroji. Volaj\u00edc\u00edmi mohou b\u00fdt jak osoby s psychick\u00fdmi probl\u00e9my, tak i\u00a0velmi inteligentn\u00ed pachatel\u00e9 s p\u0159edem rozmy\u0161len\u00fdmi souvislostmi a d\u016fsledky sv\u00e9ho jedn\u00e1n\u00ed. Sd\u011blen\u00ed je \u010dasto velmi stru\u010dn\u00e9, obsahuj\u00edc\u00ed nejasn\u00e9 nebo smy\u0161len\u00e9 informace, nebo\u0165 odhalen\u00ed nen\u00ed v jejich z\u00e1jmu.<\/p>\n<p><strong>Kl\u00ed\u010dov\u00e1 slova:<\/strong> t\u00eds\u0148ov\u00e9 vol\u00e1n\u00ed, pracovi\u0161t\u011b pro p\u0159\u00edjem t\u00eds\u0148ov\u00e9ho vol\u00e1n\u00ed, zlomysln\u00e9 t\u00eds\u0148ov\u00e9 vol\u00e1n\u00ed, zneu\u017e\u00edv\u00e1n\u00ed t\u00eds\u0148ov\u00fdch vol\u00e1n\u00ed, ozn\u00e1men\u00ed v\u00fdhru\u017eky, lokalizace polohy vol\u00e1n\u00ed, vyt\u011b\u017eov\u00e1n\u00ed vol\u00e1n\u00ed, trestn\u00e1 \u010dinnost, v\u00fdslech, vy\u0161et\u0159ov\u00e1n\u00ed, identifikace, poskytnut\u00ed d\u016fkaz\u016f.<\/p>\n<hr \/>\n<p><a href=\"https:\/\/veda.polac.cz\/?page_id=6081\">Zp\u011bt<\/a><\/p>\n","protected":false},"excerpt":{"rendered":"<p>Resum\u00e9 \u010dl\u00e1nku Vyt\u011b\u017eov\u00e1n\u00ed a lokalizace t\u00eds\u0148ov\u00fdch vol\u00e1n\u00ed mjr. PhDr. Mgr. Miroslav Matou\u0161, Policejn\u00ed akademie \u010cesk\u00e9 republiky v\u00a0Praze, Fakulta bezpe\u010dnostn\u00edho managementu, katedra krizov\u00e9ho \u0159\u00edzen\u00ed Motivem pro zpracov\u00e1n\u00ed tohoto \u010dl\u00e1nku bylo stru\u010dn\u011b popsat c\u00edl a zp\u016fsob vyt\u011b\u017eov\u00e1n\u00ed hovor\u016f na t\u00eds\u0148ov\u00fdch link\u00e1ch, a d\u00e1le zachytit podstatu lokalizace polohy vol\u00e1n\u00ed. T\u00e9ma je \u00favodem do problematiky vol\u00e1n\u00ed na t\u00eds\u0148ov\u00e9 linky [&hellip;]<\/p>\n","protected":false},"author":6,"featured_media":0,"parent":0,"menu_order":0,"comment_status":"closed","ping_status":"closed","template":"","meta":{"footnotes":""},"class_list":["post-6107","page","type-page","status-publish","hentry"],"_links":{"self":[{"href":"https:\/\/veda.polac.cz\/index.php?rest_route=\/wp\/v2\/pages\/6107","targetHints":{"allow":["GET"]}}],"collection":[{"href":"https:\/\/veda.polac.cz\/index.php?rest_route=\/wp\/v2\/pages"}],"about":[{"href":"https:\/\/veda.polac.cz\/index.php?rest_route=\/wp\/v2\/types\/page"}],"author":[{"embeddable":true,"href":"https:\/\/veda.polac.cz\/index.php?rest_route=\/wp\/v2\/users\/6"}],"replies":[{"embeddable":true,"href":"https:\/\/veda.polac.cz\/index.php?rest_route=%2Fwp%2Fv2%2Fcomments&post=6107"}],"version-history":[{"count":1,"href":"https:\/\/veda.polac.cz\/index.php?rest_route=\/wp\/v2\/pages\/6107\/revisions"}],"predecessor-version":[{"id":6108,"href":"https:\/\/veda.polac.cz\/index.php?rest_route=\/wp\/v2\/pages\/6107\/revisions\/6108"}],"wp:attachment":[{"href":"https:\/\/veda.polac.cz\/index.php?rest_route=%2Fwp%2Fv2%2Fmedia&parent=6107"}],"curies":[{"name":"wp","href":"https:\/\/api.w.org\/{rel}","templated":true}]}}