{"id":6081,"date":"2020-08-27T10:05:16","date_gmt":"2020-08-27T10:05:16","guid":{"rendered":"http:\/\/veda.polac.cz\/?page_id=6081"},"modified":"2020-09-10T12:59:38","modified_gmt":"2020-09-10T12:59:38","slug":"02-2020","status":"publish","type":"page","link":"https:\/\/veda.polac.cz\/?page_id=6081","title":{"rendered":"02\/2020"},"content":{"rendered":"<p><a href=\"https:\/\/veda.polac.cz\/?page_id=6097\"><strong>Posuzov\u00e1n\u00ed symboliky krimin\u00e1ln\u00edho tetov\u00e1n\u00ed z\u00a0pohledu celkov\u00e9 d\u00e9lky praxe respondent\u016f v\u00fdb\u011brov\u00e9ho souboru<\/strong><\/a><strong><br \/>\n<\/strong>Mgr. Ond\u0159ej Kol\u00e1\u0159, Policejn\u00ed akademie \u010cesk\u00e9 republiky v\u00a0Praze,<br \/>\nFakulta bezpe\u010dnostn\u00edho managementu, katedra bezpe\u010dnostn\u00edch studi\u00ed<br \/>\nDr. Zden\u011bk Kova\u0159\u00edk, CSc., Policejn\u00ed akademie \u010cesk\u00e9 republiky v\u00a0Praze,<br \/>\nodd\u011blen\u00ed v\u011bdy a v\u00fdzkumu<\/p>\n<p><a href=\"https:\/\/veda.polac.cz\/wp-content\/uploads\/2020\/09\/Posuzovani-symboliky-kriminalniho-tetovani-z-pohledu-celkove-delky-praxe-respondentu-vyberoveho-souboru.pdf\" target=\"_blank\" rel=\"noopener noreferrer\">pdf format<\/a><\/p>\n<hr \/>\n<p><a href=\"https:\/\/veda.polac.cz\/?page_id=6101\"><strong>Vybran\u00e9 aspekty omezen\u00ed pr\u00e1va na informace I<\/strong><\/a><br \/>\nJUDr. Tereza Jon\u00e1kov\u00e1, Policejn\u00ed akademie \u010cesk\u00e9 republiky v\u00a0Praze,<br \/>\nFakulta bezpe\u010dnostn\u00edho managementu, katedra ve\u0159ejnopr\u00e1vn\u00edch discipl\u00edn<\/p>\n<p><a href=\"https:\/\/veda.polac.cz\/wp-content\/uploads\/2020\/09\/Vybrane-aspekty-omezeni-prava-na-informace-I.pdf\" target=\"_blank\" rel=\"noopener noreferrer\">pdf format<\/a><em><br \/>\n<\/em><\/p>\n<hr \/>\n<p><a href=\"https:\/\/veda.polac.cz\/?page_id=6104\"><strong>Reflexe struktur\u00e1ln\u011b-politick\u00fdch podm\u00ednek v\u00a0ideologii a\u00a0praktick\u00e9m p\u016fsoben\u00ed islamistick\u00fdch skupin \u2013 tzv. Isl\u00e1msk\u00fd st\u00e1t a\u00a0al-K\u00e1ida<\/strong><\/a><br \/>\nMgr. Kate\u0159ina \u0160upov\u00e1, Univerzita Karlova, Filozofick\u00e1 fakulta, \u00dastav politologie<\/p>\n<p><a href=\"https:\/\/veda.polac.cz\/wp-content\/uploads\/2020\/09\/Reflexe-strukturalne-politickych-podminek-v-ideologii-a-praktickem-pusobeni-islamistickych-skupin-\u2013-tzv.-Islamsky-stat-a-al-Kaida.pdf\" target=\"_blank\" rel=\"noopener noreferrer\">pdf format<\/a><\/p>\n<hr \/>\n<p><a href=\"https:\/\/veda.polac.cz\/?page_id=6107\"><strong>Vyt\u011b\u017eov\u00e1n\u00ed a lokalizace t\u00eds\u0148ov\u00fdch vol\u00e1n\u00ed<\/strong><\/a><br \/>\nmjr. PhDr. Mgr. Miroslav Matou\u0161, Policejn\u00ed akademie \u010cesk\u00e9 republiky v\u00a0Praze,<br \/>\nFakulta bezpe\u010dnostn\u00edho managementu, katedra krizov\u00e9ho \u0159\u00edzen\u00ed<\/p>\n<p><a href=\"https:\/\/veda.polac.cz\/wp-content\/uploads\/2020\/09\/Vytezovani-a-lokalizace-tisnovych-volani.pdf\" target=\"_blank\" rel=\"noopener noreferrer\">pdf format<\/a><\/p>\n<hr \/>\n<p><a href=\"https:\/\/veda.polac.cz\/?page_id=6110\"><strong>\u0160v\u00fdcarsko a procesy decentralizace a centralizace ve vztahu k\u00a0zaji\u0161\u0165ov\u00e1n\u00ed m\u00edstn\u00edch z\u00e1le\u017eitost\u00ed ve\u0159ejn\u00e9ho po\u0159\u00e1dku<\/strong><\/a><br \/>\ndoc. Mgr. Old\u0159ich Krul\u00edk, Ph.D., Policejn\u00ed akademie \u010cesk\u00e9 republiky v\u00a0Praze,<br \/>\nFakulta bezpe\u010dnostn\u00edho managementu, katedra krizov\u00e9ho \u0159\u00edzen\u00ed<\/p>\n<p><a href=\"https:\/\/veda.polac.cz\/wp-content\/uploads\/2020\/09\/Svycarsko-a-procesy-decentralizace-a-centralizace-ve-vztahu-k-zajistovani-mistnich-zalezitosti-verejneho-poradku.pdf\" target=\"_blank\" rel=\"noopener noreferrer\">pdf format<\/a><\/p>\n<p><a href=\"https:\/\/veda.polac.cz\/wp-content\/uploads\/2020\/09\/Svycarsko-a-procesy-decentralizace-a-centralizace-ve-vztahu-k-zajistovani-mistnich-zalezitosti-verejneho-poradku-priloha.pdf\" target=\"_blank\" rel=\"noopener noreferrer\">pdf p\u0159\u00edloha<\/a><\/p>\n<hr \/>\n<p><a href=\"https:\/\/veda.polac.cz\/?page_id=6113\"><strong>Jsou \u010de\u0161t\u00ed policist\u00e9 p\u0159ipraveni na z\u00e1krok proti aktivn\u00edmu st\u0159elci?<\/strong><\/a><br \/>\nrada pplk. Mgr. Miloslav \u010cih\u00e1k, Policejn\u00ed akademie \u010cesk\u00e9 republiky v\u00a0Praze,<br \/>\nFakulta bezpe\u010dnostn\u011b pr\u00e1vn\u00ed, katedra policejn\u00edch \u010dinnost\u00ed<br \/>\ninspektor prap. David Slab\u00fd, Krajsk\u00e9 \u0159editelstv\u00ed Policie \u010cesk\u00e9 republiky kraje Vyso\u010dina<\/p>\n<p><a href=\"https:\/\/veda.polac.cz\/wp-content\/uploads\/2020\/09\/Jsou-cesti-policiste-pripraveni-na-zakrok.pdf\" target=\"_blank\" rel=\"noopener noreferrer\">pdf format<\/a><\/p>\n<hr \/>\n<p><a href=\"https:\/\/veda.polac.cz\/?page_id=6116\"><strong>Specifick\u00e9 aspekty p\u0159ed\u0161et\u0159ov\u00e1n\u00ed p\u0159estupk\u016f sp\u00e1chan\u00fdch v\u00a0prost\u0159ed\u00ed Internetu<\/strong><\/a><br \/>\ndoc. JUDr. PhDr. Zden\u011bk Fiala, Ph.D., Policejn\u00ed akademie \u010cesk\u00e9 republiky v\u00a0Praze, Fakulta bezpe\u010dnostn\u00edho managementu, katedra ve\u0159ejnopr\u00e1vn\u00edch discipl\u00edn<br \/>\nMgr. Marek Pa\u010dmag, MBA, Policie \u010cesk\u00e9 republiky<\/p>\n<p><a href=\"https:\/\/veda.polac.cz\/wp-content\/uploads\/2020\/09\/Specificke-aspekty-predsetrovani-prestupku-spachanych-v-prostredi-Internetu.pdf\" target=\"_blank\" rel=\"noopener noreferrer\">pdf format<\/a><\/p>\n<hr \/>\n<p><strong>Koronavirov\u00e1 krize jako Ud\u00e1lost<\/strong><br \/>\nPhDr. Petr Nesvadba, CSc., Policejn\u00ed akademie \u010cesk\u00e9 republiky v\u00a0Praze,<br \/>\nFakulta bezpe\u010dnostn\u00edho managementu, katedra spole\u010densk\u00fdch v\u011bd<\/p>\n<p><a href=\"https:\/\/veda.polac.cz\/wp-content\/uploads\/2020\/09\/Koronavirova-krize-jako-Udalost.pdf\" target=\"_blank\" rel=\"noopener noreferrer\">pdf format<\/a><\/p>\n<hr \/>\n","protected":false},"excerpt":{"rendered":"<p>Posuzov\u00e1n\u00ed symboliky krimin\u00e1ln\u00edho tetov\u00e1n\u00ed z\u00a0pohledu celkov\u00e9 d\u00e9lky praxe respondent\u016f v\u00fdb\u011brov\u00e9ho souboru Mgr. Ond\u0159ej Kol\u00e1\u0159, Policejn\u00ed akademie \u010cesk\u00e9 republiky v\u00a0Praze, Fakulta bezpe\u010dnostn\u00edho managementu, katedra bezpe\u010dnostn\u00edch studi\u00ed Dr. Zden\u011bk Kova\u0159\u00edk, CSc., Policejn\u00ed akademie \u010cesk\u00e9 republiky v\u00a0Praze, odd\u011blen\u00ed v\u011bdy a v\u00fdzkumu pdf format Vybran\u00e9 aspekty omezen\u00ed pr\u00e1va na informace I JUDr. Tereza Jon\u00e1kov\u00e1, Policejn\u00ed akademie \u010cesk\u00e9 republiky v\u00a0Praze, [&hellip;]<\/p>\n","protected":false},"author":6,"featured_media":0,"parent":0,"menu_order":0,"comment_status":"closed","ping_status":"closed","template":"","meta":{"footnotes":""},"class_list":["post-6081","page","type-page","status-publish","hentry"],"_links":{"self":[{"href":"https:\/\/veda.polac.cz\/index.php?rest_route=\/wp\/v2\/pages\/6081","targetHints":{"allow":["GET"]}}],"collection":[{"href":"https:\/\/veda.polac.cz\/index.php?rest_route=\/wp\/v2\/pages"}],"about":[{"href":"https:\/\/veda.polac.cz\/index.php?rest_route=\/wp\/v2\/types\/page"}],"author":[{"embeddable":true,"href":"https:\/\/veda.polac.cz\/index.php?rest_route=\/wp\/v2\/users\/6"}],"replies":[{"embeddable":true,"href":"https:\/\/veda.polac.cz\/index.php?rest_route=%2Fwp%2Fv2%2Fcomments&post=6081"}],"version-history":[{"count":15,"href":"https:\/\/veda.polac.cz\/index.php?rest_route=\/wp\/v2\/pages\/6081\/revisions"}],"predecessor-version":[{"id":6158,"href":"https:\/\/veda.polac.cz\/index.php?rest_route=\/wp\/v2\/pages\/6081\/revisions\/6158"}],"wp:attachment":[{"href":"https:\/\/veda.polac.cz\/index.php?rest_route=%2Fwp%2Fv2%2Fmedia&parent=6081"}],"curies":[{"name":"wp","href":"https:\/\/api.w.org\/{rel}","templated":true}]}}