{"id":6029,"date":"2020-04-15T07:58:11","date_gmt":"2020-04-15T07:58:11","guid":{"rendered":"http:\/\/veda.polac.cz\/?page_id=6029"},"modified":"2020-04-15T07:58:12","modified_gmt":"2020-04-15T07:58:12","slug":"6029-2","status":"publish","type":"page","link":"https:\/\/veda.polac.cz\/?page_id=6029","title":{"rendered":""},"content":{"rendered":"<p style=\"text-align: center;\">Resum\u00e9 \u010dl\u00e1nku<\/p>\n<p><strong>Absence p\u0159echodov\u00fdch ritu\u00e1l\u016f jako rizikov\u00fd faktor modern\u00ed spole\u010dnosti<\/strong><\/p>\n<p><em>PhDr. Petr Nesvadba, CSc., doc. JUDr. Mgr. Jo\u017ea Spurn\u00fd, Ph.D., Policejn\u00ed akademie \u010cesk\u00e9 republiky v\u00a0Praze, Fakulta bezpe\u010dnostn\u00edho managementu, katedra spole\u010densk\u00fdch v\u011bd<\/em><br \/>\n<em>PhDr. Mgr. Luk\u00e1\u0161 Urban, Ph.D., Policejn\u00ed akademie \u010cesk\u00e9 republiky v\u00a0Praze, Fakulta bezpe\u010dnostn\u00edho managementu, katedra bezpe\u010dnostn\u00edch studi\u00ed<\/em><\/p>\n<p>Auto\u0159i se ve sv\u00e9m pojedn\u00e1n\u00ed zam\u011b\u0159uj\u00ed na problematiku absence \u010di zkarikov\u00e1n\u00ed p\u0159echodov\u00fdch ritu\u00e1l\u016f v soudob\u00e9 (z\u00e1padn\u00ed) spole\u010dnosti a na mo\u017en\u00e1 rizika s t\u00edm spjat\u00e1. V\u00a0prv\u00e9 \u010d\u00e1sti p\u0159ibli\u017euj\u00ed \u010dten\u00e1\u0159i strukturu i smysl p\u0159echodov\u00fdch ritu\u00e1l\u016f v tradi\u010dn\u00ed spole\u010dnosti, pot\u00e9 p\u0159edkl\u00e1daj\u00ed ur\u010duj\u00edc\u00ed kulturn\u011b-soci\u00e1ln\u00ed charakteristiky na\u0161\u00ed spole\u010densk\u00e9 sou\u010dasnosti; p\u0159i popisech fragmentarizace soci\u00e1ln\u00edho prostoru a \u010dasu vyu\u017e\u00edvaj\u00ed poznatk\u016f sociologick\u00fdch, filosofick\u00fdch i politologick\u00fdch. D\u00e1le identifikuj\u00ed pal\u010div\u00fd probl\u00e9m nejist\u00e9 identity (post)modern\u00edho \u010dlov\u011bka a jeho rozporupln\u00e9ho hled\u00e1n\u00ed legitimity pro ur\u010dit\u00e9 podoby sv\u00e9ho chov\u00e1n\u00ed a jedn\u00e1n\u00ed; zv\u00fd\u0161enou pozornost v\u011bnuj\u00ed identit\u00e1rn\u00ed krizi a pocitu vyko\u0159en\u011bn\u00ed dosp\u00edvaj\u00edc\u00edch. Kladou ot\u00e1zku, zda absence p\u0159echodov\u00fdch ritu\u00e1l\u016f nen\u00ed rovn\u011b\u017e jedn\u00edm z ko\u0159en\u016f infantilizace Z\u00e1padu a\u00a0radikalizace \u010di extremizace jeho ml\u00e1d\u00ed, a na podklad\u011b studia soudob\u00fdch autor\u016f z\u00a0oblasti spole\u010densk\u00fdch, ale i\u00a0p\u0159\u00edrodn\u00edch v\u011bd se pokou\u0161ej\u00ed iniciovat diskusi na toto t\u00e9ma. Jedn\u00edm z p\u0159\u00ednos\u016f \u010dl\u00e1nku je jeho transdisciplin\u00e1rn\u00ed charakter a formulace probl\u00e9m\u016f pro dal\u0161\u00ed badatelskou iniciativu.<\/p>\n<p><strong>Kl\u00ed\u010dov\u00e1 slova<\/strong>: P\u0159echodov\u00e9 ritu\u00e1ly, skupinov\u00e1 identita, soci\u00e1ln\u00ed \u010das, soci\u00e1ln\u00ed prostor, soudob\u00e1 spole\u010dnost, tradi\u010dn\u00ed spole\u010dnost, zku\u0161enost.<\/p>\n<hr \/>\n<p><a href=\"https:\/\/veda.polac.cz\/?page_id=6004\">Zp\u011bt<\/a><\/p>\n","protected":false},"excerpt":{"rendered":"<p>Resum\u00e9 \u010dl\u00e1nku Absence p\u0159echodov\u00fdch ritu\u00e1l\u016f jako rizikov\u00fd faktor modern\u00ed spole\u010dnosti PhDr. Petr Nesvadba, CSc., doc. JUDr. Mgr. Jo\u017ea Spurn\u00fd, Ph.D., Policejn\u00ed akademie \u010cesk\u00e9 republiky v\u00a0Praze, Fakulta bezpe\u010dnostn\u00edho managementu, katedra spole\u010densk\u00fdch v\u011bd PhDr. Mgr. Luk\u00e1\u0161 Urban, Ph.D., Policejn\u00ed akademie \u010cesk\u00e9 republiky v\u00a0Praze, Fakulta bezpe\u010dnostn\u00edho managementu, katedra bezpe\u010dnostn\u00edch studi\u00ed Auto\u0159i se ve sv\u00e9m pojedn\u00e1n\u00ed zam\u011b\u0159uj\u00ed na problematiku [&hellip;]<\/p>\n","protected":false},"author":6,"featured_media":0,"parent":0,"menu_order":0,"comment_status":"closed","ping_status":"closed","template":"","meta":{"footnotes":""},"class_list":["post-6029","page","type-page","status-publish","hentry"],"_links":{"self":[{"href":"https:\/\/veda.polac.cz\/index.php?rest_route=\/wp\/v2\/pages\/6029","targetHints":{"allow":["GET"]}}],"collection":[{"href":"https:\/\/veda.polac.cz\/index.php?rest_route=\/wp\/v2\/pages"}],"about":[{"href":"https:\/\/veda.polac.cz\/index.php?rest_route=\/wp\/v2\/types\/page"}],"author":[{"embeddable":true,"href":"https:\/\/veda.polac.cz\/index.php?rest_route=\/wp\/v2\/users\/6"}],"replies":[{"embeddable":true,"href":"https:\/\/veda.polac.cz\/index.php?rest_route=%2Fwp%2Fv2%2Fcomments&post=6029"}],"version-history":[{"count":1,"href":"https:\/\/veda.polac.cz\/index.php?rest_route=\/wp\/v2\/pages\/6029\/revisions"}],"predecessor-version":[{"id":6030,"href":"https:\/\/veda.polac.cz\/index.php?rest_route=\/wp\/v2\/pages\/6029\/revisions\/6030"}],"wp:attachment":[{"href":"https:\/\/veda.polac.cz\/index.php?rest_route=%2Fwp%2Fv2%2Fmedia&parent=6029"}],"curies":[{"name":"wp","href":"https:\/\/api.w.org\/{rel}","templated":true}]}}