{"id":5894,"date":"2020-01-22T11:45:02","date_gmt":"2020-01-22T11:45:02","guid":{"rendered":"http:\/\/veda.polac.cz\/?page_id=5894"},"modified":"2020-01-22T11:45:02","modified_gmt":"2020-01-22T11:45:02","slug":"5894-2","status":"publish","type":"page","link":"https:\/\/veda.polac.cz\/?page_id=5894","title":{"rendered":"<!--04\/19 Fenom\u00e9n rovnov\u00e1hy a mezn\u00edch stav\u016f v bezpe\u010dnostn\u00edch v\u011bd\u00e1ch-->"},"content":{"rendered":"<p><strong>Fenom\u00e9n rovnov\u00e1hy a mezn\u00edch stav\u016f v bezpe\u010dnostn\u00edch v\u011bd\u00e1ch<\/strong><\/p>\n<p><em>prof. Ing. Rom<\/em><em>an Rak, PhD., Iris Ident, s.r.o., Praha<\/em><\/p>\n<p>Ot\u00e1zka rovnov\u00e1hy a mezn\u00edch stav\u016f v syst\u00e9mov\u00e9m p\u0159\u00edstupu k \u0159\u00edzen\u00ed bezpe\u010dnosti v obecn\u00e9m slova smyslu nebyla v praxi \u0161iroce vyu\u017e\u00edv\u00e1na, alespo\u0148 prozat\u00edm. Mezn\u00ed stavy jsou odborn\u00edk\u016fm a konstrukt\u00e9r\u016fm dob\u0159e zn\u00e1my, zejm\u00e9na v oblasti in\u017een\u00fdrsk\u00fdch \u010dinnost\u00ed, ve stavebnictv\u00ed, ve stroj\u00edrenstv\u00ed, v energetice, doprav\u011b atd. Znalost mezn\u00edch stav\u016f v\u0161ak m\u016f\u017ee b\u00fdt ve skute\u010dnosti aplikov\u00e1na na jak\u00fdkoli objekt, pokud zva\u017eujeme jeho specifick\u00e9 vlastnosti. Nemus\u00ed to b\u00fdt nutn\u011b pouze v\u00fdrobky. Teorie mezn\u00edch stav\u016f je aplikovateln\u00e1 tak\u00e9 na spole\u010densk\u00e9,<a href=\"#_ftn1\" name=\"_ftnref1\"><strong>[1]<\/strong><\/a> p\u0159\u00edrodn\u00ed a bezpe\u010dnostn\u00ed v\u011bdy.<a href=\"#_ftn2\" name=\"_ftnref2\"><strong>[2]<\/strong><\/a>,<a href=\"#_ftn3\" name=\"_ftnref3\"><strong>[3]<\/strong><\/a> P\u0159ekon\u00e1v\u00e1n\u00ed mezn\u00edch stav\u016f je v podstat\u011b ztr\u00e1ta stability (u technick\u00fdch i lidsk\u00fdch objekt\u016f, proces\u016f a syst\u00e9m\u016f) a v d\u016fsledku b\u011b\u017enou p\u0159\u00ed\u010dinou r\u016fzn\u00fdch mimo\u0159\u00e1dn\u00fdch ud\u00e1lost\u00ed, nehod nebo, v glob\u00e1ln\u011bj\u0161\u00ed perspektiv\u011b, r\u016fzn\u00fdch technick\u00fdch, soci\u00e1ln\u00edch nebo p\u0159\u00edrodn\u00edch katastrof.<\/p>\n<p><strong>Kl\u00ed\u010dov\u00e1 slova: <\/strong>Rovnov\u00e1ha, rovnov\u00e1\u017en\u00fd stav, rovnov\u00e1ha sil, stabilita.<\/p>\n<p><a href=\"#_ftnref1\" name=\"_ftn1\">[1]<\/a>\u00a0ROBINSON, J. A.; SNYDER, R. C. <em>Decision-making in International Politics<\/em>. In: Kelman, H.C. (ed.) International Behavior: A social-psychological Analysis, New York, 1965, pp. 435-463, 1965.<\/p>\n<p><a href=\"#_ftnref2\" name=\"_ftn2\">[2]<\/a>\u00a0ROUBAL, O. <em>Sociology of Branding: &#8222;Just do it&#8220; in the &#8222;No Limits&#8220; World<\/em>. Communication Today, FMK UCM Trnava: Faculty of masmedia communication of the University of St. Cyril and Metod, year. 8, No. 1, pp. 40-52., 2017. ISSN 1338-130X.<\/p>\n<p><a href=\"#_ftnref3\" name=\"_ftn3\">[3]<\/a>\u00a0ROUBAL, O. <em>The duality of hedonism in the ambivalent world of polarities<\/em>. European Journal of Science and Theology, Iasi: Technical University of Iasi, Year\u00a015, No.\u00a01, pp.\u00a0203-213, 2019. ISSN\u00a01841-0464.<\/p>\n<hr \/>\n<p><a href=\"https:\/\/veda.polac.cz\/?page_id=5879\">Zp\u011bt<\/a><\/p>\n","protected":false},"excerpt":{"rendered":"<p>Fenom\u00e9n rovnov\u00e1hy a mezn\u00edch stav\u016f v bezpe\u010dnostn\u00edch v\u011bd\u00e1ch prof. Ing. Roman Rak, PhD., Iris Ident, s.r.o., Praha Ot\u00e1zka rovnov\u00e1hy a mezn\u00edch stav\u016f v syst\u00e9mov\u00e9m p\u0159\u00edstupu k \u0159\u00edzen\u00ed bezpe\u010dnosti v obecn\u00e9m slova smyslu nebyla v praxi \u0161iroce vyu\u017e\u00edv\u00e1na, alespo\u0148 prozat\u00edm. Mezn\u00ed stavy jsou odborn\u00edk\u016fm a konstrukt\u00e9r\u016fm dob\u0159e zn\u00e1my, zejm\u00e9na v oblasti in\u017een\u00fdrsk\u00fdch \u010dinnost\u00ed, ve stavebnictv\u00ed, ve [&hellip;]<\/p>\n","protected":false},"author":6,"featured_media":0,"parent":0,"menu_order":0,"comment_status":"closed","ping_status":"closed","template":"","meta":{"footnotes":""},"class_list":["post-5894","page","type-page","status-publish","hentry"],"_links":{"self":[{"href":"https:\/\/veda.polac.cz\/index.php?rest_route=\/wp\/v2\/pages\/5894","targetHints":{"allow":["GET"]}}],"collection":[{"href":"https:\/\/veda.polac.cz\/index.php?rest_route=\/wp\/v2\/pages"}],"about":[{"href":"https:\/\/veda.polac.cz\/index.php?rest_route=\/wp\/v2\/types\/page"}],"author":[{"embeddable":true,"href":"https:\/\/veda.polac.cz\/index.php?rest_route=\/wp\/v2\/users\/6"}],"replies":[{"embeddable":true,"href":"https:\/\/veda.polac.cz\/index.php?rest_route=%2Fwp%2Fv2%2Fcomments&post=5894"}],"version-history":[{"count":1,"href":"https:\/\/veda.polac.cz\/index.php?rest_route=\/wp\/v2\/pages\/5894\/revisions"}],"predecessor-version":[{"id":5895,"href":"https:\/\/veda.polac.cz\/index.php?rest_route=\/wp\/v2\/pages\/5894\/revisions\/5895"}],"wp:attachment":[{"href":"https:\/\/veda.polac.cz\/index.php?rest_route=%2Fwp%2Fv2%2Fmedia&parent=5894"}],"curies":[{"name":"wp","href":"https:\/\/api.w.org\/{rel}","templated":true}]}}