{"id":5892,"date":"2020-01-22T11:40:46","date_gmt":"2020-01-22T11:40:46","guid":{"rendered":"http:\/\/veda.polac.cz\/?page_id=5892"},"modified":"2020-01-22T11:40:46","modified_gmt":"2020-01-22T11:40:46","slug":"5892-2","status":"publish","type":"page","link":"https:\/\/veda.polac.cz\/?page_id=5892","title":{"rendered":"<!--04\/19 Modelov\u00e1n\u00ed faktorov\u00e9 skladby bezpe\u010dnostn\u00edch hrozeb z pohledu \u010desk\u00fdch a slovensk\u00fdch respondent\u016f a expert\u016f \u010cR-->"},"content":{"rendered":"<p><strong>Modelov\u00e1n\u00ed faktorov\u00e9 skladby bezpe\u010dnostn\u00edch hrozeb z\u00a0pohledu \u010desk\u00fdch a\u00a0slovensk\u00fdch respondent\u016f a expert\u016f \u010cR<\/strong><br \/><em>PhDr. Jan Pa\u010fourek, Policejn\u00ed akademie \u010cesk\u00e9 republiky v\u00a0Praze, student doktorsk\u00e9ho studia<\/em><br \/><em>Dr. Zden\u011bk Kova\u0159\u00edk, CSc., Policejn\u00ed akademie \u010cesk\u00e9 republiky v\u00a0Praze, odd\u011blen\u00ed v\u011bdy a v\u00fdzkumu<\/em><\/p>\n<p>Studie navazuje na z\u00e1v\u011bry dvou empirick\u00fdch v\u00fdzkum\u016f, kter\u00e9 byly provedeny na Policejn\u00ed akademii \u010cR v\u00a0Praze autorsk\u00fdm kolektivem Bed\u0159icha \u0160est\u00e1ka, Zde\u0148ka Kova\u0159\u00edka, Lenky\u00a0Jakubcov\u00e9 (\u010cesk\u00e1 republika) a Vladim\u00edra Bla\u017eka (Slovensk\u00e1 republika). V\u00a0t\u00e9to studii jsme slou\u010dili v\u00fdsledky t\u0159\u00ed nez\u00e1visl\u00fdch empirick\u00fdch v\u00fdzkum\u016f &#8211; prvn\u00ed: (v\u00fdzkum v\u00a0\u010cR na 233 respondentech), druh\u00fd (v\u00fdzkum v\u00a0SR na 407 respondentech) a t\u0159et\u00ed (v\u00fdzkum s\u00a0experty BIS \u010cR na 57 respondentech), p\u0159i\u010dem\u017e n\u00e1mi realizovan\u00fd posledn\u00ed v\u00fdzkum p\u0159edstavoval dobrovoln\u00fd a anonymn\u00ed dotazn\u00edkov\u00fd v\u00fdzkum na p\u0159\u00edslu\u0161n\u00edc\u00edch centr\u00e1ln\u00ed analytiky Bezpe\u010dnostn\u00ed informa\u010dn\u00ed slu\u017eby. T\u00edm bylo dosa\u017eeno v\u011bt\u0161\u00edho zp\u0159esn\u011bn\u00ed faktorov\u00e9 skladby bezpe\u010dnostn\u00edch hrozeb, jej\u00ed\u017e p\u016fvodn\u00ed p\u011btifaktorov\u00e1 struktura se v\u0161ak nezm\u011bnila. Auto\u0159i stat\u011b ale navrhuj\u00ed \u00fapravu n\u00e1zvu druh\u00e9ho (migrace) a p\u00e1t\u00e9ho faktoru (energetika, suroviny, pr\u016fmysl), \u010d\u00edm\u017e by do\u0161lo k\u00a0zohledn\u011bn\u00ed kl\u00ed\u010dov\u00e9ho v\u00fdznamu hrozeb terorismu a ne\u017e\u00e1douc\u00edch zm\u011bn klimatu. Lze\u00a0konstatovat, \u017ee se nyn\u00ed p\u0159edkl\u00e1dan\u00e1 faktorov\u00e1 skladba jednotliv\u00fdch hrozeb jev\u00ed jako v\u00edce optim\u00e1ln\u00ed, i kdy\u017e hodnota regresivn\u00edch koeficient\u016f nen\u00ed pro \u010din\u011bn\u00ed z\u00e1v\u011br\u016f prim\u00e1rn\u00ed. Auto\u0159i tak\u00e9 poukazuj\u00ed na v\u00fdznam explora\u010dn\u00ed faktorov\u00e9 anal\u00fdzy p\u0159i redukci prom\u011bnn\u00fdch i v\u00a0oblasti uspo\u0159\u00e1d\u00e1n\u00ed skladby bezpe\u010dnostn\u00edch hrozeb. Doporu\u010duj\u00ed v\u00a0budoucnu vyu\u017e\u00edt konfirma\u010dn\u00ed faktorovou anal\u00fdzu p\u0159i z\u00e1sadn\u00edm roz\u0161\u00ed\u0159en\u00ed v\u00fdb\u011brov\u00e9ho souboru.<\/p>\n<p><strong>Kl\u00ed\u010dov\u00e1 slova: <\/strong>\u010cR, SR, explora\u010dn\u00ed faktorov\u00e1 anal\u00fdza, regression coefficient, security threats, faktorov\u00e1 skladba bezpe\u010dnostn\u00edch hrozeb.<\/p>\n<hr \/>\n<p><a href=\"https:\/\/veda.polac.cz\/?page_id=5879\">Zp\u011bt<\/a><\/p>\n\n\n<p><\/p>\n","protected":false},"excerpt":{"rendered":"<p>Modelov\u00e1n\u00ed faktorov\u00e9 skladby bezpe\u010dnostn\u00edch hrozeb z\u00a0pohledu \u010desk\u00fdch a\u00a0slovensk\u00fdch respondent\u016f a expert\u016f \u010cRPhDr. Jan Pa\u010fourek, Policejn\u00ed akademie \u010cesk\u00e9 republiky v\u00a0Praze, student doktorsk\u00e9ho studiaDr. Zden\u011bk Kova\u0159\u00edk, CSc., Policejn\u00ed akademie \u010cesk\u00e9 republiky v\u00a0Praze, odd\u011blen\u00ed v\u011bdy a v\u00fdzkumu Studie navazuje na z\u00e1v\u011bry dvou empirick\u00fdch v\u00fdzkum\u016f, kter\u00e9 byly provedeny na Policejn\u00ed akademii \u010cR v\u00a0Praze autorsk\u00fdm kolektivem Bed\u0159icha \u0160est\u00e1ka, Zde\u0148ka Kova\u0159\u00edka, [&hellip;]<\/p>\n","protected":false},"author":6,"featured_media":0,"parent":0,"menu_order":0,"comment_status":"closed","ping_status":"closed","template":"","meta":{"footnotes":""},"class_list":["post-5892","page","type-page","status-publish","hentry"],"_links":{"self":[{"href":"https:\/\/veda.polac.cz\/index.php?rest_route=\/wp\/v2\/pages\/5892","targetHints":{"allow":["GET"]}}],"collection":[{"href":"https:\/\/veda.polac.cz\/index.php?rest_route=\/wp\/v2\/pages"}],"about":[{"href":"https:\/\/veda.polac.cz\/index.php?rest_route=\/wp\/v2\/types\/page"}],"author":[{"embeddable":true,"href":"https:\/\/veda.polac.cz\/index.php?rest_route=\/wp\/v2\/users\/6"}],"replies":[{"embeddable":true,"href":"https:\/\/veda.polac.cz\/index.php?rest_route=%2Fwp%2Fv2%2Fcomments&post=5892"}],"version-history":[{"count":1,"href":"https:\/\/veda.polac.cz\/index.php?rest_route=\/wp\/v2\/pages\/5892\/revisions"}],"predecessor-version":[{"id":5893,"href":"https:\/\/veda.polac.cz\/index.php?rest_route=\/wp\/v2\/pages\/5892\/revisions\/5893"}],"wp:attachment":[{"href":"https:\/\/veda.polac.cz\/index.php?rest_route=%2Fwp%2Fv2%2Fmedia&parent=5892"}],"curies":[{"name":"wp","href":"https:\/\/api.w.org\/{rel}","templated":true}]}}