{"id":5888,"date":"2020-01-22T11:24:30","date_gmt":"2020-01-22T11:24:30","guid":{"rendered":"http:\/\/veda.polac.cz\/?page_id=5888"},"modified":"2020-01-22T11:24:30","modified_gmt":"2020-01-22T11:24:30","slug":"5888-2","status":"publish","type":"page","link":"https:\/\/veda.polac.cz\/?page_id=5888","title":{"rendered":"<!--04\/19 N\u00e1zory expert\u016f na vybran\u00e9 bezpe\u010dnostn\u00ed aspekty prevence a kontroly fotbalov\u00e9ho chulig\u00e1nstv\u00ed-->"},"content":{"rendered":"<p><strong>N\u00e1zory expert\u016f na vybran\u00e9 bezpe\u010dnostn\u00ed aspekty prevence a kontroly fotbalov\u00e9ho chulig\u00e1nstv\u00ed<\/strong><\/p>\n<p><em>JUDr. Petr Kou\u0159il, Policejn\u00ed akademie \u010cR v\u00a0Praze, student doktorsk\u00e9ho studia<\/em><br \/>\n<em>Dr. Zden\u011bk Kova\u0159\u00edk, CSc., Policejn\u00ed akademie \u010cesk\u00e9 republiky v\u00a0Praze, odd\u011blen\u00ed v\u011bdy a v\u00fdzkumu<\/em><\/p>\n<p>P\u0159edlo\u017een\u00fd \u010dl\u00e1nek prezentuje v\u00fdsledky empirick\u00e9ho v\u00fdzkumu proveden\u00e9ho v\u00a0leto\u0161n\u00edm roce s\u00a0experty v\u00a0oblasti prevence a kontroly fotbalov\u00e9ho chulig\u00e1nstv\u00ed. Z\u00fa\u010dastnilo se jej 163 expert\u016f z\u00a0\u0159ad policist\u016f, str\u00e1\u017en\u00edk\u016f obecn\u00ed policie, bezpe\u010dnostn\u00edch mana\u017eer\u016f fotbalov\u00fdch klub\u016f a technick\u00fdch deleg\u00e1t\u016f Ligov\u00e9 fotbalov\u00e9 asociace \u010cR. V\u00fdzkum byl zam\u011b\u0159en na subjektivn\u00ed posuzov\u00e1n\u00ed v\u00fdznamnosti vlivu vybran\u00fdch bezpe\u010dnostn\u00edch aspekt\u016f fotbalov\u00e9ho chulig\u00e1nstv\u00ed v\u00a0\u010cR ze strany dotazovan\u00fdch expert\u016f. Konkr\u00e9tn\u011b byla v\u00fdznamnost vlivu pro prevenci a\u00a0kontrolu fotbalov\u00e9ho chulig\u00e1nstv\u00ed zkoum\u00e1na u vyu\u017e\u00edvan\u00fdch sil, materi\u00e1ln\u011b-technick\u00fdch prost\u0159edk\u016f, organiza\u010dn\u00edch postup\u016f a strategi\u00ed a tak\u00e9 k \u00fa\u010dinnosti legislativn\u00edch n\u00e1stroj\u016f pro\u00a0prevenci a kontrolu fotbalov\u00e9ho chulig\u00e1nstv\u00ed.<\/p>\n<p><strong>Kl\u00ed\u010dov\u00e1 slova: <\/strong>Fotbalov\u00e9 chulig\u00e1nstv\u00ed, prevence a kontrola fotbalov\u00e9ho chulig\u00e1nstv\u00ed, Policie \u010cR, obecn\u00ed policie, bezpe\u010dnostn\u00ed mana\u017ee\u0159i, technick\u00fd deleg\u00e1t LFA, Fotbalov\u00e1 asociace \u010cR.<\/p>\n<hr \/>\n<p><a href=\"https:\/\/veda.polac.cz\/?page_id=5879\">Zp\u011bt<\/a><\/p>\n","protected":false},"excerpt":{"rendered":"<p>N\u00e1zory expert\u016f na vybran\u00e9 bezpe\u010dnostn\u00ed aspekty prevence a kontroly fotbalov\u00e9ho chulig\u00e1nstv\u00ed JUDr. Petr Kou\u0159il, Policejn\u00ed akademie \u010cR v\u00a0Praze, student doktorsk\u00e9ho studia Dr. Zden\u011bk Kova\u0159\u00edk, CSc., Policejn\u00ed akademie \u010cesk\u00e9 republiky v\u00a0Praze, odd\u011blen\u00ed v\u011bdy a v\u00fdzkumu P\u0159edlo\u017een\u00fd \u010dl\u00e1nek prezentuje v\u00fdsledky empirick\u00e9ho v\u00fdzkumu proveden\u00e9ho v\u00a0leto\u0161n\u00edm roce s\u00a0experty v\u00a0oblasti prevence a kontroly fotbalov\u00e9ho chulig\u00e1nstv\u00ed. Z\u00fa\u010dastnilo se jej 163 expert\u016f [&hellip;]<\/p>\n","protected":false},"author":6,"featured_media":0,"parent":0,"menu_order":0,"comment_status":"closed","ping_status":"closed","template":"","meta":{"footnotes":""},"class_list":["post-5888","page","type-page","status-publish","hentry"],"_links":{"self":[{"href":"https:\/\/veda.polac.cz\/index.php?rest_route=\/wp\/v2\/pages\/5888","targetHints":{"allow":["GET"]}}],"collection":[{"href":"https:\/\/veda.polac.cz\/index.php?rest_route=\/wp\/v2\/pages"}],"about":[{"href":"https:\/\/veda.polac.cz\/index.php?rest_route=\/wp\/v2\/types\/page"}],"author":[{"embeddable":true,"href":"https:\/\/veda.polac.cz\/index.php?rest_route=\/wp\/v2\/users\/6"}],"replies":[{"embeddable":true,"href":"https:\/\/veda.polac.cz\/index.php?rest_route=%2Fwp%2Fv2%2Fcomments&post=5888"}],"version-history":[{"count":1,"href":"https:\/\/veda.polac.cz\/index.php?rest_route=\/wp\/v2\/pages\/5888\/revisions"}],"predecessor-version":[{"id":5889,"href":"https:\/\/veda.polac.cz\/index.php?rest_route=\/wp\/v2\/pages\/5888\/revisions\/5889"}],"wp:attachment":[{"href":"https:\/\/veda.polac.cz\/index.php?rest_route=%2Fwp%2Fv2%2Fmedia&parent=5888"}],"curies":[{"name":"wp","href":"https:\/\/api.w.org\/{rel}","templated":true}]}}