{"id":576,"date":"2018-09-13T17:45:06","date_gmt":"2018-09-13T17:45:06","guid":{"rendered":"http:\/\/veda.polac.cz\/?page_id=576"},"modified":"2018-10-27T18:52:47","modified_gmt":"2018-10-27T18:52:47","slug":"1-2","status":"publish","type":"page","link":"https:\/\/veda.polac.cz\/?page_id=576","title":{"rendered":""},"content":{"rendered":"<p style=\"text-align: center;\">Resum\u00e9 \u010dl\u00e1nku<\/p>\n<p><strong>V\u00fdznam modu operandi a signatury pachatele p\u0159i vy\u0161et\u0159ov\u00e1n\u00ed sexu\u00e1ln\u00edch vra\u017ed a sexu\u00e1ln\u011b motivovan\u00fdch trestn\u00fdch \u010din\u016f<br \/>\n<\/strong><i>Mgr. Bc. Tom\u00e1\u0161 Nahodil, Obvodn\u00ed \u0159editelstv\u00ed policie Praha II, Slu\u017eba krimin\u00e1ln\u00ed policie a vy\u0161et\u0159ov\u00e1n\u00ed, Odbor obecn\u00e9 kriminality 2. odd\u011blen\u00ed objas\u0148ov\u00e1n\u00ed n\u00e1siln\u00e9 trestn\u00e9 \u010dinnosti, po\u017e\u00e1r\u016f a v\u00fdbuch\u016f<\/i><\/p>\n<p>P\u0159edkl\u00e1dan\u00fd p\u0159\u00edsp\u011bvek se zab\u00fdv\u00e1 vymezen\u00edm pojm\u016f modus operandi a prvk\u016f personalizace pachatele, zejm\u00e9na pak signatury pachatele a jeho ritu\u00e1ln\u00edho chov\u00e1n\u00ed, jejich vz\u00e1jemn\u00fdm odli\u0161en\u00edm a osv\u011btlen\u00edm jejich v\u00fdznamu p\u0159i vy\u0161et\u0159ov\u00e1n\u00ed zejm\u00e9na sexu\u00e1ln\u011b motivovan\u00fdch vra\u017ed a dal\u0161\u00edch sexu\u00e1ln\u011b motivovan\u00fdch n\u00e1siln\u00fdch trestn\u00fdch \u010din\u016f.<br \/>\n<strong>Kl\u00ed\u010dov\u00e1 slova:<\/strong>\u00a0modus operandi, personalizace pachatele, signatura, ritu\u00e1ln\u00ed chov\u00e1n\u00ed, od\u010din\u011bn\u00ed.<i><br \/>\n<\/i><\/p>\n<p><a href=\"https:\/\/veda.polac.cz\/?page_id=575\">01\/2016<\/a><\/p>\n","protected":false},"excerpt":{"rendered":"<p>Resum\u00e9 \u010dl\u00e1nku V\u00fdznam modu operandi a signatury pachatele p\u0159i vy\u0161et\u0159ov\u00e1n\u00ed sexu\u00e1ln\u00edch vra\u017ed a sexu\u00e1ln\u011b motivovan\u00fdch trestn\u00fdch \u010din\u016f Mgr. Bc. Tom\u00e1\u0161 Nahodil, Obvodn\u00ed \u0159editelstv\u00ed policie Praha II, Slu\u017eba krimin\u00e1ln\u00ed policie a vy\u0161et\u0159ov\u00e1n\u00ed, Odbor obecn\u00e9 kriminality 2. odd\u011blen\u00ed objas\u0148ov\u00e1n\u00ed n\u00e1siln\u00e9 trestn\u00e9 \u010dinnosti, po\u017e\u00e1r\u016f a v\u00fdbuch\u016f P\u0159edkl\u00e1dan\u00fd p\u0159\u00edsp\u011bvek se zab\u00fdv\u00e1 vymezen\u00edm pojm\u016f modus operandi a prvk\u016f personalizace pachatele, [&hellip;]<\/p>\n","protected":false},"author":2,"featured_media":0,"parent":575,"menu_order":1,"comment_status":"closed","ping_status":"closed","template":"","meta":{"footnotes":""},"class_list":["post-576","page","type-page","status-publish","hentry"],"_links":{"self":[{"href":"https:\/\/veda.polac.cz\/index.php?rest_route=\/wp\/v2\/pages\/576","targetHints":{"allow":["GET"]}}],"collection":[{"href":"https:\/\/veda.polac.cz\/index.php?rest_route=\/wp\/v2\/pages"}],"about":[{"href":"https:\/\/veda.polac.cz\/index.php?rest_route=\/wp\/v2\/types\/page"}],"author":[{"embeddable":true,"href":"https:\/\/veda.polac.cz\/index.php?rest_route=\/wp\/v2\/users\/2"}],"replies":[{"embeddable":true,"href":"https:\/\/veda.polac.cz\/index.php?rest_route=%2Fwp%2Fv2%2Fcomments&post=576"}],"version-history":[{"count":3,"href":"https:\/\/veda.polac.cz\/index.php?rest_route=\/wp\/v2\/pages\/576\/revisions"}],"predecessor-version":[{"id":601,"href":"https:\/\/veda.polac.cz\/index.php?rest_route=\/wp\/v2\/pages\/576\/revisions\/601"}],"up":[{"embeddable":true,"href":"https:\/\/veda.polac.cz\/index.php?rest_route=\/wp\/v2\/pages\/575"}],"wp:attachment":[{"href":"https:\/\/veda.polac.cz\/index.php?rest_route=%2Fwp%2Fv2%2Fmedia&parent=576"}],"curies":[{"name":"wp","href":"https:\/\/api.w.org\/{rel}","templated":true}]}}