{"id":5610,"date":"2019-12-10T11:55:21","date_gmt":"2019-12-10T11:55:21","guid":{"rendered":"http:\/\/veda.polac.cz\/?page_id=5610"},"modified":"2019-12-16T14:53:22","modified_gmt":"2019-12-16T14:53:22","slug":"5610-2","status":"publish","type":"page","link":"https:\/\/veda.polac.cz\/?page_id=5610&lang=en","title":{"rendered":"<!--02\/19 Dysfunctional Family as a Risk Factor in the Social Development of Youth-->"},"content":{"rendered":"<p style=\"text-align: center;\">Resume<\/p>\n<p><strong>Dysfunctional Family as a Risk Ractor in the Social Development of Youth<\/strong><br \/>\n<em>PhDr. Sabina Doubkov\u00e1, Diagnostic Institute and Center of Institutional Treatment Centre in Prague<\/em><br \/>\n<em>Dr. Zden\u011bk Kova\u0159\u00edk, CSc., <\/em><em>Police Academy of Czech Republic in Prague, <\/em><em>Department of Science and Research<\/em><\/p>\n<p>This article presents the main results of the empirical research focusing on the occurrence of key factors of a family environment and its effects on the risk behaviour of the research group. The main objective of the research was to discover which factors of the family environment have the biggest influence on the social development of the research sample of youth. In order to reveal the influence of the selected factors on the risk behaviour of the target group, this research was conducted on a group of 50 female youths placed by court into selected diagnostic institution.<br \/>\n<strong>Key<\/strong> <strong>words<\/strong><strong>:<\/strong> child, dysfunction of family environment, family, family functions, risk behaviour, risk factor, social development, social deviances, youth.<\/p>\n<hr>\n<p><a href=\"https:\/\/veda.polac.cz\/?page_id=5601&amp;lang=en\">Back<\/a><\/p>\n","protected":false},"excerpt":{"rendered":"<p>Resume Dysfunctional Family as a Risk Ractor in the Social Development of Youth PhDr. Sabina Doubkov\u00e1, Diagnostic Institute and Center of Institutional Treatment Centre in Prague Dr. Zden\u011bk Kova\u0159\u00edk, CSc., Police Academy of Czech Republic in Prague, Department of Science and Research This article presents the main results of the empirical research focusing on the [&hellip;]<\/p>\n","protected":false},"author":6,"featured_media":0,"parent":0,"menu_order":0,"comment_status":"closed","ping_status":"closed","template":"","meta":{"footnotes":""},"class_list":["post-5610","page","type-page","status-publish","hentry"],"_links":{"self":[{"href":"https:\/\/veda.polac.cz\/index.php?rest_route=\/wp\/v2\/pages\/5610","targetHints":{"allow":["GET"]}}],"collection":[{"href":"https:\/\/veda.polac.cz\/index.php?rest_route=\/wp\/v2\/pages"}],"about":[{"href":"https:\/\/veda.polac.cz\/index.php?rest_route=\/wp\/v2\/types\/page"}],"author":[{"embeddable":true,"href":"https:\/\/veda.polac.cz\/index.php?rest_route=\/wp\/v2\/users\/6"}],"replies":[{"embeddable":true,"href":"https:\/\/veda.polac.cz\/index.php?rest_route=%2Fwp%2Fv2%2Fcomments&post=5610"}],"version-history":[{"count":3,"href":"https:\/\/veda.polac.cz\/index.php?rest_route=\/wp\/v2\/pages\/5610\/revisions"}],"predecessor-version":[{"id":5676,"href":"https:\/\/veda.polac.cz\/index.php?rest_route=\/wp\/v2\/pages\/5610\/revisions\/5676"}],"wp:attachment":[{"href":"https:\/\/veda.polac.cz\/index.php?rest_route=%2Fwp%2Fv2%2Fmedia&parent=5610"}],"curies":[{"name":"wp","href":"https:\/\/api.w.org\/{rel}","templated":true}]}}