{"id":5601,"date":"2019-12-10T11:34:34","date_gmt":"2019-12-10T11:34:34","guid":{"rendered":"http:\/\/veda.polac.cz\/?page_id=5601"},"modified":"2019-12-11T13:40:20","modified_gmt":"2019-12-11T13:40:20","slug":"02-2019-2","status":"publish","type":"page","link":"https:\/\/veda.polac.cz\/?page_id=5601&lang=en","title":{"rendered":"02\/2019"},"content":{"rendered":"<p><a href=\"https:\/\/veda.polac.cz\/?page_id=5610&amp;lang=en\"><strong>Dysfunctional Family as a Risk Factor in the Social Development of Youth<\/strong><\/a><br \/>\nPhDr. Sabina Doubkov\u00e1, Diagnostic Institute and Center of Institutional Treatment Centre in Prague<br \/>\nDr. Zden\u011bk Kova\u0159\u00edk, CSc., Police Academy of Czech Republic in Prague,<br \/>\nDepartment of Science and Research<\/p>\n<p><a href=\"https:\/\/veda.polac.cz\/wp-content\/uploads\/2019\/11\/Dysfunk%C4%8Dn%C3%AD-rodina-jako-rizikov%C3%BD-faktor-soci%C3%A1ln%C3%ADho-rozvoje-ml%C3%A1de%C5%BEe.pdf\" target=\"_blank\" rel=\"noopener noreferrer\">Download in czech language (pdf format)<\/a><\/p>\n<hr \/>\n<p><a href=\"https:\/\/veda.polac.cz\/?page_id=5615&amp;lang=en\"><strong>The Crime Clearance in Relation to the Registered Crime and the Evaluation <\/strong><strong>of the Police Efficiency<\/strong><\/a><br \/>\nmjr. Mgr. Ing. Franti\u0161ek Vojtu\u0161, National Criminal Agency of the Presidium of the Police Corps, Faculty of Law of the Comenius University Bratislava, Department of Criminal Law, Criminology and Criminalistics, external postgraduate<\/p>\n<p><a href=\"https:\/\/veda.polac.cz\/wp-content\/uploads\/2019\/11\/Objasnenos%C5%A5-trestnej-%C4%8Dinnosti-vo-vz%C5%A5ahu-k-registrovanej-kriminalite.pdf\" target=\"_blank\" rel=\"noopener noreferrer\">Download in czech language (pdf format)<\/a><\/p>\n<hr \/>\n<p><a href=\"https:\/\/veda.polac.cz\/?page_id=5619&amp;lang=en\"><strong>Legal Aspects of Dismissal Under Secton 42 (1) (a). d) of the Act on Service <\/strong><strong>of Members of Security Forces<\/strong><\/a><br \/>\ndoc. JUDr. et PhDr. Zden\u011bk Fiala, Ph.D., Police Academy of Czech Republic in Prague, Faculty of Security Management, Department of Public Disciplines<\/p>\n<p><a href=\"https:\/\/veda.polac.cz\/wp-content\/uploads\/2019\/11\/K-propu%C5%A1t%C4%9Bn%C3%AD-podle-%C2%A7-42-odst.-1-p%C3%ADsm.-d-z%C3%A1kona.pdf\" target=\"_blank\" rel=\"noopener noreferrer\">Download in czech language (pdf format)<\/a><\/p>\n<hr \/>\n<p><a href=\"https:\/\/veda.polac.cz\/?page_id=5623&amp;lang=en\"><strong>Analysis of the Development of Crime Related to Unauthorized Access <\/strong><strong>to Computer Systems in the Czech Republic in 2010-2018<\/strong><\/a><br \/>\nIng. Josef Bern\u00e1tek, Czech Technical University in Prague, Faculty of Biomedical Engineering<\/p>\n<p><a href=\"https:\/\/veda.polac.cz\/wp-content\/uploads\/2019\/11\/Anal%C3%BDza-v%C3%BDvoje-kriminality-souvisej%C3%ADc%C3%AD-s-neopr%C3%A1vn%C4%9Bn%C3%BDmi-p%C5%99%C3%ADstupy.pdf\" target=\"_blank\" rel=\"noopener noreferrer\">Download in czech language (pdf format)<\/a><\/p>\n<hr \/>\n<p><a href=\"https:\/\/veda.polac.cz\/?page_id=5628&amp;lang=en\"><strong>Utility Traffic Accident Data Recorders in the USA and Europe<\/strong><\/a><br \/>\npplk. Mgr. Jind\u0159ich Kom\u00e1rek, Ph.D., pplk. Mgr. Michal Hodbo\u010f<br \/>\npplk. Mgr. Jan Straka Police Academy of the Czech Republic in Prague,<br \/>\nFaculty of Security and Law<\/p>\n<p><a href=\"https:\/\/veda.polac.cz\/wp-content\/uploads\/2019\/11\/Vyu%C5%BEitelnost-z%C3%A1znamn%C3%ADk%C5%AF-%C3%BAdaj%C5%AF-o-dopravn%C3%AD-nehod%C4%9B.pdf\" target=\"_blank\" rel=\"noopener noreferrer\">Download in czech language (pdf format)<\/a><\/p>\n<hr \/>\n<p><strong><a href=\"https:\/\/veda.polac.cz\/?page_id=5633&amp;lang=en\">Selected Aspects of Extremism in Cyberspace<\/a><br \/>\n<\/strong>JUDr. Michaela Jurisov\u00e1, PhD., Academy of the Police Force in Bratislava, Department of Criminology<\/p>\n<p><a href=\"https:\/\/veda.polac.cz\/wp-content\/uploads\/2019\/11\/Vybran%C3%A9-aspekty-prejavov-extr%C3%A9mizmu-v-online-prostred%C3%AD.pdf\" target=\"_blank\" rel=\"noopener noreferrer\">Download in czech language (pdf format)<\/a><\/p>\n<hr \/>\n<p><a href=\"https:\/\/veda.polac.cz\/?page_id=5637&amp;lang=en\"><strong>Does the Oil Peak Threaten the Safety of the World?<\/strong><\/a><br \/>\nRNDr. Ing. Ji\u0159\u00ed Dobrylovsk\u00fd, Ph.D., University of Economics and Management Prague<\/p>\n<p><a href=\"https:\/\/veda.polac.cz\/wp-content\/uploads\/2019\/11\/Ohro%C5%BEuje-ropn%C3%BD-zlom-bezpe%C4%8Dnost-ve-sv%C4%9Bt%C4%9B.pdf\" target=\"_blank\" rel=\"noopener noreferrer\">Download in czech language (pdf format)<\/a><\/p>\n<hr \/>\n<p><a href=\"https:\/\/veda.polac.cz\/?page_id=5641&amp;lang=en\"><strong>Methodology of Investigation of the Crime of Insurance Fraud in the Field <\/strong><strong>of Motor Vehicles Insurance<\/strong><\/a><br \/>\nMgr. Martin Vysko\u010dil, Police Academy of the Czech Republic in Prague,<br \/>\npostgraduate student<\/p>\n<p><a href=\"https:\/\/veda.polac.cz\/wp-content\/uploads\/2019\/11\/Metodika-vy%C5%A1et%C5%99ov%C3%A1n%C3%AD-trestn%C3%A9ho-%C4%8Dinu-pojistn%C3%A9ho-podvodu.pdf\" target=\"_blank\" rel=\"noopener noreferrer\">Download in czech language (pdf format)<\/a><\/p>\n<hr \/>\n<p><strong>Active participation in the international conference RAD7 in Herceg Novi <\/strong><strong>in Montenegro<\/strong><br \/>\ndoc. Ing. Jozef Sabol, CSc., Police Academy of the Czech Republic in Prague, Faculty of Security Management, Department of Crisis Management<\/p>\n<p><a href=\"https:\/\/veda.polac.cz\/wp-content\/uploads\/2019\/11\/Aktivn%C3%AD-%C3%BA%C4%8Dast-na-mezin%C3%A1rodn%C3%AD-konferenci-RAD7.pdf\" target=\"_blank\" rel=\"noopener noreferrer\">Download in czech language (pdf format)<\/a><\/p>\n<hr \/>\n<p><a href=\"https:\/\/veda.polac.cz\/?page_id=1985&amp;lang=en\">Back<\/a><\/p>\n","protected":false},"excerpt":{"rendered":"<p>Dysfunctional Family as a Risk Factor in the Social Development of Youth PhDr. Sabina Doubkov\u00e1, Diagnostic Institute and Center of Institutional Treatment Centre in Prague Dr. Zden\u011bk Kova\u0159\u00edk, CSc., Police Academy of Czech Republic in Prague, Department of Science and Research Download in czech language (pdf format) The Crime Clearance in Relation to the Registered [&hellip;]<\/p>\n","protected":false},"author":6,"featured_media":0,"parent":0,"menu_order":0,"comment_status":"closed","ping_status":"closed","template":"","meta":{"footnotes":""},"class_list":["post-5601","page","type-page","status-publish","hentry"],"_links":{"self":[{"href":"https:\/\/veda.polac.cz\/index.php?rest_route=\/wp\/v2\/pages\/5601","targetHints":{"allow":["GET"]}}],"collection":[{"href":"https:\/\/veda.polac.cz\/index.php?rest_route=\/wp\/v2\/pages"}],"about":[{"href":"https:\/\/veda.polac.cz\/index.php?rest_route=\/wp\/v2\/types\/page"}],"author":[{"embeddable":true,"href":"https:\/\/veda.polac.cz\/index.php?rest_route=\/wp\/v2\/users\/6"}],"replies":[{"embeddable":true,"href":"https:\/\/veda.polac.cz\/index.php?rest_route=%2Fwp%2Fv2%2Fcomments&post=5601"}],"version-history":[{"count":17,"href":"https:\/\/veda.polac.cz\/index.php?rest_route=\/wp\/v2\/pages\/5601\/revisions"}],"predecessor-version":[{"id":5653,"href":"https:\/\/veda.polac.cz\/index.php?rest_route=\/wp\/v2\/pages\/5601\/revisions\/5653"}],"wp:attachment":[{"href":"https:\/\/veda.polac.cz\/index.php?rest_route=%2Fwp%2Fv2%2Fmedia&parent=5601"}],"curies":[{"name":"wp","href":"https:\/\/api.w.org\/{rel}","templated":true}]}}