{"id":5555,"date":"2019-11-22T14:30:13","date_gmt":"2019-11-22T14:30:13","guid":{"rendered":"http:\/\/veda.polac.cz\/?page_id=5555"},"modified":"2019-11-22T14:30:13","modified_gmt":"2019-11-22T14:30:13","slug":"5555-2","status":"publish","type":"page","link":"https:\/\/veda.polac.cz\/?page_id=5555","title":{"rendered":"<!--02\/19 Resum\u00e9 Anal\u00fdza v\u00fdvoje kriminality souvisej\u00edc\u00ed s neopr\u00e1vn\u011bn\u00fdmi p\u0159\u00edstupy do po\u010d\u00edta\u010dov\u00fdch syst\u00e9m\u016f v \u010cesk\u00e9 republice za obdob\u00ed 2010\u20132018-->"},"content":{"rendered":"\n<p style=\"text-align:center\"> Resum\u00e9 \u010dl\u00e1nku <\/p>\n\n\n\n<p><strong>Anal\u00fdza v\u00fdvoje kriminality souvisej\u00edc\u00ed s\u00a0neopr\u00e1vn\u011bn\u00fdmi p\u0159\u00edstupy do po\u010d\u00edta\u010dov\u00fdch syst\u00e9m\u016f v \u010cesk\u00e9 republice za obdob\u00ed 2010\u20132018<\/strong><\/p>\n\n\n\n<p><em>Ing. Josef Bern\u00e1tek<\/em><br><em>\u010cesk\u00e9 vysok\u00e9 u\u010den\u00ed technick\u00e9 v\u00a0Praze<\/em><br><em>Fakulta biomedic\u00ednsk\u00e9ho in\u017een\u00fdrstv\u00ed<\/em><\/p>\n\n\n\n<p>P\u0159\u00edsp\u011bvek pojedn\u00e1v\u00e1 o statistick\u00e9\nanal\u00fdze v\u00fdvoje registrovan\u00e9 trestn\u00e9 \u010dinnosti souvisej\u00edc\u00ed s neopr\u00e1vn\u011bn\u00fdmi\np\u0159\u00edstupy do po\u010d\u00edta\u010dov\u00fdch syst\u00e9m\u016f v&nbsp;obdob\u00ed 2010-2018 v&nbsp;\u010cesk\u00e9 republice.\nVe stanoven\u00e9m obdob\u00ed byl zaznamen\u00e1n signifikantn\u00ed n\u00e1r\u016fst registrovan\u00fdch skutk\u016f,\nsouvisej\u00edc\u00edch s&nbsp;hodnocenou trestnou \u010dinnost\u00ed o v\u00edce ne\u017e 800&nbsp;%. C\u00edlem\np\u0159\u00edsp\u011bvku je rovn\u011b\u017e stanoven\u00ed n\u00e1vrh\u016f opat\u0159en\u00ed pro prevenci a efektivn\u011bj\u0161\u00ed\nvy\u0161et\u0159ov\u00e1n\u00ed kyberkriminality.<\/p>\n\n\n\n<p><strong>Kl\u00ed\u010dov\u00e1 slova: <\/strong>kyberkriminalita, neopr\u00e1vn\u011bn\u00e9 p\u0159\u00edstupy, kyber\u00fatoky, vy\u0161et\u0159ov\u00e1n\u00ed.<\/p>\n\n\n\n<hr color=\"#9D9D9D\">\n\n\n\n<p><a href=\"https:\/\/veda.polac.cz\/?page_id=5510\">Zp\u011bt<\/a><\/p>\n","protected":false},"excerpt":{"rendered":"<p>Resum\u00e9 \u010dl\u00e1nku Anal\u00fdza v\u00fdvoje kriminality souvisej\u00edc\u00ed s\u00a0neopr\u00e1vn\u011bn\u00fdmi p\u0159\u00edstupy do po\u010d\u00edta\u010dov\u00fdch syst\u00e9m\u016f v \u010cesk\u00e9 republice za obdob\u00ed 2010\u20132018 Ing. Josef Bern\u00e1tek\u010cesk\u00e9 vysok\u00e9 u\u010den\u00ed technick\u00e9 v\u00a0PrazeFakulta biomedic\u00ednsk\u00e9ho in\u017een\u00fdrstv\u00ed P\u0159\u00edsp\u011bvek pojedn\u00e1v\u00e1 o statistick\u00e9 anal\u00fdze v\u00fdvoje registrovan\u00e9 trestn\u00e9 \u010dinnosti souvisej\u00edc\u00ed s neopr\u00e1vn\u011bn\u00fdmi p\u0159\u00edstupy do po\u010d\u00edta\u010dov\u00fdch syst\u00e9m\u016f v&nbsp;obdob\u00ed 2010-2018 v&nbsp;\u010cesk\u00e9 republice. Ve stanoven\u00e9m obdob\u00ed byl zaznamen\u00e1n signifikantn\u00ed n\u00e1r\u016fst registrovan\u00fdch skutk\u016f, [&hellip;]<\/p>\n","protected":false},"author":6,"featured_media":0,"parent":0,"menu_order":0,"comment_status":"closed","ping_status":"closed","template":"","meta":{"footnotes":""},"class_list":["post-5555","page","type-page","status-publish","hentry"],"_links":{"self":[{"href":"https:\/\/veda.polac.cz\/index.php?rest_route=\/wp\/v2\/pages\/5555","targetHints":{"allow":["GET"]}}],"collection":[{"href":"https:\/\/veda.polac.cz\/index.php?rest_route=\/wp\/v2\/pages"}],"about":[{"href":"https:\/\/veda.polac.cz\/index.php?rest_route=\/wp\/v2\/types\/page"}],"author":[{"embeddable":true,"href":"https:\/\/veda.polac.cz\/index.php?rest_route=\/wp\/v2\/users\/6"}],"replies":[{"embeddable":true,"href":"https:\/\/veda.polac.cz\/index.php?rest_route=%2Fwp%2Fv2%2Fcomments&post=5555"}],"version-history":[{"count":1,"href":"https:\/\/veda.polac.cz\/index.php?rest_route=\/wp\/v2\/pages\/5555\/revisions"}],"predecessor-version":[{"id":5557,"href":"https:\/\/veda.polac.cz\/index.php?rest_route=\/wp\/v2\/pages\/5555\/revisions\/5557"}],"wp:attachment":[{"href":"https:\/\/veda.polac.cz\/index.php?rest_route=%2Fwp%2Fv2%2Fmedia&parent=5555"}],"curies":[{"name":"wp","href":"https:\/\/api.w.org\/{rel}","templated":true}]}}