{"id":5437,"date":"2019-10-18T11:00:56","date_gmt":"2019-10-18T11:00:56","guid":{"rendered":"http:\/\/veda.polac.cz\/?page_id=5437"},"modified":"2019-11-14T14:12:39","modified_gmt":"2019-11-14T14:12:39","slug":"5437-2","status":"publish","type":"page","link":"https:\/\/veda.polac.cz\/?page_id=5437","title":{"rendered":"<!--01\/19 Resum\u00e9 Pr\u00e1vo na bezpe\u010dnost v judikatu\u0159e Soudn\u00edho dvora Evropsk\u00e9 unie-->"},"content":{"rendered":"\n<p style=\"text-align:center\">Resum\u00e9 \u010dl\u00e1nku<\/p>\n\n\n\n<p><strong>Pr\u00e1vo na bezpe\u010dnost v&nbsp;judikatu\u0159e Soudn\u00edho dvora Evropsk\u00e9 unie<\/strong><\/p>\n\n\n\n<p><em>doc. Mag. phil., Dr. iur. Harald Christian\nScheu, Ph.D., Univerzita Karlova, Pr\u00e1vnick\u00e1 fakulta<\/em><\/p>\n\n\n\n<p>Tento p\u0159\u00edsp\u011bvek je zam\u011b\u0159en na dopad judikatury Soudn\u00edho dvora EU na koncepci pr\u00e1va na osobn\u00ed bezpe\u010dnost, kter\u00e9 je zm\u00edn\u011bno v&nbsp;\u010dl. 5 Evropsk\u00e9 \u00famluvy o lidsk\u00fdch pr\u00e1vech a \u010dl. 6 Listiny z\u00e1kladn\u00edch pr\u00e1v EU. V\u00fdklad pr\u00e1va na osobn\u00ed bezpe\u010dnost je sporn\u00fd. V&nbsp;sv\u00e9m rozsudku z&nbsp;\u00fanora 2016 SDEU nazna\u010dil, \u017ee \u010dl. 6 LZPEU lze odvozovat subjektivn\u00ed pr\u00e1vo na bezpe\u010dnost. SDEU v\u0161ak svoji koncepci individu\u00e1ln\u00edho pr\u00e1va na bezpe\u010dnost bl\u00ed\u017ee nespecifikoval. V&nbsp;tomto p\u0159\u00edsp\u011bvku se zam\u011b\u0159ujeme na vymezen\u00ed bezpe\u010dnosti jako individu\u00e1ln\u00edho i kolektivn\u00edho pr\u00e1va a na vztah p\u0159\u00edslu\u0161n\u00e9 judikatury SDEU a ESLP. Tak\u00e9 se v\u011bnujeme ot\u00e1zce, zda lze pr\u00e1vo na bezpe\u010dnost uchopit jako absolutn\u00ed pr\u00e1vo.<\/p>\n\n\n\n<p><strong>Kl\u00ed\u010dov\u00e1 slova:<\/strong> Pr\u00e1vo na bezpe\u010dnost, Soudn\u00ed dv\u016fr EU, Listina z\u00e1kladn\u00edch pr\u00e1v EU, Evropsk\u00e1 \u00famluva o lidsk\u00fdch pr\u00e1vech.<\/p>\n\n\n\n<hr color=\"#9D9D9D\">\n\n\n\n<p><a href=\"https:\/\/veda.polac.cz\/?page_id=5430\">Zp\u011bt<\/a><\/p>\n","protected":false},"excerpt":{"rendered":"<p>Resum\u00e9 \u010dl\u00e1nku Pr\u00e1vo na bezpe\u010dnost v&nbsp;judikatu\u0159e Soudn\u00edho dvora Evropsk\u00e9 unie doc. Mag. phil., Dr. iur. Harald Christian Scheu, Ph.D., Univerzita Karlova, Pr\u00e1vnick\u00e1 fakulta Tento p\u0159\u00edsp\u011bvek je zam\u011b\u0159en na dopad judikatury Soudn\u00edho dvora EU na koncepci pr\u00e1va na osobn\u00ed bezpe\u010dnost, kter\u00e9 je zm\u00edn\u011bno v&nbsp;\u010dl. 5 Evropsk\u00e9 \u00famluvy o lidsk\u00fdch pr\u00e1vech a \u010dl. 6 Listiny z\u00e1kladn\u00edch pr\u00e1v [&hellip;]<\/p>\n","protected":false},"author":6,"featured_media":0,"parent":0,"menu_order":0,"comment_status":"closed","ping_status":"closed","template":"","meta":{"footnotes":""},"class_list":["post-5437","page","type-page","status-publish","hentry"],"_links":{"self":[{"href":"https:\/\/veda.polac.cz\/index.php?rest_route=\/wp\/v2\/pages\/5437","targetHints":{"allow":["GET"]}}],"collection":[{"href":"https:\/\/veda.polac.cz\/index.php?rest_route=\/wp\/v2\/pages"}],"about":[{"href":"https:\/\/veda.polac.cz\/index.php?rest_route=\/wp\/v2\/types\/page"}],"author":[{"embeddable":true,"href":"https:\/\/veda.polac.cz\/index.php?rest_route=\/wp\/v2\/users\/6"}],"replies":[{"embeddable":true,"href":"https:\/\/veda.polac.cz\/index.php?rest_route=%2Fwp%2Fv2%2Fcomments&post=5437"}],"version-history":[{"count":4,"href":"https:\/\/veda.polac.cz\/index.php?rest_route=\/wp\/v2\/pages\/5437\/revisions"}],"predecessor-version":[{"id":5505,"href":"https:\/\/veda.polac.cz\/index.php?rest_route=\/wp\/v2\/pages\/5437\/revisions\/5505"}],"wp:attachment":[{"href":"https:\/\/veda.polac.cz\/index.php?rest_route=%2Fwp%2Fv2%2Fmedia&parent=5437"}],"curies":[{"name":"wp","href":"https:\/\/api.w.org\/{rel}","templated":true}]}}