{"id":537,"date":"2018-09-13T17:25:01","date_gmt":"2018-09-13T17:25:01","guid":{"rendered":"http:\/\/veda.polac.cz\/?page_id=537"},"modified":"2018-10-27T18:52:47","modified_gmt":"2018-10-27T18:52:47","slug":"2-2","status":"publish","type":"page","link":"https:\/\/veda.polac.cz\/?page_id=537","title":{"rendered":""},"content":{"rendered":"<p style=\"text-align: center;\">Resum\u00e9 \u010dl\u00e1nku<\/p>\n<p><strong>Vyu\u017eit\u00ed vybran\u00fdch prognostick\u00fdch metod v r\u00e1mci anal\u00fdzy zpravodajsk\u00fdch informac\u00ed<\/strong><br \/>\n<i>Ing. Martin Havl\u00edk, Ph.D., MBA, MSc., Ministerstvo obrany \u010cR<\/p>\n<p><\/i>Hlavn\u00edm c\u00edlem tohoto \u010dl\u00e1nku je pouk\u00e1zat na mo\u017enosti aplikace vybran\u00fdch prognostick\u00fdch metod v informa\u010dn\u00ed anal\u00fdze jako jedn\u00e9 z hlavn\u00edch f\u00e1z\u00ed zpravodajsk\u00e9ho cyklu. \u00davodn\u00ed \u010d\u00e1st je s ohledem na v\u00fdvoj sou\u010dasn\u00e9ho glob\u00e1ln\u00edho prost\u0159ed\u00ed v\u011bnov\u00e1na existenci aktu\u00e1ln\u00edch bezpe\u010dnostn\u00edch hrozeb a predikci bezpe\u010dnostn\u00edho prost\u0159ed\u00ed. Na tuto \u010d\u00e1st pot\u00e9 navazuje problematika anal\u00fdzy informac\u00ed a jej\u00ed m\u00edsto v r\u00e1mci zpravodajsk\u00e9ho cyklu. C\u00edlem dal\u0161\u00ed \u010d\u00e1sti je proveden\u00ed obecn\u00e9 exkurze do oblasti prognostiky se z\u0159etelem na navazuj\u00edc\u00ed st\u011b\u017eejn\u00ed \u010d\u00e1st o zevrubn\u00e9m rozboru konkr\u00e9tn\u00edch prognostick\u00fdch metod aplikovateln\u00fdch v r\u00e1mci anal\u00fdzy informac\u00ed u jednotliv\u00fdch zpravodajsk\u00fdch discipl\u00edn.<br \/>\n<strong>Kl\u00ed\u010dov\u00e1 slova:<\/strong>\u00a0Zpravodajstv\u00ed, anal\u00fdza informac\u00ed, zpravodajsk\u00e1 discipl\u00edna, opera\u010dn\u00ed prost\u0159ed\u00ed, progn\u00f3zov\u00e1n\u00ed, prognostick\u00e9 metody, sb\u011br dat, hrozby, rizika.<\/p>\n<p><a href=\"https:\/\/veda.polac.cz\/?page_id=533\">02\/2016<\/a><\/p>\n<p>&nbsp;<\/p>\n","protected":false},"excerpt":{"rendered":"<p>Resum\u00e9 \u010dl\u00e1nku Vyu\u017eit\u00ed vybran\u00fdch prognostick\u00fdch metod v r\u00e1mci anal\u00fdzy zpravodajsk\u00fdch informac\u00ed Ing. Martin Havl\u00edk, Ph.D., MBA, MSc., Ministerstvo obrany \u010cR Hlavn\u00edm c\u00edlem tohoto \u010dl\u00e1nku je pouk\u00e1zat na mo\u017enosti aplikace vybran\u00fdch prognostick\u00fdch metod v informa\u010dn\u00ed anal\u00fdze jako jedn\u00e9 z hlavn\u00edch f\u00e1z\u00ed zpravodajsk\u00e9ho cyklu. \u00davodn\u00ed \u010d\u00e1st je s ohledem na v\u00fdvoj sou\u010dasn\u00e9ho glob\u00e1ln\u00edho prost\u0159ed\u00ed v\u011bnov\u00e1na existenci aktu\u00e1ln\u00edch [&hellip;]<\/p>\n","protected":false},"author":2,"featured_media":0,"parent":533,"menu_order":2,"comment_status":"closed","ping_status":"closed","template":"","meta":{"footnotes":""},"class_list":["post-537","page","type-page","status-publish","hentry"],"_links":{"self":[{"href":"https:\/\/veda.polac.cz\/index.php?rest_route=\/wp\/v2\/pages\/537","targetHints":{"allow":["GET"]}}],"collection":[{"href":"https:\/\/veda.polac.cz\/index.php?rest_route=\/wp\/v2\/pages"}],"about":[{"href":"https:\/\/veda.polac.cz\/index.php?rest_route=\/wp\/v2\/types\/page"}],"author":[{"embeddable":true,"href":"https:\/\/veda.polac.cz\/index.php?rest_route=\/wp\/v2\/users\/2"}],"replies":[{"embeddable":true,"href":"https:\/\/veda.polac.cz\/index.php?rest_route=%2Fwp%2Fv2%2Fcomments&post=537"}],"version-history":[{"count":2,"href":"https:\/\/veda.polac.cz\/index.php?rest_route=\/wp\/v2\/pages\/537\/revisions"}],"predecessor-version":[{"id":571,"href":"https:\/\/veda.polac.cz\/index.php?rest_route=\/wp\/v2\/pages\/537\/revisions\/571"}],"up":[{"embeddable":true,"href":"https:\/\/veda.polac.cz\/index.php?rest_route=\/wp\/v2\/pages\/533"}],"wp:attachment":[{"href":"https:\/\/veda.polac.cz\/index.php?rest_route=%2Fwp%2Fv2%2Fmedia&parent=537"}],"curies":[{"name":"wp","href":"https:\/\/api.w.org\/{rel}","templated":true}]}}