{"id":528,"date":"2018-09-13T17:17:46","date_gmt":"2018-09-13T17:17:46","guid":{"rendered":"http:\/\/veda.polac.cz\/?page_id=528"},"modified":"2018-10-27T18:52:47","modified_gmt":"2018-10-27T18:52:47","slug":"8-2","status":"publish","type":"page","link":"https:\/\/veda.polac.cz\/?page_id=528","title":{"rendered":""},"content":{"rendered":"<p style=\"text-align: center;\">Resum\u00e9 \u010dl\u00e1nku<\/p>\n<p><strong>Fenom\u00e9n n\u00e1sil\u00ed za zdmi v\u011bznic<br \/>\n<\/strong><i>PhDr. Alena Mare\u0161ov\u00e1, Ph.D., Fakulta bezpe\u010dnostn\u011b pr\u00e1vn\u00ed PA \u010cR v Praze, Katedra kriminologie<\/p>\n<p><\/i>Jako probl\u00e9m sou\u010dasn\u00e9 spole\u010dnosti vy\u017eaduj\u00edc\u00ed rychl\u00e9 \u0159e\u0161en\u00ed je uv\u00e1d\u011bno nejen n\u00e1sil\u00ed u dosp\u011bl\u00fdch, ale i tzv. dom\u00e1c\u00ed n\u00e1sil\u00ed, n\u00e1sil\u00ed v partnersk\u00fdch vztaz\u00edch, n\u00e1sil\u00ed na d\u011btech i seniorech, na pracovi\u0161t\u00edch, ale st\u00e1le \u010dast\u011bji i n\u00e1sil\u00ed v kyberprostoru atd. P\u0159edkl\u00e1dan\u00fd p\u0159\u00edsp\u011bvek je v\u011bnov\u00e1n je\u0161t\u011b dal\u0161\u00edmu ji\u017e m\u00e9n\u011b studovan\u00e9mu a diskuto-van\u00e9mu jevu, a to n\u00e1sil\u00ed mezi spoluv\u011bzni &#8211; mu\u017ei a mezi spoluv\u011bzn\u011bn\u00fdmi \u017eenami v pr\u016fb\u011bhu v\u00fdkonu trestu odn\u011bt\u00ed svobody.<br \/>\n<strong>Kl\u00ed\u010dov\u00e1 slova<\/strong>: n\u00e1sil\u00ed, v\u011bzn\u011bn\u00e9 osoby, odsouzen\u00ed mu\u017ei, odsouzen\u00e9 \u017eeny.<\/p>\n<p><a href=\"https:\/\/veda.polac.cz\/?page_id=504\">03\/2016<\/a><\/p>\n<p>&nbsp;<\/p>\n","protected":false},"excerpt":{"rendered":"<p>Resum\u00e9 \u010dl\u00e1nku Fenom\u00e9n n\u00e1sil\u00ed za zdmi v\u011bznic PhDr. Alena Mare\u0161ov\u00e1, Ph.D., Fakulta bezpe\u010dnostn\u011b pr\u00e1vn\u00ed PA \u010cR v Praze, Katedra kriminologie Jako probl\u00e9m sou\u010dasn\u00e9 spole\u010dnosti vy\u017eaduj\u00edc\u00ed rychl\u00e9 \u0159e\u0161en\u00ed je uv\u00e1d\u011bno nejen n\u00e1sil\u00ed u dosp\u011bl\u00fdch, ale i tzv. dom\u00e1c\u00ed n\u00e1sil\u00ed, n\u00e1sil\u00ed v partnersk\u00fdch vztaz\u00edch, n\u00e1sil\u00ed na d\u011btech i seniorech, na pracovi\u0161t\u00edch, ale st\u00e1le \u010dast\u011bji i n\u00e1sil\u00ed v [&hellip;]<\/p>\n","protected":false},"author":2,"featured_media":0,"parent":504,"menu_order":8,"comment_status":"closed","ping_status":"closed","template":"","meta":{"footnotes":""},"class_list":["post-528","page","type-page","status-publish","hentry"],"_links":{"self":[{"href":"https:\/\/veda.polac.cz\/index.php?rest_route=\/wp\/v2\/pages\/528","targetHints":{"allow":["GET"]}}],"collection":[{"href":"https:\/\/veda.polac.cz\/index.php?rest_route=\/wp\/v2\/pages"}],"about":[{"href":"https:\/\/veda.polac.cz\/index.php?rest_route=\/wp\/v2\/types\/page"}],"author":[{"embeddable":true,"href":"https:\/\/veda.polac.cz\/index.php?rest_route=\/wp\/v2\/users\/2"}],"replies":[{"embeddable":true,"href":"https:\/\/veda.polac.cz\/index.php?rest_route=%2Fwp%2Fv2%2Fcomments&post=528"}],"version-history":[{"count":2,"href":"https:\/\/veda.polac.cz\/index.php?rest_route=\/wp\/v2\/pages\/528\/revisions"}],"predecessor-version":[{"id":547,"href":"https:\/\/veda.polac.cz\/index.php?rest_route=\/wp\/v2\/pages\/528\/revisions\/547"}],"up":[{"embeddable":true,"href":"https:\/\/veda.polac.cz\/index.php?rest_route=\/wp\/v2\/pages\/504"}],"wp:attachment":[{"href":"https:\/\/veda.polac.cz\/index.php?rest_route=%2Fwp%2Fv2%2Fmedia&parent=528"}],"curies":[{"name":"wp","href":"https:\/\/api.w.org\/{rel}","templated":true}]}}