{"id":525,"date":"2018-09-13T17:16:34","date_gmt":"2018-09-13T17:16:34","guid":{"rendered":"http:\/\/veda.polac.cz\/?page_id=525"},"modified":"2018-10-27T18:52:47","modified_gmt":"2018-10-27T18:52:47","slug":"7-2","status":"publish","type":"page","link":"https:\/\/veda.polac.cz\/?page_id=525","title":{"rendered":""},"content":{"rendered":"<p style=\"text-align: center;\">Resum\u00e9 \u010dl\u00e1nku<\/p>\n<p><strong>Loajalita st\u00e1tn\u00edch zam\u011bstnanc\u016f<br \/>\n<\/strong><i>Mgr. Kate\u0159ina Ju\u0159i\u010dkov\u00e1, studentka doktorsk\u00e9ho studijn\u00edho programu PA \u010cR<\/p>\n<p><\/i>Tento p\u0159ehledov\u00fd \u010dl\u00e1nek je v\u011bnov\u00e1n problematice loajality st\u00e1tn\u00edch zam\u011bstnanc\u016f perspektivou militantn\u00ed demokracie. J\u00e1drem tohoto \u010dl\u00e1nku je anal\u00fdza z\u00e1kon\u016f o st\u00e1tn\u00ed slu\u017eb\u011b v \u010cesk\u00e9 republice, ve Spolkov\u00e9 republice N\u011bmecko a v Evropsk\u00e9 unii. Text uzav\u00edr\u00e1 komparace v\u0161ech t\u0159\u00ed model\u016f loaj\u00e1ln\u00edho zam\u011bstnance.<br \/>\n<strong>Kl\u00ed\u010dov\u00e1 slova:<\/strong>\u00a0antiextremistick\u00fd konsensus, extremismus, loajalita st\u00e1tn\u00edch zam\u011bstnanc\u016f, militantn\u00ed demokracie, pr\u00e1vn\u00ed komparace, z\u00e1kon o st\u00e1tn\u00ed slu\u017eb\u011b.<\/p>\n<p><a href=\"https:\/\/veda.polac.cz\/?page_id=504\">03\/2016<\/a><\/p>\n","protected":false},"excerpt":{"rendered":"<p>Resum\u00e9 \u010dl\u00e1nku Loajalita st\u00e1tn\u00edch zam\u011bstnanc\u016f Mgr. Kate\u0159ina Ju\u0159i\u010dkov\u00e1, studentka doktorsk\u00e9ho studijn\u00edho programu PA \u010cR Tento p\u0159ehledov\u00fd \u010dl\u00e1nek je v\u011bnov\u00e1n problematice loajality st\u00e1tn\u00edch zam\u011bstnanc\u016f perspektivou militantn\u00ed demokracie. J\u00e1drem tohoto \u010dl\u00e1nku je anal\u00fdza z\u00e1kon\u016f o st\u00e1tn\u00ed slu\u017eb\u011b v \u010cesk\u00e9 republice, ve Spolkov\u00e9 republice N\u011bmecko a v Evropsk\u00e9 unii. Text uzav\u00edr\u00e1 komparace v\u0161ech t\u0159\u00ed model\u016f loaj\u00e1ln\u00edho zam\u011bstnance. Kl\u00ed\u010dov\u00e1 [&hellip;]<\/p>\n","protected":false},"author":2,"featured_media":0,"parent":504,"menu_order":7,"comment_status":"closed","ping_status":"closed","template":"","meta":{"footnotes":""},"class_list":["post-525","page","type-page","status-publish","hentry"],"_links":{"self":[{"href":"https:\/\/veda.polac.cz\/index.php?rest_route=\/wp\/v2\/pages\/525","targetHints":{"allow":["GET"]}}],"collection":[{"href":"https:\/\/veda.polac.cz\/index.php?rest_route=\/wp\/v2\/pages"}],"about":[{"href":"https:\/\/veda.polac.cz\/index.php?rest_route=\/wp\/v2\/types\/page"}],"author":[{"embeddable":true,"href":"https:\/\/veda.polac.cz\/index.php?rest_route=\/wp\/v2\/users\/2"}],"replies":[{"embeddable":true,"href":"https:\/\/veda.polac.cz\/index.php?rest_route=%2Fwp%2Fv2%2Fcomments&post=525"}],"version-history":[{"count":2,"href":"https:\/\/veda.polac.cz\/index.php?rest_route=\/wp\/v2\/pages\/525\/revisions"}],"predecessor-version":[{"id":546,"href":"https:\/\/veda.polac.cz\/index.php?rest_route=\/wp\/v2\/pages\/525\/revisions\/546"}],"up":[{"embeddable":true,"href":"https:\/\/veda.polac.cz\/index.php?rest_route=\/wp\/v2\/pages\/504"}],"wp:attachment":[{"href":"https:\/\/veda.polac.cz\/index.php?rest_route=%2Fwp%2Fv2%2Fmedia&parent=525"}],"curies":[{"name":"wp","href":"https:\/\/api.w.org\/{rel}","templated":true}]}}