{"id":515,"date":"2018-09-13T17:11:48","date_gmt":"2018-09-13T17:11:48","guid":{"rendered":"http:\/\/veda.polac.cz\/?page_id=515"},"modified":"2018-10-27T18:52:47","modified_gmt":"2018-10-27T18:52:47","slug":"4-2","status":"publish","type":"page","link":"https:\/\/veda.polac.cz\/?page_id=515","title":{"rendered":""},"content":{"rendered":"<p style=\"text-align: center;\">Resum\u00e9 \u010dl\u00e1nku<\/p>\n<p><strong>Vliv modern\u00edch komunika\u010dn\u00edch n\u00e1stroj\u016f na radikalizaci isl\u00e1msk\u00e9 subkultury v z\u00e1padn\u00ed Evrop\u011b<br \/>\n<\/strong><i>Ing. Martin Havl\u00edk, Ph.D., MBA, MSc., Ministerstvo obrany \u010cR<\/p>\n<p><\/i>Hlavn\u00edm c\u00edlem toho \u010dl\u00e1nku je pojednat o problematice vlivu modern\u00edch komunika\u010dn\u00edch n\u00e1stroj\u016f a m\u00e9di\u00ed na radikalizaci isl\u00e1msk\u00e9 subkultury v Z\u00e1padn\u00ed Evrop\u011b. \u00davodn\u00ed \u010d\u00e1st je v\u011bnov\u00e1na popisu bezpe\u010dnostn\u00edho fenom\u00e9nu sou\u010dasnosti se zam\u011b\u0159en\u00edm na isl\u00e1mofobii v kontextu teroristick\u00fdch \u00fatok\u016f v Evrop\u011b. Na tuto \u010d\u00e1st navazuje hlavn\u00ed problematika radikalizace muslim\u016f v Evrop\u011b a jej\u00ed mo\u017en\u00e9 d\u011blen\u00ed. C\u00edlem dal\u0161\u00ed \u010d\u00e1sti je proveden\u00ed rozboru hlavn\u00edch p\u0159\u00ed\u010din radikalizace v Z\u00e1padn\u00ed Evrop\u011b. V dal\u0161\u00ed \u010d\u00e1sti je pozornost v\u011bnov\u00e1na vyu\u017e\u00edv\u00e1n\u00ed soci\u00e1ln\u00edch s\u00edt\u00ed a dal\u0161\u00edch komunika\u010dn\u00edch n\u00e1stroj\u016f k radikalizaci, na kterou navazuje d\u00edl\u010d\u00ed rozbor hlavn\u00edch faktor\u016f ovliv\u0148uj\u00edc\u00edch \u00fasp\u011bch radikalizace muslim\u016f v Evrop\u011b. Z\u00e1v\u011bre\u010dn\u00e1 \u010d\u00e1st shrnuje n\u011bkter\u00e1 doporu\u010den\u00ed bezpe\u010dnostn\u00edch a zpravodajsk\u00fdch subjekt\u016f pro boj s radikalizac\u00ed muslim\u016f.<br \/>\n<strong>Kl\u00ed\u010dov\u00e1 slova:<\/strong>\u00a0Radikalizace, bezpe\u010dnost, soci\u00e1ln\u00ed s\u00edt\u011b, komunikace, zpravodajstv\u00ed, hrozby, sd\u00edlen\u00ed informac\u00ed.<i><br \/>\n<\/i><\/p>\n<p><a href=\"https:\/\/veda.polac.cz\/?page_id=504\">03\/2016<\/a><\/p>\n","protected":false},"excerpt":{"rendered":"<p>Resum\u00e9 \u010dl\u00e1nku Vliv modern\u00edch komunika\u010dn\u00edch n\u00e1stroj\u016f na radikalizaci isl\u00e1msk\u00e9 subkultury v z\u00e1padn\u00ed Evrop\u011b Ing. Martin Havl\u00edk, Ph.D., MBA, MSc., Ministerstvo obrany \u010cR Hlavn\u00edm c\u00edlem toho \u010dl\u00e1nku je pojednat o problematice vlivu modern\u00edch komunika\u010dn\u00edch n\u00e1stroj\u016f a m\u00e9di\u00ed na radikalizaci isl\u00e1msk\u00e9 subkultury v Z\u00e1padn\u00ed Evrop\u011b. \u00davodn\u00ed \u010d\u00e1st je v\u011bnov\u00e1na popisu bezpe\u010dnostn\u00edho fenom\u00e9nu sou\u010dasnosti se zam\u011b\u0159en\u00edm na isl\u00e1mofobii [&hellip;]<\/p>\n","protected":false},"author":2,"featured_media":0,"parent":504,"menu_order":4,"comment_status":"closed","ping_status":"closed","template":"","meta":{"footnotes":""},"class_list":["post-515","page","type-page","status-publish","hentry"],"_links":{"self":[{"href":"https:\/\/veda.polac.cz\/index.php?rest_route=\/wp\/v2\/pages\/515","targetHints":{"allow":["GET"]}}],"collection":[{"href":"https:\/\/veda.polac.cz\/index.php?rest_route=\/wp\/v2\/pages"}],"about":[{"href":"https:\/\/veda.polac.cz\/index.php?rest_route=\/wp\/v2\/types\/page"}],"author":[{"embeddable":true,"href":"https:\/\/veda.polac.cz\/index.php?rest_route=\/wp\/v2\/users\/2"}],"replies":[{"embeddable":true,"href":"https:\/\/veda.polac.cz\/index.php?rest_route=%2Fwp%2Fv2%2Fcomments&post=515"}],"version-history":[{"count":2,"href":"https:\/\/veda.polac.cz\/index.php?rest_route=\/wp\/v2\/pages\/515\/revisions"}],"predecessor-version":[{"id":543,"href":"https:\/\/veda.polac.cz\/index.php?rest_route=\/wp\/v2\/pages\/515\/revisions\/543"}],"up":[{"embeddable":true,"href":"https:\/\/veda.polac.cz\/index.php?rest_route=\/wp\/v2\/pages\/504"}],"wp:attachment":[{"href":"https:\/\/veda.polac.cz\/index.php?rest_route=%2Fwp%2Fv2%2Fmedia&parent=515"}],"curies":[{"name":"wp","href":"https:\/\/api.w.org\/{rel}","templated":true}]}}