{"id":4891,"date":"2019-04-24T09:55:09","date_gmt":"2019-04-24T09:55:09","guid":{"rendered":"http:\/\/veda.polac.cz\/?page_id=4891"},"modified":"2019-04-24T10:01:26","modified_gmt":"2019-04-24T10:01:26","slug":"8-2","status":"publish","type":"page","link":"https:\/\/veda.polac.cz\/?page_id=4891&lang=en","title":{"rendered":""},"content":{"rendered":"<p style=\"text-align: center;\">Resume<\/p>\n<p><b><span lang=\"EN-GB\">The Victimization in Cases of Missing Child<br \/>\n<\/span><\/b><span lang=\"EN-GB\"><em>\u010c\u00edrtkov\u00e1, Ludmila<\/em><br \/>\n<\/span><\/p>\n<p><span lang=\"EN-GB\">The article deals with the phenomenon of missing child. The article discusses three main topics. First part informs about the variety of situations, in which the child is missing. The second part describes the trauma of parents after the loss of their child.\u00a0\u00a0The third part characterizes the coping processes and dynamics of parents experiences after the short term and long term absence of the missing child.<br \/>\n<b>Keywords:\u00a0<\/b>missing child, victimization, the trauma of parents, coping processes related to missing the child.<\/span><\/p>\n<hr \/>\n<p><a href=\"https:\/\/veda.polac.cz\/?page_id=2234&amp;lang=en\">Back<\/a><\/p>\n","protected":false},"excerpt":{"rendered":"<p>Resume The Victimization in Cases of Missing Child \u010c\u00edrtkov\u00e1, Ludmila The article deals with the phenomenon of missing child. The article discusses three main topics. First part informs about the variety of situations, in which the child is missing. The second part describes the trauma of parents after the loss of their child.\u00a0\u00a0The third part [&hellip;]<\/p>\n","protected":false},"author":2,"featured_media":0,"parent":2234,"menu_order":0,"comment_status":"closed","ping_status":"closed","template":"","meta":{"footnotes":""},"class_list":["post-4891","page","type-page","status-publish","hentry"],"_links":{"self":[{"href":"https:\/\/veda.polac.cz\/index.php?rest_route=\/wp\/v2\/pages\/4891","targetHints":{"allow":["GET"]}}],"collection":[{"href":"https:\/\/veda.polac.cz\/index.php?rest_route=\/wp\/v2\/pages"}],"about":[{"href":"https:\/\/veda.polac.cz\/index.php?rest_route=\/wp\/v2\/types\/page"}],"author":[{"embeddable":true,"href":"https:\/\/veda.polac.cz\/index.php?rest_route=\/wp\/v2\/users\/2"}],"replies":[{"embeddable":true,"href":"https:\/\/veda.polac.cz\/index.php?rest_route=%2Fwp%2Fv2%2Fcomments&post=4891"}],"version-history":[{"count":2,"href":"https:\/\/veda.polac.cz\/index.php?rest_route=\/wp\/v2\/pages\/4891\/revisions"}],"predecessor-version":[{"id":4908,"href":"https:\/\/veda.polac.cz\/index.php?rest_route=\/wp\/v2\/pages\/4891\/revisions\/4908"}],"up":[{"embeddable":true,"href":"https:\/\/veda.polac.cz\/index.php?rest_route=\/wp\/v2\/pages\/2234"}],"wp:attachment":[{"href":"https:\/\/veda.polac.cz\/index.php?rest_route=%2Fwp%2Fv2%2Fmedia&parent=4891"}],"curies":[{"name":"wp","href":"https:\/\/api.w.org\/{rel}","templated":true}]}}