{"id":485,"date":"2018-09-13T16:56:35","date_gmt":"2018-09-13T16:56:35","guid":{"rendered":"http:\/\/veda.polac.cz\/?page_id=485"},"modified":"2018-10-27T19:01:13","modified_gmt":"2018-10-27T19:01:13","slug":"6-2","status":"publish","type":"page","link":"https:\/\/veda.polac.cz\/?page_id=485","title":{"rendered":""},"content":{"rendered":"<p style=\"text-align: center;\">Resum\u00e9 \u010dl\u00e1nku<\/p>\n<p><strong>Kandid\u00e1ti na prezidenta spojen\u00fdch st\u00e1t\u016f americk\u00fdch a jejich budouc\u00ed zahrani\u010dn\u00ed politika<br \/>\n<\/strong><i>Mgr. Ji\u0159\u00ed V\u00ed\u0161ek, Fakulta bezpe\u010dnostn\u00edho managementu PA \u010cR v Praze, Katedra ve\u0159ejnopr\u00e1vn\u00edch discipl\u00edn<br \/>\nMarek Cimpl, M. A., absolvent Metropolitan university of London, UK<\/p>\n<p><\/i>Tento \u010dl\u00e1nek se zab\u00fdv\u00e1 zahrani\u010dn\u00ed politikou dvou hlavn\u00edch prezidentsk\u00fdch kandid\u00e1t\u016f v nadch\u00e1zej\u00edc\u00edch americk\u00fdch prezidentsk\u00fdch volb\u00e1ch. USA jsou st\u00e1le jedinou glob\u00e1ln\u00ed supervelmoc\u00ed na sv\u011bt\u011b a jejich prezident a nejvy\u0161\u0161\u00ed velitel ozbrojen\u00fdch sil z\u00e1rove\u0148 bude muset u\u010dinit mnoho obt\u00ed\u017en\u00fdch rozhodnut\u00ed. \u010cl\u00e1nek se v prvn\u00ed \u010d\u00e1sti soust\u0159ed\u00ed na demokratickou kandid\u00e1tku Hillary Clintonovou a jej\u00ed zku\u0161enosti se zahrani\u010dn\u00ed politikou z doby, kdy slou\u017eila jako ministryn\u011b zahrani\u010d\u00ed. V druh\u00e9 \u010d\u00e1st \u010dl\u00e1nek analyzuje n\u00e1zory a prohl\u00e1\u0161en\u00ed Clintonov\u00e9 na r\u016fzn\u00e1 t\u00e9mata a konflikty po sv\u011bt\u011b. V potaz se tak\u00e9 berou jej\u00ed p\u0159edchoz\u00ed zku\u0161enosti z vl\u00e1dn\u00edch post\u016f. Ve t\u0159et\u00ed \u010d\u00e1sti se \u010dl\u00e1nek zam\u011b\u0159uje na republik\u00e1nsk\u00e9ho prezidentsk\u00e9ho kandid\u00e1ta Donalda Trumpa a jeho zahrani\u010dn\u00ed politiku. D\u016fraz je kladen nejen na navrhovan\u00e9 mo\u017enosti \u0159e\u0161en\u00ed konkr\u00e9tn\u00edch probl\u00e9m\u016f, ale tak\u00e9 na obecn\u00fd sm\u011br ub\u00edr\u00e1n\u00ed zahrani\u010dn\u00ed politiky u obou kandid\u00e1t\u016f. Poklady pro tuto anal\u00fdzu jsou zejm\u00e9na v kandid\u00e1tsk\u00fdch proslovech b\u011bhem kampan\u011b, televizn\u00edch debat a rozhovor\u016f, nebo tak\u00e9 z ofici\u00e1ln\u00edch str\u00e1nek. D\u016fle\u017eitou sou\u010d\u00e1st\u00ed u\u017e\u00edvan\u00fdch zdroj\u016f jsou tak\u00e9 p\u0159\u00edsp\u011bvky politick\u00fdch koment\u00e1tor\u016f.<br \/>\n<strong>Kl\u00ed\u010dov\u00e1 slova:<\/strong>\u00a0americk\u00e9 prezidentsk\u00e9 volby, Hillary Clinton, Donald Trump, zahrani\u010dn\u00ed politika, S\u00fdrie, \u010c\u00edna, demokrat\u00e9, republik\u00e1ni.<\/p>\n<p><a href=\"https:\/\/veda.polac.cz\/?page_id=464\">04\/2016<\/a><\/p>\n","protected":false},"excerpt":{"rendered":"<p>Resum\u00e9 \u010dl\u00e1nku Kandid\u00e1ti na prezidenta spojen\u00fdch st\u00e1t\u016f americk\u00fdch a jejich budouc\u00ed zahrani\u010dn\u00ed politika Mgr. Ji\u0159\u00ed V\u00ed\u0161ek, Fakulta bezpe\u010dnostn\u00edho managementu PA \u010cR v Praze, Katedra ve\u0159ejnopr\u00e1vn\u00edch discipl\u00edn Marek Cimpl, M. A., absolvent Metropolitan university of London, UK Tento \u010dl\u00e1nek se zab\u00fdv\u00e1 zahrani\u010dn\u00ed politikou dvou hlavn\u00edch prezidentsk\u00fdch kandid\u00e1t\u016f v nadch\u00e1zej\u00edc\u00edch americk\u00fdch prezidentsk\u00fdch volb\u00e1ch. USA jsou st\u00e1le jedinou [&hellip;]<\/p>\n","protected":false},"author":2,"featured_media":0,"parent":464,"menu_order":6,"comment_status":"closed","ping_status":"closed","template":"","meta":{"footnotes":""},"class_list":["post-485","page","type-page","status-publish","hentry"],"_links":{"self":[{"href":"https:\/\/veda.polac.cz\/index.php?rest_route=\/wp\/v2\/pages\/485","targetHints":{"allow":["GET"]}}],"collection":[{"href":"https:\/\/veda.polac.cz\/index.php?rest_route=\/wp\/v2\/pages"}],"about":[{"href":"https:\/\/veda.polac.cz\/index.php?rest_route=\/wp\/v2\/types\/page"}],"author":[{"embeddable":true,"href":"https:\/\/veda.polac.cz\/index.php?rest_route=\/wp\/v2\/users\/2"}],"replies":[{"embeddable":true,"href":"https:\/\/veda.polac.cz\/index.php?rest_route=%2Fwp%2Fv2%2Fcomments&post=485"}],"version-history":[{"count":2,"href":"https:\/\/veda.polac.cz\/index.php?rest_route=\/wp\/v2\/pages\/485\/revisions"}],"predecessor-version":[{"id":500,"href":"https:\/\/veda.polac.cz\/index.php?rest_route=\/wp\/v2\/pages\/485\/revisions\/500"}],"up":[{"embeddable":true,"href":"https:\/\/veda.polac.cz\/index.php?rest_route=\/wp\/v2\/pages\/464"}],"wp:attachment":[{"href":"https:\/\/veda.polac.cz\/index.php?rest_route=%2Fwp%2Fv2%2Fmedia&parent=485"}],"curies":[{"name":"wp","href":"https:\/\/api.w.org\/{rel}","templated":true}]}}