{"id":4773,"date":"2019-04-24T08:30:33","date_gmt":"2019-04-24T08:30:33","guid":{"rendered":"http:\/\/veda.polac.cz\/?page_id=4773"},"modified":"2019-04-24T09:05:46","modified_gmt":"2019-04-24T09:05:46","slug":"9-2","status":"publish","type":"page","link":"https:\/\/veda.polac.cz\/?page_id=4773&lang=en","title":{"rendered":""},"content":{"rendered":"<p style=\"text-align: center;\">Resume<\/p>\n<p><strong>Use of Preliminary Passengers Assessment Syst\u00e9m &#8222;Global Security Database for Aviation&#8220; at Airports<\/strong><br \/>\n<em>Bc. Ing. Daniel Mar\u0161\u00e1lek, Bc. Ondrej Palat\u00e1\u0161, doc. Mgr. Ing. Radom\u00edr \u0160\u010durek, Ph.D.<\/em><\/p>\n<p>The article deals with the issue of implementation of the preliminary passenger&#8217;s assessment in terms of international airport. The proposed system works with a series of data from operational, security and information databases and on the basis of their processing, expert algorithm identifies the risk level of a particular passenger &#8211; even before his arrival at the airport &#8211; and assigns him the status. This article analyzes the system, from the procedural point of view, thus from the process of booking a ticket to the passenger arrival at the airport, through check-in, security check to boarding.<br \/>\n<strong>Key words:<\/strong>\u00a0airport, attack, database, GSDA, implementation, passenger, security, preliminary assesment, terrorism.<\/p>\n<hr \/>\n<p><a href=\"https:\/\/veda.polac.cz\/?page_id=2053&amp;lang=en\">Back<\/a><\/p>\n","protected":false},"excerpt":{"rendered":"<p>Resume Use of Preliminary Passengers Assessment Syst\u00e9m &#8222;Global Security Database for Aviation&#8220; at Airports Bc. Ing. Daniel Mar\u0161\u00e1lek, Bc. Ondrej Palat\u00e1\u0161, doc. Mgr. Ing. Radom\u00edr \u0160\u010durek, Ph.D. The article deals with the issue of implementation of the preliminary passenger&#8217;s assessment in terms of international airport. The proposed system works with a series of data from [&hellip;]<\/p>\n","protected":false},"author":2,"featured_media":0,"parent":2053,"menu_order":0,"comment_status":"closed","ping_status":"closed","template":"","meta":{"footnotes":""},"class_list":["post-4773","page","type-page","status-publish","hentry"],"_links":{"self":[{"href":"https:\/\/veda.polac.cz\/index.php?rest_route=\/wp\/v2\/pages\/4773","targetHints":{"allow":["GET"]}}],"collection":[{"href":"https:\/\/veda.polac.cz\/index.php?rest_route=\/wp\/v2\/pages"}],"about":[{"href":"https:\/\/veda.polac.cz\/index.php?rest_route=\/wp\/v2\/types\/page"}],"author":[{"embeddable":true,"href":"https:\/\/veda.polac.cz\/index.php?rest_route=\/wp\/v2\/users\/2"}],"replies":[{"embeddable":true,"href":"https:\/\/veda.polac.cz\/index.php?rest_route=%2Fwp%2Fv2%2Fcomments&post=4773"}],"version-history":[{"count":2,"href":"https:\/\/veda.polac.cz\/index.php?rest_route=\/wp\/v2\/pages\/4773\/revisions"}],"predecessor-version":[{"id":4794,"href":"https:\/\/veda.polac.cz\/index.php?rest_route=\/wp\/v2\/pages\/4773\/revisions\/4794"}],"up":[{"embeddable":true,"href":"https:\/\/veda.polac.cz\/index.php?rest_route=\/wp\/v2\/pages\/2053"}],"wp:attachment":[{"href":"https:\/\/veda.polac.cz\/index.php?rest_route=%2Fwp%2Fv2%2Fmedia&parent=4773"}],"curies":[{"name":"wp","href":"https:\/\/api.w.org\/{rel}","templated":true}]}}