{"id":4719,"date":"2019-04-24T07:39:14","date_gmt":"2019-04-24T07:39:14","guid":{"rendered":"http:\/\/veda.polac.cz\/?page_id=4719"},"modified":"2019-04-24T07:49:56","modified_gmt":"2019-04-24T07:49:56","slug":"5-2","status":"publish","type":"page","link":"https:\/\/veda.polac.cz\/?page_id=4719&lang=en","title":{"rendered":""},"content":{"rendered":"<p style=\"text-align: center;\">Resume<\/p>\n<p><strong>Co-Integration Analysis of Yearly Time Series of Selected Statistical Data of the Police of the Czech Republic<\/strong><br \/>\n<em>Dr. Zden\u011bk Kova\u0159\u00edk, CSc.<\/em><\/p>\n<p>The presented paper analyses the relation between the numbers of police officers and identified or cleared-up rate of crime incidents in the Czech Republic.<br \/>\n<strong>Key words:<\/strong>\u00a0number of police officers, crime clear-up rate, indentified crime rate, one-equation model.<\/p>\n<hr \/>\n<p><a href=\"https:\/\/veda.polac.cz\/?page_id=2055&amp;lang=en\">Back<\/a><\/p>\n","protected":false},"excerpt":{"rendered":"<p>Resume Co-Integration Analysis of Yearly Time Series of Selected Statistical Data of the Police of the Czech Republic Dr. Zden\u011bk Kova\u0159\u00edk, CSc. The presented paper analyses the relation between the numbers of police officers and identified or cleared-up rate of crime incidents in the Czech Republic. Key words:\u00a0number of police officers, crime clear-up rate, indentified [&hellip;]<\/p>\n","protected":false},"author":2,"featured_media":0,"parent":2055,"menu_order":0,"comment_status":"closed","ping_status":"closed","template":"","meta":{"footnotes":""},"class_list":["post-4719","page","type-page","status-publish","hentry"],"_links":{"self":[{"href":"https:\/\/veda.polac.cz\/index.php?rest_route=\/wp\/v2\/pages\/4719","targetHints":{"allow":["GET"]}}],"collection":[{"href":"https:\/\/veda.polac.cz\/index.php?rest_route=\/wp\/v2\/pages"}],"about":[{"href":"https:\/\/veda.polac.cz\/index.php?rest_route=\/wp\/v2\/types\/page"}],"author":[{"embeddable":true,"href":"https:\/\/veda.polac.cz\/index.php?rest_route=\/wp\/v2\/users\/2"}],"replies":[{"embeddable":true,"href":"https:\/\/veda.polac.cz\/index.php?rest_route=%2Fwp%2Fv2%2Fcomments&post=4719"}],"version-history":[{"count":2,"href":"https:\/\/veda.polac.cz\/index.php?rest_route=\/wp\/v2\/pages\/4719\/revisions"}],"predecessor-version":[{"id":4748,"href":"https:\/\/veda.polac.cz\/index.php?rest_route=\/wp\/v2\/pages\/4719\/revisions\/4748"}],"up":[{"embeddable":true,"href":"https:\/\/veda.polac.cz\/index.php?rest_route=\/wp\/v2\/pages\/2055"}],"wp:attachment":[{"href":"https:\/\/veda.polac.cz\/index.php?rest_route=%2Fwp%2Fv2%2Fmedia&parent=4719"}],"curies":[{"name":"wp","href":"https:\/\/api.w.org\/{rel}","templated":true}]}}