{"id":4683,"date":"2019-04-24T07:00:38","date_gmt":"2019-04-24T07:00:38","guid":{"rendered":"http:\/\/veda.polac.cz\/?page_id=4683"},"modified":"2019-04-24T07:06:16","modified_gmt":"2019-04-24T07:06:16","slug":"16-2","status":"publish","type":"page","link":"https:\/\/veda.polac.cz\/?page_id=4683&lang=en","title":{"rendered":""},"content":{"rendered":"<p style=\"text-align: center;\">Resume<\/p>\n<p style=\"font-weight: 400;\"><strong>Alcohol in Mass Gatherings<br \/>\n<\/strong><em>Z\u00e1mek, David, Bla\u017eejovsk\u00fd, Marek:<br \/>\n<\/em><\/p>\n<p style=\"font-weight: 400;\">The article is one of the results of the partial project \u201eMass Gatherings\u201d which is the part of the major research done by the Institute of Police and Security Studies and by the Police Academy of \u010cR in Prague having the title \u201eTheoretical Problems of Security Research Related to the System of\u00a0Protection of Inner Security of the State.\u201d<br \/>\nKeywords: police, mass gatherings, illegal drugs, public order.<\/p>\n<hr \/>\n<p><a href=\"https:\/\/veda.polac.cz\/?page_id=2244&amp;lang=en\">Back<\/a><\/p>\n","protected":false},"excerpt":{"rendered":"<p>Resume Alcohol in Mass Gatherings Z\u00e1mek, David, Bla\u017eejovsk\u00fd, Marek: The article is one of the results of the partial project \u201eMass Gatherings\u201d which is the part of the major research done by the Institute of Police and Security Studies and by the Police Academy of \u010cR in Prague having the title \u201eTheoretical Problems of Security [&hellip;]<\/p>\n","protected":false},"author":2,"featured_media":0,"parent":2244,"menu_order":0,"comment_status":"closed","ping_status":"closed","template":"","meta":{"footnotes":""},"class_list":["post-4683","page","type-page","status-publish","hentry"],"_links":{"self":[{"href":"https:\/\/veda.polac.cz\/index.php?rest_route=\/wp\/v2\/pages\/4683","targetHints":{"allow":["GET"]}}],"collection":[{"href":"https:\/\/veda.polac.cz\/index.php?rest_route=\/wp\/v2\/pages"}],"about":[{"href":"https:\/\/veda.polac.cz\/index.php?rest_route=\/wp\/v2\/types\/page"}],"author":[{"embeddable":true,"href":"https:\/\/veda.polac.cz\/index.php?rest_route=\/wp\/v2\/users\/2"}],"replies":[{"embeddable":true,"href":"https:\/\/veda.polac.cz\/index.php?rest_route=%2Fwp%2Fv2%2Fcomments&post=4683"}],"version-history":[{"count":2,"href":"https:\/\/veda.polac.cz\/index.php?rest_route=\/wp\/v2\/pages\/4683\/revisions"}],"predecessor-version":[{"id":4697,"href":"https:\/\/veda.polac.cz\/index.php?rest_route=\/wp\/v2\/pages\/4683\/revisions\/4697"}],"up":[{"embeddable":true,"href":"https:\/\/veda.polac.cz\/index.php?rest_route=\/wp\/v2\/pages\/2244"}],"wp:attachment":[{"href":"https:\/\/veda.polac.cz\/index.php?rest_route=%2Fwp%2Fv2%2Fmedia&parent=4683"}],"curies":[{"name":"wp","href":"https:\/\/api.w.org\/{rel}","templated":true}]}}