{"id":4460,"date":"2019-04-23T20:50:35","date_gmt":"2019-04-23T20:50:35","guid":{"rendered":"http:\/\/veda.polac.cz\/?page_id=4460"},"modified":"2019-04-23T21:14:48","modified_gmt":"2019-04-23T21:14:48","slug":"10-2","status":"publish","type":"page","link":"https:\/\/veda.polac.cz\/?page_id=4460&lang=en","title":{"rendered":""},"content":{"rendered":"<p style=\"text-align: center;\">Resume<\/p>\n<p style=\"font-weight: 400;\"><strong>\u00a0Sport and Penal Law<br \/>\n<\/strong><em>Voleveck\u00fd Franti\u0161ek, Voleveck\u00fd Petr:\u00a0<\/em><em><br \/>\n<\/em><\/p>\n<p style=\"font-weight: 400;\">The authors deal with the problem of recourse of sportsmen for breaking sports rules. They define the term \u201csport\u201d itself and imply possible approaches how to solve the relationship between sport and the consequences occurring in sport activities seen as crucial from the viewpoint\u00a0\u00a0of the Penal Law.<br \/>\nKey words: sport, Penal Law, sport behaviour, ethics.<\/p>\n<hr \/>\n<p style=\"font-weight: 400;\"><a href=\"https:\/\/veda.polac.cz\/?page_id=2257&amp;lang=en\">Back<\/a><\/p>\n","protected":false},"excerpt":{"rendered":"<p>Resume \u00a0Sport and Penal Law Voleveck\u00fd Franti\u0161ek, Voleveck\u00fd Petr:\u00a0 The authors deal with the problem of recourse of sportsmen for breaking sports rules. They define the term \u201csport\u201d itself and imply possible approaches how to solve the relationship between sport and the consequences occurring in sport activities seen as crucial from the viewpoint\u00a0\u00a0of the Penal [&hellip;]<\/p>\n","protected":false},"author":2,"featured_media":0,"parent":2257,"menu_order":0,"comment_status":"closed","ping_status":"closed","template":"","meta":{"footnotes":""},"class_list":["post-4460","page","type-page","status-publish","hentry"],"_links":{"self":[{"href":"https:\/\/veda.polac.cz\/index.php?rest_route=\/wp\/v2\/pages\/4460","targetHints":{"allow":["GET"]}}],"collection":[{"href":"https:\/\/veda.polac.cz\/index.php?rest_route=\/wp\/v2\/pages"}],"about":[{"href":"https:\/\/veda.polac.cz\/index.php?rest_route=\/wp\/v2\/types\/page"}],"author":[{"embeddable":true,"href":"https:\/\/veda.polac.cz\/index.php?rest_route=\/wp\/v2\/users\/2"}],"replies":[{"embeddable":true,"href":"https:\/\/veda.polac.cz\/index.php?rest_route=%2Fwp%2Fv2%2Fcomments&post=4460"}],"version-history":[{"count":2,"href":"https:\/\/veda.polac.cz\/index.php?rest_route=\/wp\/v2\/pages\/4460\/revisions"}],"predecessor-version":[{"id":4482,"href":"https:\/\/veda.polac.cz\/index.php?rest_route=\/wp\/v2\/pages\/4460\/revisions\/4482"}],"up":[{"embeddable":true,"href":"https:\/\/veda.polac.cz\/index.php?rest_route=\/wp\/v2\/pages\/2257"}],"wp:attachment":[{"href":"https:\/\/veda.polac.cz\/index.php?rest_route=%2Fwp%2Fv2%2Fmedia&parent=4460"}],"curies":[{"name":"wp","href":"https:\/\/api.w.org\/{rel}","templated":true}]}}