{"id":4287,"date":"2019-04-22T16:06:52","date_gmt":"2019-04-22T16:06:52","guid":{"rendered":"http:\/\/veda.polac.cz\/?page_id=4287"},"modified":"2019-04-22T16:10:50","modified_gmt":"2019-04-22T16:10:50","slug":"14-2","status":"publish","type":"page","link":"https:\/\/veda.polac.cz\/?page_id=4287&lang=en","title":{"rendered":""},"content":{"rendered":"<p style=\"text-align: center;\">Resume<\/p>\n<p><strong>Countries of Western Balkans: Promising Partner for Cooperation Part 1 Croatia and Slovenia<\/strong><br \/>\n<em>Mgr. Luk\u00e1\u0161 Harazin, Mgr. Old\u0159ich Krul\u00edk, Ph.D. Ing. Alen Stranjik, prof. Ing. Bed\u0159ich \u0160est\u00e1k, DrSc.<\/em><\/p>\n<p>The paper outlines characteristic of &#8222;police&#8220; educational institutions in countries of &#8222;former-Yugoslavia region&#8220; and Albania. This part of the article deals with Croatia and Slovenia. Local educational systems and specific features of educational programmes bear in some respects surprising similarities, in other respect they are fundamentally different from what we understand under a police educational system in the Czech Republic and other countries of Central and Western Europe.<br \/>\n<strong>Keywords:<\/strong>\u00a0police education, Croatia, Slovenia, crisis management, international cooperation.<\/p>\n<hr \/>\n<p><a href=\"https:\/\/veda.polac.cz\/?page_id=2077&amp;lang=en\">Back<\/a><\/p>\n","protected":false},"excerpt":{"rendered":"<p>Resume Countries of Western Balkans: Promising Partner for Cooperation Part 1 Croatia and Slovenia Mgr. Luk\u00e1\u0161 Harazin, Mgr. Old\u0159ich Krul\u00edk, Ph.D. Ing. Alen Stranjik, prof. Ing. Bed\u0159ich \u0160est\u00e1k, DrSc. The paper outlines characteristic of &#8222;police&#8220; educational institutions in countries of &#8222;former-Yugoslavia region&#8220; and Albania. This part of the article deals with Croatia and Slovenia. Local [&hellip;]<\/p>\n","protected":false},"author":2,"featured_media":0,"parent":2077,"menu_order":0,"comment_status":"closed","ping_status":"closed","template":"","meta":{"footnotes":""},"class_list":["post-4287","page","type-page","status-publish","hentry"],"_links":{"self":[{"href":"https:\/\/veda.polac.cz\/index.php?rest_route=\/wp\/v2\/pages\/4287","targetHints":{"allow":["GET"]}}],"collection":[{"href":"https:\/\/veda.polac.cz\/index.php?rest_route=\/wp\/v2\/pages"}],"about":[{"href":"https:\/\/veda.polac.cz\/index.php?rest_route=\/wp\/v2\/types\/page"}],"author":[{"embeddable":true,"href":"https:\/\/veda.polac.cz\/index.php?rest_route=\/wp\/v2\/users\/2"}],"replies":[{"embeddable":true,"href":"https:\/\/veda.polac.cz\/index.php?rest_route=%2Fwp%2Fv2%2Fcomments&post=4287"}],"version-history":[{"count":2,"href":"https:\/\/veda.polac.cz\/index.php?rest_route=\/wp\/v2\/pages\/4287\/revisions"}],"predecessor-version":[{"id":4292,"href":"https:\/\/veda.polac.cz\/index.php?rest_route=\/wp\/v2\/pages\/4287\/revisions\/4292"}],"up":[{"embeddable":true,"href":"https:\/\/veda.polac.cz\/index.php?rest_route=\/wp\/v2\/pages\/2077"}],"wp:attachment":[{"href":"https:\/\/veda.polac.cz\/index.php?rest_route=%2Fwp%2Fv2%2Fmedia&parent=4287"}],"curies":[{"name":"wp","href":"https:\/\/api.w.org\/{rel}","templated":true}]}}