{"id":381,"date":"2018-09-08T13:56:42","date_gmt":"2018-09-08T13:56:42","guid":{"rendered":"http:\/\/veda.polac.cz\/?page_id=381"},"modified":"2018-11-03T00:06:20","modified_gmt":"2018-11-03T00:06:20","slug":"5-2","status":"publish","type":"page","link":"https:\/\/veda.polac.cz\/?page_id=381","title":{"rendered":""},"content":{"rendered":"<p style=\"text-align: center;\">Resum\u00e9 \u010dl\u00e1nku<\/p>\n<p><strong>Ke k\u00e1ze\u0148sk\u00e9 odpov\u011bdnosti p\u0159\u00edslu\u0161n\u00edk\u016f bezpe\u010dnostn\u00edch sbor\u016f\u00a0<\/strong><br \/>\n<em>JUDr. Zden\u011bk Fiala, Ph.D.<\/em><br \/>\n<em>Fakulta bezpe\u010dnostn\u00edho managementu PA \u010cR v Praze Katedra ve\u0159ejn\u00e9 spr\u00e1vy<\/em><\/p>\n<p>V tomto p\u0159\u00edsp\u011bvku se autor zab\u00fdv\u00e1 teoretick\u00fdm vymezen\u00ed delikt\u016f, jich\u017e se mohou p\u0159\u00edslu\u0161n\u00edci bezpe\u010dnostn\u00edch sbor\u016f dopustit a vz\u00e1jemn\u00fdmi vztahy mezi t\u011bmito delikty a trestn\u00fdmi \u010diny z hlediska principu non bis in idem.<br \/>\n<strong>Kl\u00ed\u010dov\u00e1 slova:\u00a0<\/strong>k\u00e1ze\u0148sk\u00e1 odpov\u011bdnost, k\u00e1ze\u0148sk\u00fd p\u0159estupek, jedn\u00e1n\u00ed, kter\u00e9 m\u00e1 znaky p\u0159estupku, trestn\u00fd \u010din, princip non bis in idem.<\/p>\n<p><a href=\"https:\/\/veda.polac.cz\/wp-content\/uploads\/2018\/11\/012017Ke-k\u00e1ze\u0148sk\u00e9-odpov\u011bdnosti-p\u0159\u00edslu\u0161n\u00edk\u016f-bezpe\u010dnostn\u00edch-sbor\u016f.pdf\">Pdf form\u00e1t<\/a><\/p>\n<p><a href=\"https:\/\/veda.polac.cz\/?page_id=120\">01\/2017<\/a><\/p>\n","protected":false},"excerpt":{"rendered":"<p>Resum\u00e9 \u010dl\u00e1nku Ke k\u00e1ze\u0148sk\u00e9 odpov\u011bdnosti p\u0159\u00edslu\u0161n\u00edk\u016f bezpe\u010dnostn\u00edch sbor\u016f\u00a0 JUDr. Zden\u011bk Fiala, Ph.D. Fakulta bezpe\u010dnostn\u00edho managementu PA \u010cR v Praze Katedra ve\u0159ejn\u00e9 spr\u00e1vy V tomto p\u0159\u00edsp\u011bvku se autor zab\u00fdv\u00e1 teoretick\u00fdm vymezen\u00ed delikt\u016f, jich\u017e se mohou p\u0159\u00edslu\u0161n\u00edci bezpe\u010dnostn\u00edch sbor\u016f dopustit a vz\u00e1jemn\u00fdmi vztahy mezi t\u011bmito delikty a trestn\u00fdmi \u010diny z hlediska principu non bis in idem. Kl\u00ed\u010dov\u00e1 [&hellip;]<\/p>\n","protected":false},"author":2,"featured_media":0,"parent":120,"menu_order":5,"comment_status":"closed","ping_status":"closed","template":"","meta":{"footnotes":""},"class_list":["post-381","page","type-page","status-publish","hentry"],"_links":{"self":[{"href":"https:\/\/veda.polac.cz\/index.php?rest_route=\/wp\/v2\/pages\/381","targetHints":{"allow":["GET"]}}],"collection":[{"href":"https:\/\/veda.polac.cz\/index.php?rest_route=\/wp\/v2\/pages"}],"about":[{"href":"https:\/\/veda.polac.cz\/index.php?rest_route=\/wp\/v2\/types\/page"}],"author":[{"embeddable":true,"href":"https:\/\/veda.polac.cz\/index.php?rest_route=\/wp\/v2\/users\/2"}],"replies":[{"embeddable":true,"href":"https:\/\/veda.polac.cz\/index.php?rest_route=%2Fwp%2Fv2%2Fcomments&post=381"}],"version-history":[{"count":4,"href":"https:\/\/veda.polac.cz\/index.php?rest_route=\/wp\/v2\/pages\/381\/revisions"}],"predecessor-version":[{"id":2211,"href":"https:\/\/veda.polac.cz\/index.php?rest_route=\/wp\/v2\/pages\/381\/revisions\/2211"}],"up":[{"embeddable":true,"href":"https:\/\/veda.polac.cz\/index.php?rest_route=\/wp\/v2\/pages\/120"}],"wp:attachment":[{"href":"https:\/\/veda.polac.cz\/index.php?rest_route=%2Fwp%2Fv2%2Fmedia&parent=381"}],"curies":[{"name":"wp","href":"https:\/\/api.w.org\/{rel}","templated":true}]}}