{"id":3804,"date":"2019-04-21T15:41:35","date_gmt":"2019-04-21T15:41:35","guid":{"rendered":"http:\/\/veda.polac.cz\/?page_id=3804"},"modified":"2019-04-21T15:53:31","modified_gmt":"2019-04-21T15:53:31","slug":"2-2","status":"publish","type":"page","link":"https:\/\/veda.polac.cz\/?page_id=3804&lang=en","title":{"rendered":""},"content":{"rendered":"<p style=\"text-align: center;\">Resume<\/p>\n<p><strong>Analysis of Lifelong Learning at the Police Academy of the Czech Republic in the Academic Year 2013\/2014 and Their Comparison With the Previous Year 2012\/2013<br \/>\n<\/strong><em>Dr. Zden\u011bk Kova\u0159\u00edk, CSc., Department of science and research PA Czech Republic in Prague<\/em><br \/>\n<em>Mgr. Jarmila Chvostkov\u00e1, Department of Lifelong Learning PA Czech Republic in Prague<\/em><\/p>\n<p>Submitted article collects on analysis results lifelong learning on Police Academy Czech Republic. Analysed data was gained questionnaire inquiry near old boy single courses in phase 2012\/2013 and 2013\/2014. On the grounds descriptive statistical analyses were to be ascertained absolute and relative percent occurrence categorize of dates behind period 2013\/2014. Assesment position single courses in phase 2013\/2014 in the framework achieved points of the total average weighted score was carried with usage regression tree. Usage coefficient effect Size of difference mean value (Cohen&#8217;s d) was tested experimental presumption about better evaluation substantial pages assessed courses in phase 2013\/2014 compared to previous period 2012\/2013.<br \/>\n<strong>Key words:<\/strong>\u00a0Courses lifelong learning, Regression Tree, Effect size, Cohen&#8217;s d, Hedges&#8217;s g, Glass&#8217;s delta, Statistic CLES.<\/p>\n<hr \/>\n<p><a href=\"https:\/\/veda.polac.cz\/?page_id=2037&amp;lang=en\">Back<\/a><\/p>\n","protected":false},"excerpt":{"rendered":"<p>Resume Analysis of Lifelong Learning at the Police Academy of the Czech Republic in the Academic Year 2013\/2014 and Their Comparison With the Previous Year 2012\/2013 Dr. Zden\u011bk Kova\u0159\u00edk, CSc., Department of science and research PA Czech Republic in Prague Mgr. Jarmila Chvostkov\u00e1, Department of Lifelong Learning PA Czech Republic in Prague Submitted article collects [&hellip;]<\/p>\n","protected":false},"author":2,"featured_media":0,"parent":2037,"menu_order":0,"comment_status":"closed","ping_status":"closed","template":"","meta":{"footnotes":""},"class_list":["post-3804","page","type-page","status-publish","hentry"],"_links":{"self":[{"href":"https:\/\/veda.polac.cz\/index.php?rest_route=\/wp\/v2\/pages\/3804","targetHints":{"allow":["GET"]}}],"collection":[{"href":"https:\/\/veda.polac.cz\/index.php?rest_route=\/wp\/v2\/pages"}],"about":[{"href":"https:\/\/veda.polac.cz\/index.php?rest_route=\/wp\/v2\/types\/page"}],"author":[{"embeddable":true,"href":"https:\/\/veda.polac.cz\/index.php?rest_route=\/wp\/v2\/users\/2"}],"replies":[{"embeddable":true,"href":"https:\/\/veda.polac.cz\/index.php?rest_route=%2Fwp%2Fv2%2Fcomments&post=3804"}],"version-history":[{"count":2,"href":"https:\/\/veda.polac.cz\/index.php?rest_route=\/wp\/v2\/pages\/3804\/revisions"}],"predecessor-version":[{"id":3824,"href":"https:\/\/veda.polac.cz\/index.php?rest_route=\/wp\/v2\/pages\/3804\/revisions\/3824"}],"up":[{"embeddable":true,"href":"https:\/\/veda.polac.cz\/index.php?rest_route=\/wp\/v2\/pages\/2037"}],"wp:attachment":[{"href":"https:\/\/veda.polac.cz\/index.php?rest_route=%2Fwp%2Fv2%2Fmedia&parent=3804"}],"curies":[{"name":"wp","href":"https:\/\/api.w.org\/{rel}","templated":true}]}}