{"id":374,"date":"2018-09-08T13:53:58","date_gmt":"2018-09-08T13:53:58","guid":{"rendered":"http:\/\/veda.polac.cz\/?page_id=374"},"modified":"2018-11-03T00:05:17","modified_gmt":"2018-11-03T00:05:17","slug":"2-2","status":"publish","type":"page","link":"https:\/\/veda.polac.cz\/?page_id=374","title":{"rendered":""},"content":{"rendered":"<p style=\"text-align: center;\">Resum\u00e9 \u010dl\u00e1nku<\/p>\n<p><strong>Soci\u00e1ln\u00ed profil azylant\u016f a \u017eadatel\u016f o mezin\u00e1rodn\u00ed ochranu v \u010cesk\u00e9 republice\u00a0<\/strong><br \/>\n<em>Mgr. \u0160t\u011bp\u00e1n Strnad, PhD., Fakulta bezpe\u010dnostn\u00edho managementu PA \u010cR v Praze Katedra spole\u010densk\u00fdch v\u011bd<\/em><\/p>\n<p>C\u00edlem p\u0159\u00edsp\u011bvku je p\u0159edstavit v\u00fdsledky ter\u00e9nn\u00edho \u0161et\u0159en\u00ed po povaze soci\u00e1ln\u00edho profilu azylant\u016f a \u017eadatel\u016f o mezin\u00e1rodn\u00ed ochranu ve zvolen\u00fdch st\u0159edisc\u00edch Spr\u00e1vy uprchlick\u00fdch za\u0159\u00edzen\u00ed Ministerstva vnitra a zasadit jej do kontextu sou\u010dasn\u00e9ho stavu leg\u00e1ln\u00ed a neleg\u00e1ln\u00ed migrace do \u010cesk\u00e9 republiky, prvk\u016f st\u00e1tn\u00ed migra\u010dn\u00ed a integra\u010dn\u00ed politiky, popt\u00e1vky \u010desk\u00e9ho pracovn\u00edho trhu a v neposledn\u00ed \u0159ad\u011b tak\u00e9 do kontextu spole\u010densk\u00e9 islamofobn\u00ed radikalizace.<br \/>\n<strong>Kl\u00ed\u010dov\u00e1 slova:<\/strong>\u00a0migrace, isl\u00e1m, sekuritizace, radikalizace, extremismus, azyl, integrace.<\/p>\n<p><a href=\"https:\/\/veda.polac.cz\/wp-content\/uploads\/2018\/11\/012017Soci\u00e1ln\u00ed-profil-azylant\u016f-a-\u017eadatel\u016f-o-mezin\u00e1rodn\u00ed-ochranu-v-\u010cesk\u00e9-republice.pdf\">Pdf form\u00e1t<\/a><\/p>\n<p><a href=\"https:\/\/veda.polac.cz\/?page_id=120\">01\/2017<\/a><\/p>\n","protected":false},"excerpt":{"rendered":"<p>Resum\u00e9 \u010dl\u00e1nku Soci\u00e1ln\u00ed profil azylant\u016f a \u017eadatel\u016f o mezin\u00e1rodn\u00ed ochranu v \u010cesk\u00e9 republice\u00a0 Mgr. \u0160t\u011bp\u00e1n Strnad, PhD., Fakulta bezpe\u010dnostn\u00edho managementu PA \u010cR v Praze Katedra spole\u010densk\u00fdch v\u011bd C\u00edlem p\u0159\u00edsp\u011bvku je p\u0159edstavit v\u00fdsledky ter\u00e9nn\u00edho \u0161et\u0159en\u00ed po povaze soci\u00e1ln\u00edho profilu azylant\u016f a \u017eadatel\u016f o mezin\u00e1rodn\u00ed ochranu ve zvolen\u00fdch st\u0159edisc\u00edch Spr\u00e1vy uprchlick\u00fdch za\u0159\u00edzen\u00ed Ministerstva vnitra a zasadit jej [&hellip;]<\/p>\n","protected":false},"author":2,"featured_media":0,"parent":120,"menu_order":2,"comment_status":"closed","ping_status":"closed","template":"","meta":{"footnotes":""},"class_list":["post-374","page","type-page","status-publish","hentry"],"_links":{"self":[{"href":"https:\/\/veda.polac.cz\/index.php?rest_route=\/wp\/v2\/pages\/374","targetHints":{"allow":["GET"]}}],"collection":[{"href":"https:\/\/veda.polac.cz\/index.php?rest_route=\/wp\/v2\/pages"}],"about":[{"href":"https:\/\/veda.polac.cz\/index.php?rest_route=\/wp\/v2\/types\/page"}],"author":[{"embeddable":true,"href":"https:\/\/veda.polac.cz\/index.php?rest_route=\/wp\/v2\/users\/2"}],"replies":[{"embeddable":true,"href":"https:\/\/veda.polac.cz\/index.php?rest_route=%2Fwp%2Fv2%2Fcomments&post=374"}],"version-history":[{"count":4,"href":"https:\/\/veda.polac.cz\/index.php?rest_route=\/wp\/v2\/pages\/374\/revisions"}],"predecessor-version":[{"id":2208,"href":"https:\/\/veda.polac.cz\/index.php?rest_route=\/wp\/v2\/pages\/374\/revisions\/2208"}],"up":[{"embeddable":true,"href":"https:\/\/veda.polac.cz\/index.php?rest_route=\/wp\/v2\/pages\/120"}],"wp:attachment":[{"href":"https:\/\/veda.polac.cz\/index.php?rest_route=%2Fwp%2Fv2%2Fmedia&parent=374"}],"curies":[{"name":"wp","href":"https:\/\/api.w.org\/{rel}","templated":true}]}}