{"id":3524,"date":"2019-04-20T21:04:21","date_gmt":"2019-04-20T21:04:21","guid":{"rendered":"http:\/\/veda.polac.cz\/?page_id=3524"},"modified":"2019-04-20T21:33:13","modified_gmt":"2019-04-20T21:33:13","slug":"2-2","status":"publish","type":"page","link":"https:\/\/veda.polac.cz\/?page_id=3524&lang=en","title":{"rendered":""},"content":{"rendered":"<p style=\"text-align: center;\">Resume<\/p>\n<p><strong>Social Profile of Asylum Seekers and Applicants for International Protection in the Czech Republic<br \/>\n<\/strong><em>Mgr. \u0160t\u011bp\u00e1n Strnad, PhD., Faculty PA Security Management of the Czech Republic in Prague, Department of Social Sciences<\/em><\/p>\n<p>The purpose of the article is to present terrain research results about social profile of asylum seekers and international protection applicants in the chosen centers of the Refugee Facilities Administration of the Ministry of the Interior, and to set the outputs into the context of the current situation of legal and illegal migration to the Czech Republic, features of the state migration and integration policy, demands of the Czech labor market and also social islamophobia radicalization.<br \/>\n<strong>Keywords:<\/strong> migration, Islam, securitization, radicalization, extremism, asylum, integration.<\/p>\n<hr \/>\n<p><a href=\"https:\/\/veda.polac.cz\/?page_id=2013&amp;lang=en\">Back<\/a><\/p>\n","protected":false},"excerpt":{"rendered":"<p>Resume Social Profile of Asylum Seekers and Applicants for International Protection in the Czech Republic Mgr. \u0160t\u011bp\u00e1n Strnad, PhD., Faculty PA Security Management of the Czech Republic in Prague, Department of Social Sciences The purpose of the article is to present terrain research results about social profile of asylum seekers and international protection applicants in [&hellip;]<\/p>\n","protected":false},"author":2,"featured_media":0,"parent":2013,"menu_order":0,"comment_status":"closed","ping_status":"closed","template":"","meta":{"footnotes":""},"class_list":["post-3524","page","type-page","status-publish","hentry"],"_links":{"self":[{"href":"https:\/\/veda.polac.cz\/index.php?rest_route=\/wp\/v2\/pages\/3524","targetHints":{"allow":["GET"]}}],"collection":[{"href":"https:\/\/veda.polac.cz\/index.php?rest_route=\/wp\/v2\/pages"}],"about":[{"href":"https:\/\/veda.polac.cz\/index.php?rest_route=\/wp\/v2\/types\/page"}],"author":[{"embeddable":true,"href":"https:\/\/veda.polac.cz\/index.php?rest_route=\/wp\/v2\/users\/2"}],"replies":[{"embeddable":true,"href":"https:\/\/veda.polac.cz\/index.php?rest_route=%2Fwp%2Fv2%2Fcomments&post=3524"}],"version-history":[{"count":2,"href":"https:\/\/veda.polac.cz\/index.php?rest_route=\/wp\/v2\/pages\/3524\/revisions"}],"predecessor-version":[{"id":3544,"href":"https:\/\/veda.polac.cz\/index.php?rest_route=\/wp\/v2\/pages\/3524\/revisions\/3544"}],"up":[{"embeddable":true,"href":"https:\/\/veda.polac.cz\/index.php?rest_route=\/wp\/v2\/pages\/2013"}],"wp:attachment":[{"href":"https:\/\/veda.polac.cz\/index.php?rest_route=%2Fwp%2Fv2%2Fmedia&parent=3524"}],"curies":[{"name":"wp","href":"https:\/\/api.w.org\/{rel}","templated":true}]}}

<p style="text-align: center;">Resume</p>
<p><strong>Social Profile of Asylum Seekers and Applicants for International Protection in the Czech Republic<br />
</strong><em>Mgr. Štěpán Strnad, PhD., Faculty PA Security Management of the Czech Republic in Prague, Department of Social Sciences</em></p>
<p>The purpose of the article is to present terrain research results about social profile of asylum seekers and international protection applicants in the chosen centers of the Refugee Facilities Administration of the Ministry of the Interior, and to set the outputs into the context of the current situation of legal and illegal migration to the Czech Republic, features of the state migration and integration policy, demands of the Czech labor market and also social islamophobia radicalization.<br />
<strong>Keywords:</strong> migration, Islam, securitization, radicalization, extremism, asylum, integration.</p>
<hr />
<p><a href="https://veda.polac.cz/?page_id=2013&amp;lang=en">Back</a></p>

<p>Resume Social Profile of Asylum Seekers and Applicants for International Protection in the Czech Republic Mgr. Štěpán Strnad, PhD., Faculty PA Security Management of the Czech Republic in Prague, Department of Social Sciences The purpose of the article is to present terrain research results about social profile of asylum seekers and international protection applicants in [&hellip;]</p>
