{"id":342,"date":"2018-09-08T13:40:03","date_gmt":"2018-09-08T13:40:03","guid":{"rendered":"http:\/\/veda.polac.cz\/?page_id=342"},"modified":"2018-11-02T23:38:37","modified_gmt":"2018-11-02T23:38:37","slug":"7-2","status":"publish","type":"page","link":"https:\/\/veda.polac.cz\/?page_id=342","title":{"rendered":""},"content":{"rendered":"<p style=\"text-align: center;\">Resum\u00e9 \u010dl\u00e1nku<\/p>\n<p><strong>Situa\u010dn\u00ed prevence versus ochrana osobn\u00edch \u00fadaj\u016f<\/strong><br \/>\n<em>Mgr. Vladim\u00edr Oliberius, Policejn\u00ed akademie \u010cesk\u00e9 republiky v Praze,<\/em><br \/>\n<em>Fakulta bezpe\u010dnostn\u011b pr\u00e1vn\u00ed, katedra krimin\u00e1ln\u00ed policie<\/em><\/p>\n<p>Opat\u0159en\u00ed situa\u010dn\u00ed prevence je jednou z mo\u017enost\u00ed jak p\u0159edch\u00e1zet kriminalit\u011b a soci\u00e1ln\u011b patologick\u00fdm jev\u016fm. V praxi v\u0161ak opat\u0159en\u00ed situa\u010dn\u00ed prevence nar\u00e1\u017e\u00ed na ur\u010dit\u00e9 limity. Jedn\u00edm z limit\u016f je ochrana osobnosti. V p\u0159\u00edsp\u011bvku je citov\u00e1no Stanovisko \u010d. 9\/2016 \u00da\u0159adu pro ochranu osobn\u00edch \u00fadaj\u016f. Ve stanovisko \u00da\u0159ad uv\u00e1d\u00ed argumenty, na z\u00e1klad\u011b kter\u00fdch je monitorov\u00e1n\u00ed ve\u0159ejn\u00fdch prostranstv\u00ed obcemi nep\u0159\u00edpustn\u00e9. V p\u0159\u00edsp\u011bvku jsou uvedeny argumenty vych\u00e1zej\u00edc\u00ed z bezpe\u010dnostn\u00ed praxe obc\u00ed. Je zde proveden v\u00fdklad pojm\u016f, citace konkr\u00e9tn\u00edch pr\u00e1vn\u00edch norem. Za z\u00e1sadn\u00ed pro opa\u010dnou argumentaci je vysv\u011btlen\u00ed pojm\u016f ve\u0159ejn\u00fd po\u0159\u00e1dek a vnit\u0159n\u00ed bezpe\u010dnost. Na t\u011bchto z\u00e1kladech jsou vysv\u011btleny argumenty sv\u011bd\u010d\u00edc\u00ed o pr\u00e1vu obc\u00ed monitorovat ve\u0159ejn\u00e1 prostranstv\u00ed kamerov\u00fdm syst\u00e9mem se z\u00e1znamem obrazu.<br \/>\n<strong>Kl\u00ed\u010dov\u00e1 slova:<\/strong>\u00a0situa\u010dn\u00ed prevence, omezen\u00ed situa\u010dn\u00ed prevence, kamerov\u00fd syst\u00e9m, osobnostn\u00ed pr\u00e1va, stanovisko \u00da\u0159adu pro ochranu osobn\u00edch \u00fadaj\u016f, ve\u0159ejn\u00fd po\u0159\u00e1dek, vnit\u0159n\u00ed bezpe\u010dnost.<\/p>\n<p><a href=\"https:\/\/veda.polac.cz\/wp-content\/uploads\/2018\/11\/032017Situa\u010dn\u00ed-prevence-versus-ochrana-osobn\u00edch-\u00fadaj\u016f.pdf\">Pdf form\u00e1t<\/a><\/p>\n<p><a href=\"https:\/\/veda.polac.cz\/?page_id=114\">03\/2017<\/a><\/p>\n","protected":false},"excerpt":{"rendered":"<p>Resum\u00e9 \u010dl\u00e1nku Situa\u010dn\u00ed prevence versus ochrana osobn\u00edch \u00fadaj\u016f Mgr. Vladim\u00edr Oliberius, Policejn\u00ed akademie \u010cesk\u00e9 republiky v Praze, Fakulta bezpe\u010dnostn\u011b pr\u00e1vn\u00ed, katedra krimin\u00e1ln\u00ed policie Opat\u0159en\u00ed situa\u010dn\u00ed prevence je jednou z mo\u017enost\u00ed jak p\u0159edch\u00e1zet kriminalit\u011b a soci\u00e1ln\u011b patologick\u00fdm jev\u016fm. V praxi v\u0161ak opat\u0159en\u00ed situa\u010dn\u00ed prevence nar\u00e1\u017e\u00ed na ur\u010dit\u00e9 limity. Jedn\u00edm z limit\u016f je ochrana osobnosti. V p\u0159\u00edsp\u011bvku [&hellip;]<\/p>\n","protected":false},"author":2,"featured_media":0,"parent":114,"menu_order":7,"comment_status":"closed","ping_status":"closed","template":"","meta":{"footnotes":""},"class_list":["post-342","page","type-page","status-publish","hentry"],"_links":{"self":[{"href":"https:\/\/veda.polac.cz\/index.php?rest_route=\/wp\/v2\/pages\/342","targetHints":{"allow":["GET"]}}],"collection":[{"href":"https:\/\/veda.polac.cz\/index.php?rest_route=\/wp\/v2\/pages"}],"about":[{"href":"https:\/\/veda.polac.cz\/index.php?rest_route=\/wp\/v2\/types\/page"}],"author":[{"embeddable":true,"href":"https:\/\/veda.polac.cz\/index.php?rest_route=\/wp\/v2\/users\/2"}],"replies":[{"embeddable":true,"href":"https:\/\/veda.polac.cz\/index.php?rest_route=%2Fwp%2Fv2%2Fcomments&post=342"}],"version-history":[{"count":4,"href":"https:\/\/veda.polac.cz\/index.php?rest_route=\/wp\/v2\/pages\/342\/revisions"}],"predecessor-version":[{"id":2179,"href":"https:\/\/veda.polac.cz\/index.php?rest_route=\/wp\/v2\/pages\/342\/revisions\/2179"}],"up":[{"embeddable":true,"href":"https:\/\/veda.polac.cz\/index.php?rest_route=\/wp\/v2\/pages\/114"}],"wp:attachment":[{"href":"https:\/\/veda.polac.cz\/index.php?rest_route=%2Fwp%2Fv2%2Fmedia&parent=342"}],"curies":[{"name":"wp","href":"https:\/\/api.w.org\/{rel}","templated":true}]}}