{"id":340,"date":"2018-09-08T13:39:01","date_gmt":"2018-09-08T13:39:01","guid":{"rendered":"http:\/\/veda.polac.cz\/?page_id=340"},"modified":"2018-11-02T23:38:13","modified_gmt":"2018-11-02T23:38:13","slug":"6-2","status":"publish","type":"page","link":"https:\/\/veda.polac.cz\/?page_id=340","title":{"rendered":""},"content":{"rendered":"<p style=\"text-align: center;\">Resum\u00e9 \u010dl\u00e1nku<\/p>\n<p><strong>Teoretick\u00e9 \u0161koly mezin\u00e1rodn\u00edch vztah\u016f a jejich odraz v typologi\u00edch strategick\u00fdch p\u0159\u00edstup\u016f proti n\u00e1siln\u00fdm nest\u00e1tn\u00edm akt\u00e9r\u016fm<\/strong><br \/>\n<em>Mgr. Zden\u011bk Ludv\u00edk, Univerzita Karlova v Praze,<\/em><br \/>\n<em>Fakulta soci\u00e1ln\u00edch v\u011bd, Institut politologick\u00fdch studi\u00ed<\/em><\/p>\n<p>N\u00e1siln\u00ed nest\u00e1tn\u00ed akt\u00e9\u0159i nep\u0159edstavuj\u00ed homogenn\u00ed skupinu, kter\u00e1 by v\u017edy a za v\u0161ech okolnost\u00ed p\u0159edstavovala sv\u00e9mu okol\u00ed v\u00fdlu\u010dn\u011b bezpe\u010dnostn\u00ed hrozbu. V n\u011bkter\u00fdch p\u0159\u00edpadech n\u00e1siln\u00ed nest\u00e1tn\u00ed akt\u00e9\u0159i naopak dok\u00e1\u017e\u00ed jako jedin\u00ed bezpe\u010dnost poskytovat. Tomu by i m\u011bly odpov\u00eddat strategie, jak\u00e9 st\u00e1ty proti n\u00e1siln\u00fdm nest\u00e1tn\u00edm akt\u00e9r\u016fm u\u017e\u00edvaj\u00ed. Tato sta\u0165 tyto strategie klasifikuje a hierarchizuje jejich \u0161irokou \u0161k\u00e1lu, s jakou jsou v odborn\u00e9 a akademick\u00e9 literatu\u0159e pops\u00e1ny. \u010cin\u00ed tak s pomoc\u00ed konceptu interakce akt\u00e9ra a mo\u017enosti jej\u00ed zm\u011bny jako kl\u00ed\u010dov\u00e9ho defini\u010dn\u00edho znaku mezin\u00e1rodn\u00edho syst\u00e9mu. Zachycuje, jak je tento defini\u010dn\u00ed znak nahl\u00ed\u017een ve t\u0159ech d\u016fle\u017eit\u00fdch paradigmatech mezin\u00e1rodn\u00edch vztah\u016f &#8211; (neo)realistick\u00e9m, neoliber\u00e1ln\u00edm a konstruktivistick\u00e9m &#8211; a ukazuje, jak se z\u00e1sadn\u00edm zp\u016fsobem teoretick\u00e9 my\u0161len\u00ed akademick\u00e9ho pole odr\u00e1\u017e\u00ed p\u0159i konceptualizaci strategi\u00ed proti n\u00e1siln\u00fdm nest\u00e1tn\u00edm akt\u00e9r\u016fm. Ve sv\u00e9m z\u00e1v\u011bru sta\u0165 na\u010drt\u00e1 perspektivu nezbytnosti osvojen\u00ed si \u0161ir\u0161\u00edho spektra strategi\u00ed v\u016f\u010di n\u00e1siln\u00fdm nest\u00e1tn\u00edm akt\u00e9r\u016fm st\u00e1ty v r\u00e1mci jejich politick\u00e9 praxe, m\u00e1-li doj\u00edt syst\u00e9mov\u00e9mu a dlouhodob\u011b udr\u017eiteln\u00e9mu \u0159e\u0161en\u00ed t\u00e9to problematiky; sou\u010dasn\u011b ale poukazuje i na \u0159adu \u00faskal\u00ed, se kter\u00fdmi bude nutno se v r\u00e1mci tohoto multistrategick\u00e9ho p\u0159\u00edstupu vypo\u0159\u00e1dat.<br \/>\n<strong>Kl\u00ed\u010dov\u00e1 slova:<\/strong>\u00a0N\u00e1siln\u00ed nest\u00e1tn\u00ed akt\u00e9\u0159i, strategie st\u00e1t\u016f, interakce akt\u00e9ra, teorie mezin\u00e1rodn\u00edch vztah\u016f.<\/p>\n<p><a href=\"https:\/\/veda.polac.cz\/wp-content\/uploads\/2018\/11\/032017Teoretick\u00e9-\u0161koly-mezin\u00e1rodn\u00edch-vztah\u016f-a-jejich-odraz-v-typologi\u00edch-strategick\u00fdch-p\u0159\u00edstup\u016f-proti-n\u00e1siln\u00fdm-nest\u00e1tn\u00edm-akt\u00e9r\u016fm.pdf\">Pdf form\u00e1t<\/a><\/p>\n<p><a href=\"https:\/\/veda.polac.cz\/?page_id=114\">03\/2017<\/a><\/p>\n","protected":false},"excerpt":{"rendered":"<p>Resum\u00e9 \u010dl\u00e1nku Teoretick\u00e9 \u0161koly mezin\u00e1rodn\u00edch vztah\u016f a jejich odraz v typologi\u00edch strategick\u00fdch p\u0159\u00edstup\u016f proti n\u00e1siln\u00fdm nest\u00e1tn\u00edm akt\u00e9r\u016fm Mgr. Zden\u011bk Ludv\u00edk, Univerzita Karlova v Praze, Fakulta soci\u00e1ln\u00edch v\u011bd, Institut politologick\u00fdch studi\u00ed N\u00e1siln\u00ed nest\u00e1tn\u00ed akt\u00e9\u0159i nep\u0159edstavuj\u00ed homogenn\u00ed skupinu, kter\u00e1 by v\u017edy a za v\u0161ech okolnost\u00ed p\u0159edstavovala sv\u00e9mu okol\u00ed v\u00fdlu\u010dn\u011b bezpe\u010dnostn\u00ed hrozbu. V n\u011bkter\u00fdch p\u0159\u00edpadech n\u00e1siln\u00ed nest\u00e1tn\u00ed akt\u00e9\u0159i [&hellip;]<\/p>\n","protected":false},"author":2,"featured_media":0,"parent":114,"menu_order":6,"comment_status":"closed","ping_status":"closed","template":"","meta":{"footnotes":""},"class_list":["post-340","page","type-page","status-publish","hentry"],"_links":{"self":[{"href":"https:\/\/veda.polac.cz\/index.php?rest_route=\/wp\/v2\/pages\/340","targetHints":{"allow":["GET"]}}],"collection":[{"href":"https:\/\/veda.polac.cz\/index.php?rest_route=\/wp\/v2\/pages"}],"about":[{"href":"https:\/\/veda.polac.cz\/index.php?rest_route=\/wp\/v2\/types\/page"}],"author":[{"embeddable":true,"href":"https:\/\/veda.polac.cz\/index.php?rest_route=\/wp\/v2\/users\/2"}],"replies":[{"embeddable":true,"href":"https:\/\/veda.polac.cz\/index.php?rest_route=%2Fwp%2Fv2%2Fcomments&post=340"}],"version-history":[{"count":4,"href":"https:\/\/veda.polac.cz\/index.php?rest_route=\/wp\/v2\/pages\/340\/revisions"}],"predecessor-version":[{"id":2178,"href":"https:\/\/veda.polac.cz\/index.php?rest_route=\/wp\/v2\/pages\/340\/revisions\/2178"}],"up":[{"embeddable":true,"href":"https:\/\/veda.polac.cz\/index.php?rest_route=\/wp\/v2\/pages\/114"}],"wp:attachment":[{"href":"https:\/\/veda.polac.cz\/index.php?rest_route=%2Fwp%2Fv2%2Fmedia&parent=340"}],"curies":[{"name":"wp","href":"https:\/\/api.w.org\/{rel}","templated":true}]}}