{"id":3349,"date":"2019-04-20T18:50:18","date_gmt":"2019-04-20T18:50:18","guid":{"rendered":"http:\/\/veda.polac.cz\/?page_id=3349"},"modified":"2019-04-20T19:28:57","modified_gmt":"2019-04-20T19:28:57","slug":"7-2","status":"publish","type":"page","link":"https:\/\/veda.polac.cz\/?page_id=3349&lang=en","title":{"rendered":""},"content":{"rendered":"<p style=\"text-align: center;\">Resume<\/p>\n<p><strong>Current Cyberthreats and Corresponding Legal Framework in European Union and Canada<\/strong><br \/>\n<em>Mgr. et Mgr. Eli\u0161ka Jon\u00e1\u0161ov\u00e1, Charles University Faculty of Law<\/em><\/p>\n<p>The article deals with current cyberthreats in the European Union and Canada and it is complemented with the legal framework. In the context of criminal law specifics in the EU the legal framework in the Czech Republic is also mentioned presenting ascertained statistical data. The comparison of the Canadian and European legal approach in the conclusion indicates possible future steps for cybercrime punishment.<br \/>\n<strong>Keywords:<\/strong>\u00a0cyberthreats, European Union, Canada, criminal law.<\/p>\n<hr \/>\n<p><a href=\"https:\/\/veda.polac.cz\/?page_id=3295&amp;lang=en\">Back<\/a><\/p>\n","protected":false},"excerpt":{"rendered":"<p>Resume Current Cyberthreats and Corresponding Legal Framework in European Union and Canada Mgr. et Mgr. Eli\u0161ka Jon\u00e1\u0161ov\u00e1, Charles University Faculty of Law The article deals with current cyberthreats in the European Union and Canada and it is complemented with the legal framework. In the context of criminal law specifics in the EU the legal framework [&hellip;]<\/p>\n","protected":false},"author":2,"featured_media":0,"parent":3295,"menu_order":0,"comment_status":"closed","ping_status":"closed","template":"","meta":{"footnotes":""},"class_list":["post-3349","page","type-page","status-publish","hentry"],"_links":{"self":[{"href":"https:\/\/veda.polac.cz\/index.php?rest_route=\/wp\/v2\/pages\/3349","targetHints":{"allow":["GET"]}}],"collection":[{"href":"https:\/\/veda.polac.cz\/index.php?rest_route=\/wp\/v2\/pages"}],"about":[{"href":"https:\/\/veda.polac.cz\/index.php?rest_route=\/wp\/v2\/types\/page"}],"author":[{"embeddable":true,"href":"https:\/\/veda.polac.cz\/index.php?rest_route=\/wp\/v2\/users\/2"}],"replies":[{"embeddable":true,"href":"https:\/\/veda.polac.cz\/index.php?rest_route=%2Fwp%2Fv2%2Fcomments&post=3349"}],"version-history":[{"count":2,"href":"https:\/\/veda.polac.cz\/index.php?rest_route=\/wp\/v2\/pages\/3349\/revisions"}],"predecessor-version":[{"id":3391,"href":"https:\/\/veda.polac.cz\/index.php?rest_route=\/wp\/v2\/pages\/3349\/revisions\/3391"}],"up":[{"embeddable":true,"href":"https:\/\/veda.polac.cz\/index.php?rest_route=\/wp\/v2\/pages\/3295"}],"wp:attachment":[{"href":"https:\/\/veda.polac.cz\/index.php?rest_route=%2Fwp%2Fv2%2Fmedia&parent=3349"}],"curies":[{"name":"wp","href":"https:\/\/api.w.org\/{rel}","templated":true}]}}

<p style="text-align: center;">Resume</p>
<p><strong>Current Cyberthreats and Corresponding Legal Framework in European Union and Canada</strong><br />
<em>Mgr. et Mgr. Eliška Jonášová, Charles University Faculty of Law</em></p>
<p>The article deals with current cyberthreats in the European Union and Canada and it is complemented with the legal framework. In the context of criminal law specifics in the EU the legal framework in the Czech Republic is also mentioned presenting ascertained statistical data. The comparison of the Canadian and European legal approach in the conclusion indicates possible future steps for cybercrime punishment.<br />
<strong>Keywords:</strong> cyberthreats, European Union, Canada, criminal law.</p>
<hr />
<p><a href="https://veda.polac.cz/?page_id=3295&amp;lang=en">Back</a></p>

<p>Resume Current Cyberthreats and Corresponding Legal Framework in European Union and Canada Mgr. et Mgr. Eliška Jonášová, Charles University Faculty of Law The article deals with current cyberthreats in the European Union and Canada and it is complemented with the legal framework. In the context of criminal law specifics in the EU the legal framework [&hellip;]</p>
