{"id":3252,"date":"2019-04-20T12:11:10","date_gmt":"2019-04-20T12:11:10","guid":{"rendered":"http:\/\/veda.polac.cz\/?page_id=3252"},"modified":"2019-04-20T13:28:00","modified_gmt":"2019-04-20T13:28:00","slug":"10-2","status":"publish","type":"page","link":"https:\/\/veda.polac.cz\/?page_id=3252","title":{"rendered":""},"content":{"rendered":"<p style=\"text-align: center;\">Resum\u00e9 \u010dl\u00e1nku<\/p>\n<p style=\"font-weight: 400;\"><strong>Rekognice (n\u011bkter\u00e9 aspekty jedn\u00e9 z\u00a0kriminalisticko-taktick\u00fdch metod v\u00a0kriminalistick\u00e9 praxi)<br \/>\n<\/strong><em>pplk. JUDr. Jaroslav M\u00fcller<\/em><\/p>\n<p style=\"font-weight: 400;\">P\u0159\u00edsp\u011bvek m\u00e1 p\u0159isp\u011bt k\u00a0sezn\u00e1men\u00ed odborn\u00e9 ve\u0159ejnosti s\u00a0n\u00e1zory vy\u0161et\u0159ovatel\u016f a\u00a0pozn\u00e1vaj\u00edc\u00edch osob, kter\u00e9 byly z\u00edsk\u00e1ny formou pr\u016fzkumu prov\u00e1d\u011bn\u00e9ho \u0159\u00edzen\u00fdm rozhovorem s\u00a0patn\u00e1cti respondenty prov\u00e1d\u011bn\u00e9ho v\u00a0r\u00e1mci m\u00e9 diserta\u010dn\u00ed pr\u00e1ce na t\u00e9ma \u201ekriminalisticko-taktick\u00e9 metody v\u00a0\u010dinnosti krimin\u00e1ln\u00ed policie\u201c a\u00a0t\u00fdkaly se n\u011bkter\u00fdch aspekt\u016f rekognice \u2013 jedn\u00e9 z\u00a0kriminalisticko-taktick\u00fdch metod. Pro pr\u016fzkum byla stanovena podm\u00ednka, \u017ee ka\u017ed\u00fd z\u00a0vy\u0161et\u0159ovatel\u016f musel m\u00edt v\u00edce ne\u017e desetiletou praxi.<br \/>\n<em>Kl\u00ed\u010dov\u00e1 slova: diserta\u010dn\u00ed pr\u00e1ce, \u0159\u00edzen\u00fd rozhovor, kriminalisticko-taktick\u00e9 metody, \u201erekognice\u201c, kriminalistick\u00e1 praxe.\u00a0<\/em><\/p>\n<hr \/>\n<p style=\"font-weight: 400;\">\u00a0<a href=\"https:\/\/veda.polac.cz\/?page_id=1651\">Zp\u011bt<\/a><\/p>\n","protected":false},"excerpt":{"rendered":"<p>Resum\u00e9 \u010dl\u00e1nku Rekognice (n\u011bkter\u00e9 aspekty jedn\u00e9 z\u00a0kriminalisticko-taktick\u00fdch metod v\u00a0kriminalistick\u00e9 praxi) pplk. JUDr. Jaroslav M\u00fcller P\u0159\u00edsp\u011bvek m\u00e1 p\u0159isp\u011bt k\u00a0sezn\u00e1men\u00ed odborn\u00e9 ve\u0159ejnosti s\u00a0n\u00e1zory vy\u0161et\u0159ovatel\u016f a\u00a0pozn\u00e1vaj\u00edc\u00edch osob, kter\u00e9 byly z\u00edsk\u00e1ny formou pr\u016fzkumu prov\u00e1d\u011bn\u00e9ho \u0159\u00edzen\u00fdm rozhovorem s\u00a0patn\u00e1cti respondenty prov\u00e1d\u011bn\u00e9ho v\u00a0r\u00e1mci m\u00e9 diserta\u010dn\u00ed pr\u00e1ce na t\u00e9ma \u201ekriminalisticko-taktick\u00e9 metody v\u00a0\u010dinnosti krimin\u00e1ln\u00ed policie\u201c a\u00a0t\u00fdkaly se n\u011bkter\u00fdch aspekt\u016f rekognice \u2013 jedn\u00e9 z\u00a0kriminalisticko-taktick\u00fdch metod. [&hellip;]<\/p>\n","protected":false},"author":2,"featured_media":0,"parent":1651,"menu_order":0,"comment_status":"closed","ping_status":"closed","template":"","meta":{"footnotes":""},"class_list":["post-3252","page","type-page","status-publish","hentry"],"_links":{"self":[{"href":"https:\/\/veda.polac.cz\/index.php?rest_route=\/wp\/v2\/pages\/3252","targetHints":{"allow":["GET"]}}],"collection":[{"href":"https:\/\/veda.polac.cz\/index.php?rest_route=\/wp\/v2\/pages"}],"about":[{"href":"https:\/\/veda.polac.cz\/index.php?rest_route=\/wp\/v2\/types\/page"}],"author":[{"embeddable":true,"href":"https:\/\/veda.polac.cz\/index.php?rest_route=\/wp\/v2\/users\/2"}],"replies":[{"embeddable":true,"href":"https:\/\/veda.polac.cz\/index.php?rest_route=%2Fwp%2Fv2%2Fcomments&post=3252"}],"version-history":[{"count":2,"href":"https:\/\/veda.polac.cz\/index.php?rest_route=\/wp\/v2\/pages\/3252\/revisions"}],"predecessor-version":[{"id":3274,"href":"https:\/\/veda.polac.cz\/index.php?rest_route=\/wp\/v2\/pages\/3252\/revisions\/3274"}],"up":[{"embeddable":true,"href":"https:\/\/veda.polac.cz\/index.php?rest_route=\/wp\/v2\/pages\/1651"}],"wp:attachment":[{"href":"https:\/\/veda.polac.cz\/index.php?rest_route=%2Fwp%2Fv2%2Fmedia&parent=3252"}],"curies":[{"name":"wp","href":"https:\/\/api.w.org\/{rel}","templated":true}]}}