{"id":3214,"date":"2019-04-20T07:08:55","date_gmt":"2019-04-20T07:08:55","guid":{"rendered":"http:\/\/veda.polac.cz\/?page_id=3214"},"modified":"2019-04-20T07:14:42","modified_gmt":"2019-04-20T07:14:42","slug":"14-2","status":"publish","type":"page","link":"https:\/\/veda.polac.cz\/?page_id=3214","title":{"rendered":""},"content":{"rendered":"<p style=\"text-align: center;\">Resum\u00e9 \u010dl\u00e1nku<\/p>\n<p style=\"font-weight: 400;\"><strong>Klasick\u00fd pedagogick\u00fd experiment v\u00a0kombinovan\u00e9 form\u011b studia v\u00a0podm\u00ednk\u00e1ch KJ PA \u010cR v\u00a0Praze<br \/>\n<\/strong><em>Mgr. Alena Luk\u00e1\u010dov\u00e1<\/em><\/p>\n<p style=\"font-weight: 400;\">P\u0159\u00edsp\u011bvek se zab\u00fdv\u00e1 klasick\u00fdm pedagogick\u00fdm experimentem realizovan\u00fdm v\u00a0r\u00e1mci edukace anglick\u00e9ho jazyka na KJ PA \u010cR v\u00a0Praze. C\u00edlem tohoto v\u00fdzkumu bylo ov\u011b\u0159en\u00ed navrhovan\u00e9ho modelu vyu\u017e\u00edv\u00e1n\u00ed nov\u00fdch eduka\u010dn\u00edch prost\u0159edk\u016f, konkr\u00e9tn\u011b po\u010d\u00edta\u010de s\u00a0eduka\u010dn\u00edm programem Vektor Online Schools\u00a0\u00a0aplikovan\u00e9ho modern\u00ed vzd\u011bl\u00e1vac\u00ed technologi\u00ed \u2013 e-learningem v edukaci p\u0159edm\u011btu Ciz\u00ed jazyk I.<br \/>\n<strong>Kl\u00ed\u010dov\u00e1 slova:<\/strong>\u00a0klasick\u00fd pedagogick\u00fd experiment, observa\u010dn\u00ed a explorativn\u00ed metody, experiment, matematicko-statistick\u00e1 anal\u00fdza.<\/p>\n<hr \/>\n<p><a href=\"https:\/\/veda.polac.cz\/?page_id=1648\">Zp\u011bt<\/a><\/p>\n","protected":false},"excerpt":{"rendered":"<p>Resum\u00e9 \u010dl\u00e1nku Klasick\u00fd pedagogick\u00fd experiment v\u00a0kombinovan\u00e9 form\u011b studia v\u00a0podm\u00ednk\u00e1ch KJ PA \u010cR v\u00a0Praze Mgr. Alena Luk\u00e1\u010dov\u00e1 P\u0159\u00edsp\u011bvek se zab\u00fdv\u00e1 klasick\u00fdm pedagogick\u00fdm experimentem realizovan\u00fdm v\u00a0r\u00e1mci edukace anglick\u00e9ho jazyka na KJ PA \u010cR v\u00a0Praze. C\u00edlem tohoto v\u00fdzkumu bylo ov\u011b\u0159en\u00ed navrhovan\u00e9ho modelu vyu\u017e\u00edv\u00e1n\u00ed nov\u00fdch eduka\u010dn\u00edch prost\u0159edk\u016f, konkr\u00e9tn\u011b po\u010d\u00edta\u010de s\u00a0eduka\u010dn\u00edm programem Vektor Online Schools\u00a0\u00a0aplikovan\u00e9ho modern\u00ed vzd\u011bl\u00e1vac\u00ed technologi\u00ed \u2013 e-learningem [&hellip;]<\/p>\n","protected":false},"author":2,"featured_media":0,"parent":1648,"menu_order":0,"comment_status":"closed","ping_status":"closed","template":"","meta":{"footnotes":""},"class_list":["post-3214","page","type-page","status-publish","hentry"],"_links":{"self":[{"href":"https:\/\/veda.polac.cz\/index.php?rest_route=\/wp\/v2\/pages\/3214","targetHints":{"allow":["GET"]}}],"collection":[{"href":"https:\/\/veda.polac.cz\/index.php?rest_route=\/wp\/v2\/pages"}],"about":[{"href":"https:\/\/veda.polac.cz\/index.php?rest_route=\/wp\/v2\/types\/page"}],"author":[{"embeddable":true,"href":"https:\/\/veda.polac.cz\/index.php?rest_route=\/wp\/v2\/users\/2"}],"replies":[{"embeddable":true,"href":"https:\/\/veda.polac.cz\/index.php?rest_route=%2Fwp%2Fv2%2Fcomments&post=3214"}],"version-history":[{"count":2,"href":"https:\/\/veda.polac.cz\/index.php?rest_route=\/wp\/v2\/pages\/3214\/revisions"}],"predecessor-version":[{"id":3225,"href":"https:\/\/veda.polac.cz\/index.php?rest_route=\/wp\/v2\/pages\/3214\/revisions\/3225"}],"up":[{"embeddable":true,"href":"https:\/\/veda.polac.cz\/index.php?rest_route=\/wp\/v2\/pages\/1648"}],"wp:attachment":[{"href":"https:\/\/veda.polac.cz\/index.php?rest_route=%2Fwp%2Fv2%2Fmedia&parent=3214"}],"curies":[{"name":"wp","href":"https:\/\/api.w.org\/{rel}","templated":true}]}}