{"id":3212,"date":"2019-04-20T07:07:50","date_gmt":"2019-04-20T07:07:50","guid":{"rendered":"http:\/\/veda.polac.cz\/?page_id=3212"},"modified":"2019-04-20T07:14:40","modified_gmt":"2019-04-20T07:14:40","slug":"13-2","status":"publish","type":"page","link":"https:\/\/veda.polac.cz\/?page_id=3212","title":{"rendered":""},"content":{"rendered":"<p style=\"text-align: center;\">Resum\u00e9 \u010dl\u00e1nku<\/p>\n<p style=\"font-weight: 400;\"><strong>E-learning a jeho integrace do eduka\u010dn\u00edho procesu<br \/>\n<\/strong><em>Mgr. Alena Luk\u00e1\u010dov\u00e1, Dr. Bc. J\u00e1n \u0160ug\u00e1r, CSc.<\/em><\/p>\n<p style=\"font-weight: 400;\">P\u0159\u00edsp\u011bvek se zab\u00fdv\u00e1 eduka\u010dn\u00edm fenom\u00e9nem sou\u010dasnosti &#8211; e-learningem a jeho integrac\u00ed do eduka\u010dn\u00edho procesu. Velk\u00e1 pozornost je v\u011bnov\u00e1na definov\u00e1n\u00ed e-lear-ningu a jeho v\u00fdhod\u00e1m a nev\u00fdhod\u00e1m, charakteristice e-kurzu, kvalifikaci tutora a v\u00a0ne-posledn\u00ed \u0159ad\u011b i roli u\u010ditele a studenta v\u00a0e-learningov\u00e9m kurzu.<br \/>\n<strong>Kl\u00ed\u010dov\u00e1 slova:<\/strong>\u00a0e-learning, edukace, tutor, e-kurz, role u\u010ditele, role studenta.<\/p>\n<hr \/>\n<p style=\"font-weight: 400;\">\u00a0<a href=\"https:\/\/veda.polac.cz\/?page_id=1648\">Zp\u011bt<\/a><\/p>\n","protected":false},"excerpt":{"rendered":"<p>Resum\u00e9 \u010dl\u00e1nku E-learning a jeho integrace do eduka\u010dn\u00edho procesu Mgr. Alena Luk\u00e1\u010dov\u00e1, Dr. Bc. J\u00e1n \u0160ug\u00e1r, CSc. P\u0159\u00edsp\u011bvek se zab\u00fdv\u00e1 eduka\u010dn\u00edm fenom\u00e9nem sou\u010dasnosti &#8211; e-learningem a jeho integrac\u00ed do eduka\u010dn\u00edho procesu. Velk\u00e1 pozornost je v\u011bnov\u00e1na definov\u00e1n\u00ed e-lear-ningu a jeho v\u00fdhod\u00e1m a nev\u00fdhod\u00e1m, charakteristice e-kurzu, kvalifikaci tutora a v\u00a0ne-posledn\u00ed \u0159ad\u011b i roli u\u010ditele a studenta v\u00a0e-learningov\u00e9m [&hellip;]<\/p>\n","protected":false},"author":2,"featured_media":0,"parent":1648,"menu_order":0,"comment_status":"closed","ping_status":"closed","template":"","meta":{"footnotes":""},"class_list":["post-3212","page","type-page","status-publish","hentry"],"_links":{"self":[{"href":"https:\/\/veda.polac.cz\/index.php?rest_route=\/wp\/v2\/pages\/3212","targetHints":{"allow":["GET"]}}],"collection":[{"href":"https:\/\/veda.polac.cz\/index.php?rest_route=\/wp\/v2\/pages"}],"about":[{"href":"https:\/\/veda.polac.cz\/index.php?rest_route=\/wp\/v2\/types\/page"}],"author":[{"embeddable":true,"href":"https:\/\/veda.polac.cz\/index.php?rest_route=\/wp\/v2\/users\/2"}],"replies":[{"embeddable":true,"href":"https:\/\/veda.polac.cz\/index.php?rest_route=%2Fwp%2Fv2%2Fcomments&post=3212"}],"version-history":[{"count":2,"href":"https:\/\/veda.polac.cz\/index.php?rest_route=\/wp\/v2\/pages\/3212\/revisions"}],"predecessor-version":[{"id":3224,"href":"https:\/\/veda.polac.cz\/index.php?rest_route=\/wp\/v2\/pages\/3212\/revisions\/3224"}],"up":[{"embeddable":true,"href":"https:\/\/veda.polac.cz\/index.php?rest_route=\/wp\/v2\/pages\/1648"}],"wp:attachment":[{"href":"https:\/\/veda.polac.cz\/index.php?rest_route=%2Fwp%2Fv2%2Fmedia&parent=3212"}],"curies":[{"name":"wp","href":"https:\/\/api.w.org\/{rel}","templated":true}]}}