{"id":3210,"date":"2019-04-20T07:06:39","date_gmt":"2019-04-20T07:06:39","guid":{"rendered":"http:\/\/veda.polac.cz\/?page_id=3210"},"modified":"2019-04-20T07:14:38","modified_gmt":"2019-04-20T07:14:38","slug":"12-2","status":"publish","type":"page","link":"https:\/\/veda.polac.cz\/?page_id=3210","title":{"rendered":""},"content":{"rendered":"<p style=\"text-align: center;\">Resum\u00e9 \u010dl\u00e1nku<\/p>\n<p style=\"font-weight: 400;\"><strong>Anarchismus a autority<br \/>\n<\/strong><em>Mgr. Anna Pleierov\u00e1<\/em><\/p>\n<p style=\"font-weight: 400;\">V\u00a0p\u0159ilo\u017een\u00e9m \u010dl\u00e1nku objas\u0148uji problematiku anarchismu a st\u00e1tu. D\u00e1le zde rozpracov\u00e1v\u00e1m my\u0161lenku anarchismu a c\u00edrkve, resp. n\u00e1bo\u017eensk\u00e9 v\u00edry a d\u00e1le problematiku anarchismu ve spojitosti s\u00a0oblast\u00ed ekonomick\u00e9ho \u017eivota.<br \/>\n<strong>Kl\u00ed\u010dov\u00e1 slova:<\/strong>\u00a0anarchismus, st\u00e1t, c\u00edrkev, ekonomika.<\/p>\n<hr \/>\n<p><a href=\"https:\/\/veda.polac.cz\/?page_id=1648\">Zp\u011bt<\/a><\/p>\n","protected":false},"excerpt":{"rendered":"<p>Resum\u00e9 \u010dl\u00e1nku Anarchismus a autority Mgr. Anna Pleierov\u00e1 V\u00a0p\u0159ilo\u017een\u00e9m \u010dl\u00e1nku objas\u0148uji problematiku anarchismu a st\u00e1tu. D\u00e1le zde rozpracov\u00e1v\u00e1m my\u0161lenku anarchismu a c\u00edrkve, resp. n\u00e1bo\u017eensk\u00e9 v\u00edry a d\u00e1le problematiku anarchismu ve spojitosti s\u00a0oblast\u00ed ekonomick\u00e9ho \u017eivota. Kl\u00ed\u010dov\u00e1 slova:\u00a0anarchismus, st\u00e1t, c\u00edrkev, ekonomika. Zp\u011bt<\/p>\n","protected":false},"author":2,"featured_media":0,"parent":1648,"menu_order":0,"comment_status":"closed","ping_status":"closed","template":"","meta":{"footnotes":""},"class_list":["post-3210","page","type-page","status-publish","hentry"],"_links":{"self":[{"href":"https:\/\/veda.polac.cz\/index.php?rest_route=\/wp\/v2\/pages\/3210","targetHints":{"allow":["GET"]}}],"collection":[{"href":"https:\/\/veda.polac.cz\/index.php?rest_route=\/wp\/v2\/pages"}],"about":[{"href":"https:\/\/veda.polac.cz\/index.php?rest_route=\/wp\/v2\/types\/page"}],"author":[{"embeddable":true,"href":"https:\/\/veda.polac.cz\/index.php?rest_route=\/wp\/v2\/users\/2"}],"replies":[{"embeddable":true,"href":"https:\/\/veda.polac.cz\/index.php?rest_route=%2Fwp%2Fv2%2Fcomments&post=3210"}],"version-history":[{"count":2,"href":"https:\/\/veda.polac.cz\/index.php?rest_route=\/wp\/v2\/pages\/3210\/revisions"}],"predecessor-version":[{"id":3223,"href":"https:\/\/veda.polac.cz\/index.php?rest_route=\/wp\/v2\/pages\/3210\/revisions\/3223"}],"up":[{"embeddable":true,"href":"https:\/\/veda.polac.cz\/index.php?rest_route=\/wp\/v2\/pages\/1648"}],"wp:attachment":[{"href":"https:\/\/veda.polac.cz\/index.php?rest_route=%2Fwp%2Fv2%2Fmedia&parent=3210"}],"curies":[{"name":"wp","href":"https:\/\/api.w.org\/{rel}","templated":true}]}}