{"id":3196,"date":"2019-04-20T06:56:32","date_gmt":"2019-04-20T06:56:32","guid":{"rendered":"http:\/\/veda.polac.cz\/?page_id=3196"},"modified":"2019-04-20T07:14:51","modified_gmt":"2019-04-20T07:14:51","slug":"5-2","status":"publish","type":"page","link":"https:\/\/veda.polac.cz\/?page_id=3196","title":{"rendered":""},"content":{"rendered":"<p style=\"text-align: center;\">Resum\u00e9 \u010dl\u00e1nku<\/p>\n<p style=\"font-weight: 400;\"><strong>Vyu\u017eit\u00ed z\u00e1znam\u016f z\u00a0bezpe\u010dnostn\u00edch kamer pro kriminalistickou identifikaci<br \/>\n<\/strong><em>prof. PhDr. Ji\u0159\u00ed Straus, DrSc., Ing. Ji\u0159\u00ed Jon\u00e1k, Ph.D.<\/em><\/p>\n<p style=\"font-weight: 400;\">V\u00a0p\u0159\u00edsp\u011bvku jsou uvedeny z\u00e1kladn\u00ed informace, kter\u00e9 lze z\u00edskat p\u0159i anal\u00fdze videoz\u00e1znamu. Pen\u011b\u017en\u00ed \u00fastavy instaluj\u00ed kamerov\u00e9 syst\u00e9my, kter\u00e9 maj\u00ed dokumentovat p\u00e1ch\u00e1n\u00ed r\u016fzn\u00e9 trestn\u00e9 \u010dinnosti nebo preventivn\u011b p\u016fsobit. Maj\u00ed v\u00fdrazn\u00fd psychologick\u00fd vliv na odstra\u0161en\u00ed ji\u017e svou pouhou p\u0159\u00edtomnost\u00ed. Mohou tak\u00e9 slou\u017eit k\u00a0dokumentaci ne\u017e\u00e1douc\u00edho jedn\u00e1n\u00ed, objasn\u011bn\u00ed okolnost\u00ed, kter\u00e9 mu p\u0159edch\u00e1zely a k\u00a0identifikaci osob, kter\u00e9 se tohoto ne\u017e\u00e1douc\u00edho jedn\u00e1n\u00ed dopustily. Jedna z\u00a0mo\u017enost\u00ed, jak identifikovat osobu nebo dek\u00f3dovat informace o pachateli loupe\u017en\u00e9ho p\u0159epaden\u00ed (osob\u011b, kter\u00e1 byla nahr\u00e1na na videokameru) je identifikace osoby podle jej\u00edho pohybov\u00e9ho chov\u00e1n\u00ed, podle dynamick\u00e9ho stereotypu biped\u00e1ln\u00ed lokomoce.<br \/>\n<strong>Kl\u00ed\u010dov\u00e1 slova:<\/strong>\u00a0videoz\u00e1znam, anal\u00fdza, dynamick\u00fd stereotyp biped\u00e1ln\u00ed kokomoce, kriminalistick\u00e9 stopy.<\/p>\n<hr \/>\n<p><a href=\"https:\/\/veda.polac.cz\/?page_id=1648\">Zp\u011bt<\/a><\/p>\n","protected":false},"excerpt":{"rendered":"<p>Resum\u00e9 \u010dl\u00e1nku Vyu\u017eit\u00ed z\u00e1znam\u016f z\u00a0bezpe\u010dnostn\u00edch kamer pro kriminalistickou identifikaci prof. PhDr. Ji\u0159\u00ed Straus, DrSc., Ing. Ji\u0159\u00ed Jon\u00e1k, Ph.D. V\u00a0p\u0159\u00edsp\u011bvku jsou uvedeny z\u00e1kladn\u00ed informace, kter\u00e9 lze z\u00edskat p\u0159i anal\u00fdze videoz\u00e1znamu. Pen\u011b\u017en\u00ed \u00fastavy instaluj\u00ed kamerov\u00e9 syst\u00e9my, kter\u00e9 maj\u00ed dokumentovat p\u00e1ch\u00e1n\u00ed r\u016fzn\u00e9 trestn\u00e9 \u010dinnosti nebo preventivn\u011b p\u016fsobit. Maj\u00ed v\u00fdrazn\u00fd psychologick\u00fd vliv na odstra\u0161en\u00ed ji\u017e svou pouhou p\u0159\u00edtomnost\u00ed. Mohou [&hellip;]<\/p>\n","protected":false},"author":2,"featured_media":0,"parent":1648,"menu_order":0,"comment_status":"closed","ping_status":"closed","template":"","meta":{"footnotes":""},"class_list":["post-3196","page","type-page","status-publish","hentry"],"_links":{"self":[{"href":"https:\/\/veda.polac.cz\/index.php?rest_route=\/wp\/v2\/pages\/3196","targetHints":{"allow":["GET"]}}],"collection":[{"href":"https:\/\/veda.polac.cz\/index.php?rest_route=\/wp\/v2\/pages"}],"about":[{"href":"https:\/\/veda.polac.cz\/index.php?rest_route=\/wp\/v2\/types\/page"}],"author":[{"embeddable":true,"href":"https:\/\/veda.polac.cz\/index.php?rest_route=\/wp\/v2\/users\/2"}],"replies":[{"embeddable":true,"href":"https:\/\/veda.polac.cz\/index.php?rest_route=%2Fwp%2Fv2%2Fcomments&post=3196"}],"version-history":[{"count":2,"href":"https:\/\/veda.polac.cz\/index.php?rest_route=\/wp\/v2\/pages\/3196\/revisions"}],"predecessor-version":[{"id":3229,"href":"https:\/\/veda.polac.cz\/index.php?rest_route=\/wp\/v2\/pages\/3196\/revisions\/3229"}],"up":[{"embeddable":true,"href":"https:\/\/veda.polac.cz\/index.php?rest_route=\/wp\/v2\/pages\/1648"}],"wp:attachment":[{"href":"https:\/\/veda.polac.cz\/index.php?rest_route=%2Fwp%2Fv2%2Fmedia&parent=3196"}],"curies":[{"name":"wp","href":"https:\/\/api.w.org\/{rel}","templated":true}]}}