{"id":3188,"date":"2019-04-20T06:47:36","date_gmt":"2019-04-20T06:47:36","guid":{"rendered":"http:\/\/veda.polac.cz\/?page_id=3188"},"modified":"2019-04-20T07:14:30","modified_gmt":"2019-04-20T07:14:30","slug":"1-2","status":"publish","type":"page","link":"https:\/\/veda.polac.cz\/?page_id=3188","title":{"rendered":""},"content":{"rendered":"<p style=\"text-align: center;\">Resum\u00e9 \u010dl\u00e1nku<\/p>\n<p style=\"font-weight: 400;\"><strong>Rozum\u011bt stop\u00e1m po\u017e\u00e1r\u016f P\u0159\u00edsp\u011bvek ke spolupr\u00e1ci vy\u0161et\u0159ovatel\u016f po\u017e\u00e1r\u016f a hasi\u010d\u016f<br \/>\n<\/strong><em>Frank D. Stolt, Msc., Bezpe\u010dnostn\u00ed odborn\u00fd rada, N\u011bmecko<\/em><em><br \/>\n\u010cl\u00e1nek p\u0159elo\u017eil Mgr. Milan Fiedler<\/em><\/p>\n<p style=\"font-weight: 400;\">P\u0159i ka\u017ed\u00e9m po\u017e\u00e1ru se vyskytuj\u00ed p\u0159\u00edznaky, kter\u00e9 po\u017e\u00e1rn\u00edmu vy\u0161et\u0159ovateli pom\u00e1haj\u00ed p\u0159i vy\u0161et\u0159ov\u00e1n\u00ed po\u017e\u00e1ru. Tyto schopnosti hodnocen\u00ed po\u017e\u00e1ru jsou nezbytn\u00e9 pro to, aby byly pou\u017eity spr\u00e1vn\u00e9 metody a taktiky vy\u0161et\u0159ov\u00e1n\u00ed po\u017e\u00e1ru. Ka\u017ed\u00fd po\u017e\u00e1r vys\u00edl\u00e1 ukazatele. Porozum\u011bn\u00edm chov\u00e1n\u00ed po\u017e\u00e1ru lze rozpoznat tyto ukazatele, aby bylo mo\u017eno vypracovat profil po\u017e\u00e1ru.<br \/>\n<strong>Kl\u00ed\u010dov\u00e1 slova:<\/strong>\u00a0vy\u0161et\u0159ov\u00e1n\u00ed po\u017e\u00e1ru, p\u0159\u00ed\u010diny po\u017e\u00e1ru, kou\u0159, vzduch, sm\u011br pohybu vzduchu, \u017e\u00e1r, plameny, v\u00fd\u0161ka neutr\u00e1ln\u00ed roviny kou\u0159e, objem a m\u00edsto, houbovit\u00e9 \u00fa\u010dinky, ozna\u010den\u00ed m\u00edsta po\u017e\u00e1ru, zplodiny pyrol\u00fdzy.<\/p>\n<hr \/>\n<p><a href=\"https:\/\/veda.polac.cz\/?page_id=1648\">Zp\u011bt<\/a><\/p>\n","protected":false},"excerpt":{"rendered":"<p>Resum\u00e9 \u010dl\u00e1nku Rozum\u011bt stop\u00e1m po\u017e\u00e1r\u016f P\u0159\u00edsp\u011bvek ke spolupr\u00e1ci vy\u0161et\u0159ovatel\u016f po\u017e\u00e1r\u016f a hasi\u010d\u016f Frank D. Stolt, Msc., Bezpe\u010dnostn\u00ed odborn\u00fd rada, N\u011bmecko \u010cl\u00e1nek p\u0159elo\u017eil Mgr. Milan Fiedler P\u0159i ka\u017ed\u00e9m po\u017e\u00e1ru se vyskytuj\u00ed p\u0159\u00edznaky, kter\u00e9 po\u017e\u00e1rn\u00edmu vy\u0161et\u0159ovateli pom\u00e1haj\u00ed p\u0159i vy\u0161et\u0159ov\u00e1n\u00ed po\u017e\u00e1ru. Tyto schopnosti hodnocen\u00ed po\u017e\u00e1ru jsou nezbytn\u00e9 pro to, aby byly pou\u017eity spr\u00e1vn\u00e9 metody a taktiky vy\u0161et\u0159ov\u00e1n\u00ed po\u017e\u00e1ru. [&hellip;]<\/p>\n","protected":false},"author":2,"featured_media":0,"parent":1648,"menu_order":0,"comment_status":"closed","ping_status":"closed","template":"","meta":{"footnotes":""},"class_list":["post-3188","page","type-page","status-publish","hentry"],"_links":{"self":[{"href":"https:\/\/veda.polac.cz\/index.php?rest_route=\/wp\/v2\/pages\/3188","targetHints":{"allow":["GET"]}}],"collection":[{"href":"https:\/\/veda.polac.cz\/index.php?rest_route=\/wp\/v2\/pages"}],"about":[{"href":"https:\/\/veda.polac.cz\/index.php?rest_route=\/wp\/v2\/types\/page"}],"author":[{"embeddable":true,"href":"https:\/\/veda.polac.cz\/index.php?rest_route=\/wp\/v2\/users\/2"}],"replies":[{"embeddable":true,"href":"https:\/\/veda.polac.cz\/index.php?rest_route=%2Fwp%2Fv2%2Fcomments&post=3188"}],"version-history":[{"count":2,"href":"https:\/\/veda.polac.cz\/index.php?rest_route=\/wp\/v2\/pages\/3188\/revisions"}],"predecessor-version":[{"id":3220,"href":"https:\/\/veda.polac.cz\/index.php?rest_route=\/wp\/v2\/pages\/3188\/revisions\/3220"}],"up":[{"embeddable":true,"href":"https:\/\/veda.polac.cz\/index.php?rest_route=\/wp\/v2\/pages\/1648"}],"wp:attachment":[{"href":"https:\/\/veda.polac.cz\/index.php?rest_route=%2Fwp%2Fv2%2Fmedia&parent=3188"}],"curies":[{"name":"wp","href":"https:\/\/api.w.org\/{rel}","templated":true}]}}