{"id":3152,"date":"2019-04-20T06:30:40","date_gmt":"2019-04-20T06:30:40","guid":{"rendered":"http:\/\/veda.polac.cz\/?page_id=3152"},"modified":"2019-04-20T06:43:06","modified_gmt":"2019-04-20T06:43:06","slug":"10-2","status":"publish","type":"page","link":"https:\/\/veda.polac.cz\/?page_id=3152","title":{"rendered":""},"content":{"rendered":"<p style=\"text-align: center;\">Resum\u00e9 \u010dl\u00e1nku<\/p>\n<p style=\"font-weight: 400;\"><strong>Dopravn\u00ed nehoda, z\u00e1va\u017en\u00fd probl\u00e9m ve spole\u010dnosti<br \/>\n<\/strong><em>JUDr. Radim Pila\u0159<\/em><\/p>\n<p style=\"font-weight: 400;\">Autor ve sv\u00e9m \u010dl\u00e1nku poukazuje na z\u00e1va\u017en\u00fd probl\u00e9m ve spole\u010dnosti, \u010d\u00edm\u017e jsou dopravn\u00ed nehody. Rozeb\u00edr\u00e1 nehodovost za prvn\u00edch p\u011bt m\u011bs\u00edc\u016f leto\u0161n\u00edho roku a\u00a0upozor\u0148uje na d\u016fle\u017eitost p\u0159edch\u00e1zen\u00ed dopravn\u00edm nehod\u00e1m a to jak vyhled\u00e1v\u00e1n\u00edm p\u0159\u00ed\u010din a podm\u00ednek, tak i spoluprac\u00ed jednotliv\u00fdch subjekt\u016f zainteresovan\u00fdch na dopravn\u00ed \u010dinnosti.<br \/>\n<strong>Kl\u00ed\u010dov\u00e1 slova:<\/strong>\u00a0doprava, dopravn\u00ed nehoda, Policie \u010cesk\u00e9 republiky, M\u011bstsk\u00e1 policie, prevence dopravn\u00edch nehod, v\u011bdeckotechnick\u00fd rozvoj, \u010cetnick\u00e9 p\u00e1trac\u00ed stanice, motorov\u00e1 vozidla.<\/p>\n<hr \/>\n<p><a href=\"https:\/\/veda.polac.cz\/?page_id=1645\">Zp\u011bt<\/a><\/p>\n","protected":false},"excerpt":{"rendered":"<p>Resum\u00e9 \u010dl\u00e1nku Dopravn\u00ed nehoda, z\u00e1va\u017en\u00fd probl\u00e9m ve spole\u010dnosti JUDr. Radim Pila\u0159 Autor ve sv\u00e9m \u010dl\u00e1nku poukazuje na z\u00e1va\u017en\u00fd probl\u00e9m ve spole\u010dnosti, \u010d\u00edm\u017e jsou dopravn\u00ed nehody. Rozeb\u00edr\u00e1 nehodovost za prvn\u00edch p\u011bt m\u011bs\u00edc\u016f leto\u0161n\u00edho roku a\u00a0upozor\u0148uje na d\u016fle\u017eitost p\u0159edch\u00e1zen\u00ed dopravn\u00edm nehod\u00e1m a to jak vyhled\u00e1v\u00e1n\u00edm p\u0159\u00ed\u010din a podm\u00ednek, tak i spoluprac\u00ed jednotliv\u00fdch subjekt\u016f zainteresovan\u00fdch na dopravn\u00ed \u010dinnosti. [&hellip;]<\/p>\n","protected":false},"author":2,"featured_media":0,"parent":1645,"menu_order":0,"comment_status":"closed","ping_status":"closed","template":"","meta":{"footnotes":""},"class_list":["post-3152","page","type-page","status-publish","hentry"],"_links":{"self":[{"href":"https:\/\/veda.polac.cz\/index.php?rest_route=\/wp\/v2\/pages\/3152","targetHints":{"allow":["GET"]}}],"collection":[{"href":"https:\/\/veda.polac.cz\/index.php?rest_route=\/wp\/v2\/pages"}],"about":[{"href":"https:\/\/veda.polac.cz\/index.php?rest_route=\/wp\/v2\/types\/page"}],"author":[{"embeddable":true,"href":"https:\/\/veda.polac.cz\/index.php?rest_route=\/wp\/v2\/users\/2"}],"replies":[{"embeddable":true,"href":"https:\/\/veda.polac.cz\/index.php?rest_route=%2Fwp%2Fv2%2Fcomments&post=3152"}],"version-history":[{"count":2,"href":"https:\/\/veda.polac.cz\/index.php?rest_route=\/wp\/v2\/pages\/3152\/revisions"}],"predecessor-version":[{"id":3173,"href":"https:\/\/veda.polac.cz\/index.php?rest_route=\/wp\/v2\/pages\/3152\/revisions\/3173"}],"up":[{"embeddable":true,"href":"https:\/\/veda.polac.cz\/index.php?rest_route=\/wp\/v2\/pages\/1645"}],"wp:attachment":[{"href":"https:\/\/veda.polac.cz\/index.php?rest_route=%2Fwp%2Fv2%2Fmedia&parent=3152"}],"curies":[{"name":"wp","href":"https:\/\/api.w.org\/{rel}","templated":true}]}}