{"id":3056,"date":"2019-04-19T08:31:29","date_gmt":"2019-04-19T08:31:29","guid":{"rendered":"http:\/\/veda.polac.cz\/?page_id=3056"},"modified":"2019-04-19T08:36:21","modified_gmt":"2019-04-19T08:36:21","slug":"11-2","status":"publish","type":"page","link":"https:\/\/veda.polac.cz\/?page_id=3056","title":{"rendered":""},"content":{"rendered":"<p style=\"text-align: center;\">Resum\u00e9 \u010dl\u00e1nku<\/p>\n<p align=\"justify\"><b>Kamufl\u00e1\u017e a zast\u0159en\u00ed z\u00e1jmov\u00fdch p\u0159edm\u011bt\u016f v obrazov\u00e9m v\u00fdstupu RTG za\u0159\u00edzen\u00ed<br \/>\n<\/b><em>Mgr. Jitka Johanidesov\u00e1\u00a0<\/em><b><br \/>\n<\/b><\/p>\n<p align=\"justify\">Sd\u011blen\u00ed bylo zpracov\u00e1no v r\u00e1mci zah\u00e1jen\u00ed \u0159e\u0161en\u00ed projektu &#8222;Vytvo\u0159en\u00ed informa\u010dn\u00ed b\u00e1ze pro zv\u00fd\u0161en\u00ed bezpe\u010dnostn\u00edch standard\u016f na ochranu mezin\u00e1rodn\u00edch leti\u0161\u0165 \u010cR&#8220; (\u010d. projektu CG741-009-220) v r\u00e1mci N\u00e1rodn\u00edho programu v\u00fdzkumu v gesci Ministerstva dopravy, jeho\u017e \u0159e\u0161iteli jsou TELEMATIX, s.r.o., AZIN CZ, s.r.o. a PhDr. Miroslav Han\u00e1k &#8211; ITS Consulting.<br \/>\nSd\u011blen\u00ed se zab\u00fdv\u00e1 problematikou skryt\u00ed z\u00e1jmov\u00fdch p\u0159edm\u011bt\u016f v obrazov\u00e9m v\u00fdstupu RTG za\u0159\u00edzen\u00ed v souvislosti s ochranou civiln\u00edho letectv\u00ed p\u0159ed protipr\u00e1vn\u00edmi \u010diny. Klasifikuje skryt\u00ed na kamufl\u00e1\u017e a zast\u0159en\u00ed a rozeb\u00edr\u00e1 \u0161est z\u00e1kladn\u00edch zp\u016fsob\u016f tohoto skryt\u00ed. \u0158e\u0161\u00ed rovn\u011b\u017e kombinaci uveden\u00fdch zp\u016fsob\u016f a v z\u00e1v\u011bru se zab\u00fdv\u00e1 rovn\u011b\u017e subjektivn\u00edmi p\u0159\u00ed\u010dinami selh\u00e1n\u00ed identifikace z\u00e1jmov\u00fdch p\u0159edm\u011bt\u016f ze strany oper\u00e1tor\u016f RTG za\u0159\u00edzen\u00ed.<br \/>\n<strong>Kl\u00ed\u010dov\u00e1 slova:<\/strong>\u00a0Bezpe\u010dnost civiln\u00edho letectv\u00ed, RTG zobrazen\u00ed, z\u00e1jmov\u00fd p\u0159edm\u011bt, skryt\u00ed, kamufl\u00e1\u017e, zast\u0159en\u00ed, p\u0159\u00edprava oper\u00e1tor\u016f RTG za\u0159\u00edzen\u00ed.<\/p>\n<hr \/>\n<p><a href=\"https:\/\/veda.polac.cz\/?page_id=1628\">Zp\u011bt<\/a><\/p>\n","protected":false},"excerpt":{"rendered":"<p>Resum\u00e9 \u010dl\u00e1nku Kamufl\u00e1\u017e a zast\u0159en\u00ed z\u00e1jmov\u00fdch p\u0159edm\u011bt\u016f v obrazov\u00e9m v\u00fdstupu RTG za\u0159\u00edzen\u00ed Mgr. Jitka Johanidesov\u00e1\u00a0 Sd\u011blen\u00ed bylo zpracov\u00e1no v r\u00e1mci zah\u00e1jen\u00ed \u0159e\u0161en\u00ed projektu &#8222;Vytvo\u0159en\u00ed informa\u010dn\u00ed b\u00e1ze pro zv\u00fd\u0161en\u00ed bezpe\u010dnostn\u00edch standard\u016f na ochranu mezin\u00e1rodn\u00edch leti\u0161\u0165 \u010cR&#8220; (\u010d. projektu CG741-009-220) v r\u00e1mci N\u00e1rodn\u00edho programu v\u00fdzkumu v gesci Ministerstva dopravy, jeho\u017e \u0159e\u0161iteli jsou TELEMATIX, s.r.o., AZIN CZ, s.r.o. [&hellip;]<\/p>\n","protected":false},"author":2,"featured_media":0,"parent":1628,"menu_order":0,"comment_status":"closed","ping_status":"closed","template":"","meta":{"footnotes":""},"class_list":["post-3056","page","type-page","status-publish","hentry"],"_links":{"self":[{"href":"https:\/\/veda.polac.cz\/index.php?rest_route=\/wp\/v2\/pages\/3056","targetHints":{"allow":["GET"]}}],"collection":[{"href":"https:\/\/veda.polac.cz\/index.php?rest_route=\/wp\/v2\/pages"}],"about":[{"href":"https:\/\/veda.polac.cz\/index.php?rest_route=\/wp\/v2\/types\/page"}],"author":[{"embeddable":true,"href":"https:\/\/veda.polac.cz\/index.php?rest_route=\/wp\/v2\/users\/2"}],"replies":[{"embeddable":true,"href":"https:\/\/veda.polac.cz\/index.php?rest_route=%2Fwp%2Fv2%2Fcomments&post=3056"}],"version-history":[{"count":2,"href":"https:\/\/veda.polac.cz\/index.php?rest_route=\/wp\/v2\/pages\/3056\/revisions"}],"predecessor-version":[{"id":3065,"href":"https:\/\/veda.polac.cz\/index.php?rest_route=\/wp\/v2\/pages\/3056\/revisions\/3065"}],"up":[{"embeddable":true,"href":"https:\/\/veda.polac.cz\/index.php?rest_route=\/wp\/v2\/pages\/1628"}],"wp:attachment":[{"href":"https:\/\/veda.polac.cz\/index.php?rest_route=%2Fwp%2Fv2%2Fmedia&parent=3056"}],"curies":[{"name":"wp","href":"https:\/\/api.w.org\/{rel}","templated":true}]}}