{"id":3046,"date":"2019-04-19T08:26:31","date_gmt":"2019-04-19T08:26:31","guid":{"rendered":"http:\/\/veda.polac.cz\/?page_id=3046"},"modified":"2019-04-19T08:36:40","modified_gmt":"2019-04-19T08:36:40","slug":"7-2","status":"publish","type":"page","link":"https:\/\/veda.polac.cz\/?page_id=3046","title":{"rendered":""},"content":{"rendered":"<p style=\"text-align: center;\">Resum\u00e9 \u010dl\u00e1nku<\/p>\n<p><strong>Vyu\u017eitie modern\u00fdch pr\u00edstupov pr\u00e1ce s neur\u010dit\u00fdmi inform\u00e1ciami pre kr\u00edzov\u00fd mana\u017ement<\/strong><br \/><em>Ing. Monika V\u00e1clavkov\u00e1<\/em><\/p>\n<p><br \/>O\u010dak\u00e1van\u00e9 oblasti vyu\u017eitia umelej inteligencie a inteligentn\u00fdch syst\u00e9mov. Mo\u017enosti vyu\u017eitia najnov\u0161\u00edch postupov a metod\u00edk v informa\u010dn\u00fdch technol\u00f3gi\u00e1ch pre pr\u00e1cu s posudzovan\u00edm rizika. Existencia neur\u010ditosti a neistoty vo v\u0161etk\u00fdch syst\u00e9moch. Objasnenie pojmov umel\u00e1 inteligencia, soft computing a inteligentn\u00e9 syst\u00e9my. Z\u00e1kladn\u00e9 mo\u017enosti pou\u017eitia fuzzy logiky a te\u00f3rie fuzzy mno\u017e\u00edn pre kr\u00edzov\u00fd mana\u017ement. Objasnenie fuzzy logiky. Vyu\u017eitie fuzzy syst\u00e9mov pre zaznamen\u00e1vanie neur\u010dit\u00fdch inform\u00e1ci\u00ed. Z\u00e1kladn\u00e1 architekt\u00fara expertn\u00fdch syst\u00e9mov a popis z\u00e1kladn\u00fdch modulov. Met\u00f3dy rozhodovania v kr\u00edzovom mana\u017emente vyu\u017e\u00edvaj\u00face stromy rozhodovania. Pr\u00ednos umelej inteligencie pre kr\u00edzov\u00fd mana\u017ement.<br \/>K\u013e\u00fa\u010dov\u00e9 slov\u00e1:\u00a0Bezpe\u010dnos\u0165, kr\u00edzov\u00fd mana\u017ement, informa\u010dn\u00e9 syst\u00e9my, umel\u00e1 inteligencia, neur\u010ditos\u0165, soft computing, inteligentn\u00e9 syst\u00e9my, fuzzy syst\u00e9my, met\u00f3dy rozhodovania, stromy rozhodovania, fuzzy logika, fuzzy syst\u00e9my, expertn\u00e9 syst\u00e9my, b\u00e1za znalost\u00ed, b\u00e1za d\u00e1t.<\/p>\n<hr \/>\n<p><a href=\"https:\/\/veda.polac.cz\/?page_id=1628\">Zp\u011bt<\/a><\/p>\n\n\n<p><\/p>\n","protected":false},"excerpt":{"rendered":"<p>Resum\u00e9 \u010dl\u00e1nku Vyu\u017eitie modern\u00fdch pr\u00edstupov pr\u00e1ce s neur\u010dit\u00fdmi inform\u00e1ciami pre kr\u00edzov\u00fd mana\u017ementIng. Monika V\u00e1clavkov\u00e1 O\u010dak\u00e1van\u00e9 oblasti vyu\u017eitia umelej inteligencie a inteligentn\u00fdch syst\u00e9mov. Mo\u017enosti vyu\u017eitia najnov\u0161\u00edch postupov a metod\u00edk v informa\u010dn\u00fdch technol\u00f3gi\u00e1ch pre pr\u00e1cu s posudzovan\u00edm rizika. Existencia neur\u010ditosti a neistoty vo v\u0161etk\u00fdch syst\u00e9moch. Objasnenie pojmov umel\u00e1 inteligencia, soft computing a inteligentn\u00e9 syst\u00e9my. Z\u00e1kladn\u00e9 mo\u017enosti pou\u017eitia [&hellip;]<\/p>\n","protected":false},"author":2,"featured_media":0,"parent":1628,"menu_order":0,"comment_status":"closed","ping_status":"closed","template":"","meta":{"footnotes":""},"class_list":["post-3046","page","type-page","status-publish","hentry"],"_links":{"self":[{"href":"https:\/\/veda.polac.cz\/index.php?rest_route=\/wp\/v2\/pages\/3046","targetHints":{"allow":["GET"]}}],"collection":[{"href":"https:\/\/veda.polac.cz\/index.php?rest_route=\/wp\/v2\/pages"}],"about":[{"href":"https:\/\/veda.polac.cz\/index.php?rest_route=\/wp\/v2\/types\/page"}],"author":[{"embeddable":true,"href":"https:\/\/veda.polac.cz\/index.php?rest_route=\/wp\/v2\/users\/2"}],"replies":[{"embeddable":true,"href":"https:\/\/veda.polac.cz\/index.php?rest_route=%2Fwp%2Fv2%2Fcomments&post=3046"}],"version-history":[{"count":2,"href":"https:\/\/veda.polac.cz\/index.php?rest_route=\/wp\/v2\/pages\/3046\/revisions"}],"predecessor-version":[{"id":3072,"href":"https:\/\/veda.polac.cz\/index.php?rest_route=\/wp\/v2\/pages\/3046\/revisions\/3072"}],"up":[{"embeddable":true,"href":"https:\/\/veda.polac.cz\/index.php?rest_route=\/wp\/v2\/pages\/1628"}],"wp:attachment":[{"href":"https:\/\/veda.polac.cz\/index.php?rest_route=%2Fwp%2Fv2%2Fmedia&parent=3046"}],"curies":[{"name":"wp","href":"https:\/\/api.w.org\/{rel}","templated":true}]}}