{"id":3035,"date":"2019-04-19T08:17:50","date_gmt":"2019-04-19T08:17:50","guid":{"rendered":"http:\/\/veda.polac.cz\/?page_id=3035"},"modified":"2019-04-19T08:36:29","modified_gmt":"2019-04-19T08:36:29","slug":"3-2","status":"publish","type":"page","link":"https:\/\/veda.polac.cz\/?page_id=3035","title":{"rendered":""},"content":{"rendered":"<p style=\"text-align: center;\">Resum\u00e9 \u010dl\u00e1nku<\/p>\n<p align=\"justify\"><b>Teorie lidsk\u00e9ho kapit\u00e1lu a ekonomie kvality vzd\u011bl\u00e1v\u00e1n\u00ed p\u0159\u00edslu\u0161n\u00edk\u016f bezpe\u010d-nostn\u00edch slo\u017eek<br \/>\n<\/b><em>Mgr. Franti\u0161ek H\u0159eb\u00edk, doc. Ing. PhDr. Karel \u0160r\u00e9dl, CSc.<\/em><b><br \/>\n<\/b><\/p>\n<p align=\"justify\">Lid\u00e9 v podstat\u011b vytv\u00e1\u0159ej\u00ed sv\u016fj lidsk\u00fd kapit\u00e1l z\u010d\u00e1sti tak, \u017ee investuj\u00ed do \u0161koln\u00edho (form\u00e1ln\u00edho) vzd\u011bl\u00e1n\u00ed a tyto n\u00e1klady (explicitn\u00ed i implicitn\u00ed) maj\u00ed r\u016fznou podobu poplatk\u016f (pokud n\u011bjak\u00e9 jsou) a u\u0161l\u00fdch p\u0159\u00edjm\u016f po dobu studia. Hlavn\u00ed \u00falohou ekonom\u016f, kte\u0159\u00ed se zab\u00fdvaj\u00ed vzd\u011bl\u00e1v\u00e1n\u00edm, je ur\u010dit, zda m\u00edra n\u00e1vratnosti investic do vzd\u011bl\u00e1n\u00ed je dosta\u010duj\u00edc\u00ed k ospravedln\u011bn\u00ed t\u011bchto v\u00fddaj\u016f ve srovn\u00e1n\u00ed s jin\u00fdmi mo\u017enostmi u\u017eit\u00ed vynalo\u017een\u00fdch zdroj\u016f z hlediska student\u016f i \u0161koln\u00edch instituc\u00ed.<br \/>\n<strong>Kl\u00ed\u010dov\u00e1 slova:<\/strong>\u00a0lidsk\u00fd kapit\u00e1l, kvalita, kvantita, vzd\u011bl\u00e1v\u00e1n\u00ed, signalizace, ukazatel.<\/p>\n<hr \/>\n<p><a href=\"https:\/\/veda.polac.cz\/?page_id=1628\">Zp\u011bt<\/a><\/p>\n","protected":false},"excerpt":{"rendered":"<p>Resum\u00e9 \u010dl\u00e1nku Teorie lidsk\u00e9ho kapit\u00e1lu a ekonomie kvality vzd\u011bl\u00e1v\u00e1n\u00ed p\u0159\u00edslu\u0161n\u00edk\u016f bezpe\u010d-nostn\u00edch slo\u017eek Mgr. Franti\u0161ek H\u0159eb\u00edk, doc. Ing. PhDr. Karel \u0160r\u00e9dl, CSc. Lid\u00e9 v podstat\u011b vytv\u00e1\u0159ej\u00ed sv\u016fj lidsk\u00fd kapit\u00e1l z\u010d\u00e1sti tak, \u017ee investuj\u00ed do \u0161koln\u00edho (form\u00e1ln\u00edho) vzd\u011bl\u00e1n\u00ed a tyto n\u00e1klady (explicitn\u00ed i implicitn\u00ed) maj\u00ed r\u016fznou podobu poplatk\u016f (pokud n\u011bjak\u00e9 jsou) a u\u0161l\u00fdch p\u0159\u00edjm\u016f po dobu studia. [&hellip;]<\/p>\n","protected":false},"author":2,"featured_media":0,"parent":1628,"menu_order":0,"comment_status":"closed","ping_status":"closed","template":"","meta":{"footnotes":""},"class_list":["post-3035","page","type-page","status-publish","hentry"],"_links":{"self":[{"href":"https:\/\/veda.polac.cz\/index.php?rest_route=\/wp\/v2\/pages\/3035","targetHints":{"allow":["GET"]}}],"collection":[{"href":"https:\/\/veda.polac.cz\/index.php?rest_route=\/wp\/v2\/pages"}],"about":[{"href":"https:\/\/veda.polac.cz\/index.php?rest_route=\/wp\/v2\/types\/page"}],"author":[{"embeddable":true,"href":"https:\/\/veda.polac.cz\/index.php?rest_route=\/wp\/v2\/users\/2"}],"replies":[{"embeddable":true,"href":"https:\/\/veda.polac.cz\/index.php?rest_route=%2Fwp%2Fv2%2Fcomments&post=3035"}],"version-history":[{"count":2,"href":"https:\/\/veda.polac.cz\/index.php?rest_route=\/wp\/v2\/pages\/3035\/revisions"}],"predecessor-version":[{"id":3068,"href":"https:\/\/veda.polac.cz\/index.php?rest_route=\/wp\/v2\/pages\/3035\/revisions\/3068"}],"up":[{"embeddable":true,"href":"https:\/\/veda.polac.cz\/index.php?rest_route=\/wp\/v2\/pages\/1628"}],"wp:attachment":[{"href":"https:\/\/veda.polac.cz\/index.php?rest_route=%2Fwp%2Fv2%2Fmedia&parent=3035"}],"curies":[{"name":"wp","href":"https:\/\/api.w.org\/{rel}","templated":true}]}}