{"id":2996,"date":"2019-04-19T08:00:46","date_gmt":"2019-04-19T08:00:46","guid":{"rendered":"http:\/\/veda.polac.cz\/?page_id=2996"},"modified":"2019-04-19T08:13:10","modified_gmt":"2019-04-19T08:13:10","slug":"7-2","status":"publish","type":"page","link":"https:\/\/veda.polac.cz\/?page_id=2996","title":{"rendered":""},"content":{"rendered":"<p style=\"text-align: center;\">Resum\u00e9 \u010dl\u00e1nku<\/p>\n<p align=\"justify\"><b>Zaji\u0161\u0165ov\u00e1n\u00ed v\u00fdnos\u016f z trestn\u00e9 \u010dinnosti z pohledu policejn\u00edho org\u00e1nu, st\u00e1tn\u00edho z\u00e1stupce a soudce<br \/>\n<\/b><em>Dr. Bc. J\u00e1n \u0160ug\u00e1r, CSc.<\/em><b><br \/>\n<\/b><\/p>\n<p align=\"justify\">P\u0159\u00edsp\u011bvek prezentuje v\u00fdsledky pilotn\u00edho pr\u016fzkumu v oblasti zaji\u0161\u0165ov\u00e1n\u00ed v\u00fdnos\u016f z trestn\u00e9 \u010dinnosti. Z v\u00fdsledk\u016f vyplynulo, \u017ee zaji\u0161\u0165ov\u00e1n\u00ed v\u00fdnos\u016f z trestn\u00e9 \u010dinnosti v\u011b-nuj\u00ed st\u00e1tn\u00ed z\u00e1stupci, a zejm\u00e9na pak policist\u00e9, zna\u010dnou pozornost. P\u0159i zaji\u0161\u0165ov\u00e1n\u00ed v\u00fdnos\u016f z trestn\u00e9 \u010dinnosti je v praxi org\u00e1n\u016f \u010dinn\u00fdch v trestn\u00edm \u0159\u00edzen\u00ed nej\u010dast\u011bji vy-u\u017e\u00edv\u00e1n postup podle \u00a7\u00a7 78, 79 a \u00a7\u00a7 79a a 79b tr. \u0159\u00e1du. U\u017eit\u00ed t\u011bchto zaji\u0161\u0165ovac\u00edch institut\u016f je z\u00e1rove\u0148 v\u0161emi org\u00e1ny \u010dinn\u00fdmi v trestn\u00edm \u0159\u00edzen\u00ed pro \u00fa\u010dely kone\u010dn\u00e9ho od\u010derp\u00e1n\u00ed pova\u017eov\u00e1no za nej\u00fa\u010dinn\u011bj\u0161\u00ed. Zaji\u0161t\u011bn\u00e9 v\u00fdnosy z trestn\u00e9 \u010dinnosti byly nej-\u010dast\u011bji v podob\u011b movit\u00fdch v\u011bc\u00ed, nemovitost\u00ed a finan\u010dn\u00edch prost\u0159edk\u016f na \u00fa\u010dtu u banky a spr\u00e1vou zaji\u0161t\u011bn\u00fdch v\u011bc\u00ed byl nej\u010dast\u011bji pov\u011b\u0159ov\u00e1n \u00da\u0159ad pro zastupov\u00e1n\u00ed st\u00e1tu ve v\u011bcech majetkov\u00fdch. Pilotn\u00ed pr\u016fzkum tak\u00e9 uk\u00e1zal, \u017ee o mo\u017enostech zaji\u0161\u0165ov\u00e1n\u00ed a od\u010derp\u00e1v\u00e1n\u00ed v\u00fdnos\u016f z trestn\u00e9 \u010dinnosti jsou nej\u010dast\u011bji informov\u00e1ni st\u00e1tn\u00ed z\u00e1stupci, pot\u00e9 policist\u00e9 a nejm\u00e9n\u011b pak soudci.<br \/>\n<strong>Kl\u00ed\u010dov\u00e1 slova:<\/strong>\u00a0v\u00fdnosy z trestn\u00e9 \u010dinnosti, zaji\u0161\u0165ov\u00e1n\u00ed majetku, org\u00e1n \u010dinn\u00fd v trestn\u00edm \u0159\u00edzen\u00ed.<\/p>\n<hr \/>\n<p><a href=\"https:\/\/veda.polac.cz\/?page_id=1630\">Zp\u011bt<\/a><\/p>\n","protected":false},"excerpt":{"rendered":"<p>Resum\u00e9 \u010dl\u00e1nku Zaji\u0161\u0165ov\u00e1n\u00ed v\u00fdnos\u016f z trestn\u00e9 \u010dinnosti z pohledu policejn\u00edho org\u00e1nu, st\u00e1tn\u00edho z\u00e1stupce a soudce Dr. Bc. J\u00e1n \u0160ug\u00e1r, CSc. P\u0159\u00edsp\u011bvek prezentuje v\u00fdsledky pilotn\u00edho pr\u016fzkumu v oblasti zaji\u0161\u0165ov\u00e1n\u00ed v\u00fdnos\u016f z trestn\u00e9 \u010dinnosti. Z v\u00fdsledk\u016f vyplynulo, \u017ee zaji\u0161\u0165ov\u00e1n\u00ed v\u00fdnos\u016f z trestn\u00e9 \u010dinnosti v\u011b-nuj\u00ed st\u00e1tn\u00ed z\u00e1stupci, a zejm\u00e9na pak policist\u00e9, zna\u010dnou pozornost. P\u0159i zaji\u0161\u0165ov\u00e1n\u00ed v\u00fdnos\u016f z trestn\u00e9 [&hellip;]<\/p>\n","protected":false},"author":2,"featured_media":0,"parent":1630,"menu_order":0,"comment_status":"closed","ping_status":"closed","template":"","meta":{"footnotes":""},"class_list":["post-2996","page","type-page","status-publish","hentry"],"_links":{"self":[{"href":"https:\/\/veda.polac.cz\/index.php?rest_route=\/wp\/v2\/pages\/2996","targetHints":{"allow":["GET"]}}],"collection":[{"href":"https:\/\/veda.polac.cz\/index.php?rest_route=\/wp\/v2\/pages"}],"about":[{"href":"https:\/\/veda.polac.cz\/index.php?rest_route=\/wp\/v2\/types\/page"}],"author":[{"embeddable":true,"href":"https:\/\/veda.polac.cz\/index.php?rest_route=\/wp\/v2\/users\/2"}],"replies":[{"embeddable":true,"href":"https:\/\/veda.polac.cz\/index.php?rest_route=%2Fwp%2Fv2%2Fcomments&post=2996"}],"version-history":[{"count":2,"href":"https:\/\/veda.polac.cz\/index.php?rest_route=\/wp\/v2\/pages\/2996\/revisions"}],"predecessor-version":[{"id":3028,"href":"https:\/\/veda.polac.cz\/index.php?rest_route=\/wp\/v2\/pages\/2996\/revisions\/3028"}],"up":[{"embeddable":true,"href":"https:\/\/veda.polac.cz\/index.php?rest_route=\/wp\/v2\/pages\/1630"}],"wp:attachment":[{"href":"https:\/\/veda.polac.cz\/index.php?rest_route=%2Fwp%2Fv2%2Fmedia&parent=2996"}],"curies":[{"name":"wp","href":"https:\/\/api.w.org\/{rel}","templated":true}]}}