{"id":298,"date":"2018-09-08T13:08:18","date_gmt":"2018-09-08T13:08:18","guid":{"rendered":"http:\/\/veda.polac.cz\/?page_id=298"},"modified":"2018-11-02T22:34:32","modified_gmt":"2018-11-02T22:34:32","slug":"298-2","status":"publish","type":"page","link":"https:\/\/veda.polac.cz\/?page_id=298","title":{"rendered":""},"content":{"rendered":"<p style=\"text-align: center;\">Resum\u00e9 \u010dl\u00e1nku<\/p>\n<p><strong>Neutronov\u00e9 metody detekce v\u00fdbu\u0161nin<\/strong><br \/>\n<em>plk. doc. RNDr. Jaroslav Ture\u010dek, Ph.D., Policejn\u00ed akademie \u010cR v Praze,<\/em><br \/>\n<em>Fakulta bezpe\u010dnostn\u011b pr\u00e1vn\u00ed, katedra bezpe\u010dnostn\u00edch technologi\u00ed<\/em><\/p>\n<p>My\u0161lenky neutronov\u00fdch metod detekce v\u00fdbu\u0161nin se rozv\u00edjely ve sv\u011bt\u011b ji\u017e koncem minul\u00e9ho stolet\u00ed. Pomalej\u0161\u00ed detekce a aspekty ochrany zdrav\u00ed zp\u016fsobily, \u017ee se tyto p\u0159\u00edstroje neroz\u0161\u00ed\u0159ily. Av\u0161ak metody neutrony do &#8211; gama ven jsou nenahraditeln\u00e9 metody objemov\u00e9 detekce v\u00fdbu\u0161nin a jin\u00fdch ileg\u00e1ln\u00edch organick\u00fdch materi\u00e1l\u016f ve speci\u00e1ln\u00edch p\u0159\u00edpadech. Jsou proto vhodn\u00e9 pro vy\u0161\u0161\u00ed stupn\u011b bezpe\u010dnostn\u00edch prohl\u00eddek zavazadel, n\u00e1kladn\u00edch kontejner\u016f a n\u00e1stra\u017en\u00fdch v\u00fdbu\u0161n\u00fdch syst\u00e9m\u016f.<br \/>\n<strong>Kl\u00ed\u010dov\u00e1 slova:<\/strong>\u00a0detekce v\u00fdbu\u0161nin, neutrony do &#8211; gama ven, Zp\u011btn\u00fd rozptyl neutron\u016f, Promptn\u00ed neutronov\u00e1 aktiva\u010dn\u00ed anal\u00fdza, Pulsn\u00ed anal\u00fdza rychl\u00fdmi neutrony, Zobrazov\u00e1n\u00ed p\u0159idru\u017een\u00fdch \u010d\u00e1stic.<\/p>\n<p><a href=\"https:\/\/veda.polac.cz\/?page_id=94\">04\/2017<\/a><\/p>\n","protected":false},"excerpt":{"rendered":"<p>Resum\u00e9 \u010dl\u00e1nku Neutronov\u00e9 metody detekce v\u00fdbu\u0161nin plk. doc. RNDr. Jaroslav Ture\u010dek, Ph.D., Policejn\u00ed akademie \u010cR v Praze, Fakulta bezpe\u010dnostn\u011b pr\u00e1vn\u00ed, katedra bezpe\u010dnostn\u00edch technologi\u00ed My\u0161lenky neutronov\u00fdch metod detekce v\u00fdbu\u0161nin se rozv\u00edjely ve sv\u011bt\u011b ji\u017e koncem minul\u00e9ho stolet\u00ed. Pomalej\u0161\u00ed detekce a aspekty ochrany zdrav\u00ed zp\u016fsobily, \u017ee se tyto p\u0159\u00edstroje neroz\u0161\u00ed\u0159ily. Av\u0161ak metody neutrony do &#8211; gama ven [&hellip;]<\/p>\n","protected":false},"author":2,"featured_media":0,"parent":94,"menu_order":8,"comment_status":"closed","ping_status":"closed","template":"","meta":{"footnotes":""},"class_list":["post-298","page","type-page","status-publish","hentry"],"_links":{"self":[{"href":"https:\/\/veda.polac.cz\/index.php?rest_route=\/wp\/v2\/pages\/298","targetHints":{"allow":["GET"]}}],"collection":[{"href":"https:\/\/veda.polac.cz\/index.php?rest_route=\/wp\/v2\/pages"}],"about":[{"href":"https:\/\/veda.polac.cz\/index.php?rest_route=\/wp\/v2\/types\/page"}],"author":[{"embeddable":true,"href":"https:\/\/veda.polac.cz\/index.php?rest_route=\/wp\/v2\/users\/2"}],"replies":[{"embeddable":true,"href":"https:\/\/veda.polac.cz\/index.php?rest_route=%2Fwp%2Fv2%2Fcomments&post=298"}],"version-history":[{"count":4,"href":"https:\/\/veda.polac.cz\/index.php?rest_route=\/wp\/v2\/pages\/298\/revisions"}],"predecessor-version":[{"id":420,"href":"https:\/\/veda.polac.cz\/index.php?rest_route=\/wp\/v2\/pages\/298\/revisions\/420"}],"up":[{"embeddable":true,"href":"https:\/\/veda.polac.cz\/index.php?rest_route=\/wp\/v2\/pages\/94"}],"wp:attachment":[{"href":"https:\/\/veda.polac.cz\/index.php?rest_route=%2Fwp%2Fv2%2Fmedia&parent=298"}],"curies":[{"name":"wp","href":"https:\/\/api.w.org\/{rel}","templated":true}]}}