{"id":2947,"date":"2019-04-19T07:05:07","date_gmt":"2019-04-19T07:05:07","guid":{"rendered":"http:\/\/veda.polac.cz\/?page_id=2947"},"modified":"2019-04-19T07:18:29","modified_gmt":"2019-04-19T07:18:29","slug":"8-2","status":"publish","type":"page","link":"https:\/\/veda.polac.cz\/?page_id=2947","title":{"rendered":""},"content":{"rendered":"<p style=\"text-align: center;\">Resum\u00e9 \u010dl\u00e1nku<\/p>\n<p><b>Biomechanick\u00e1 anal\u00fdza p\u0159\u00edm\u00e9ho \u00faderu &#8211; pilotn\u00ed studie<\/b><b><span lang=\"SK\"><br \/>\n<\/span><\/b><i>prof. PhDr. Ji\u0159\u00ed Straus, DrSc., pplk. JUDr. Zden\u011bk Sad\u00edlek, Mgr.\u00a0<\/i><i>Lucie Filipensk\u00e1<br \/>\n<\/i><\/p>\n<p>V\u00a0\u010dl\u00e1nku jsou analyzov\u00e1ny experiment\u00e1ln\u00ed hodnoty pro exaktn\u00ed v\u00fdpo\u010det tolerance organismu na vn\u011bj\u0161\u00ed z\u00e1t\u011b\u017e. Auto\u0159i prezentuj\u00ed vlastn\u00ed v\u00fdzkumy, kter\u00e9 provedli na souboru pr\u016fm\u011brn\u00fdch jedinc\u016f, netr\u00e9novan\u00fdch mu\u017e\u016f. Jsou uvedeny krajn\u00ed mezn\u00ed hodnoty pro \u00fader direktem. V\u00fdpo\u010det tolerance organismu je z\u00e1visl\u00fd na dopadov\u00e9 rychlosti, impaktu p\u0159i dopadu, destruk\u010dn\u00ed dr\u00e1ze, akcelerac\u00ed zasa\u017een\u00e9 hmoty, hrani\u010dn\u00ed hodnota je vyj\u00e1d\u0159iteln\u00e1 indexem AIS. Je mo\u017en\u00e9 prov\u00e9st v\u00fdpo\u010det HIC pro interval 15\u00a0ms. Literatura i experimenty ukazuj\u00ed na to, \u017ee podstatn\u00e9 pro studium tolerance organismu na dynamick\u00e9 situace je sledov\u00e1n\u00ed decelerace mozku ve f\u00e1zi zat\u00ed\u017een\u00ed. Zpo\u017ed\u011bn\u00ed hlavy je prim\u00e1rn\u00ed ukazatel pro predikci extr\u00e9mn\u00edho dynamick\u00e9ho zat\u00ed\u017een\u00ed organismu.<br \/>\n<b>Kl\u00ed\u010dov\u00e1 slova:<\/b>\u00a0biomechanick\u00e1 anal\u00fdza, biomechanika \u00faderu, experiment\u00e1ln\u00ed m\u011b\u0159en\u00ed, impakt \u00faderu, destruk\u010dn\u00ed dr\u00e1ha, tolerance organismu.<\/p>\n<hr \/>\n<p><a href=\"https:\/\/veda.polac.cz\/?page_id=1633\">Zp\u011bt<\/a><\/p>\n","protected":false},"excerpt":{"rendered":"<p>Resum\u00e9 \u010dl\u00e1nku Biomechanick\u00e1 anal\u00fdza p\u0159\u00edm\u00e9ho \u00faderu &#8211; pilotn\u00ed studie prof. PhDr. Ji\u0159\u00ed Straus, DrSc., pplk. JUDr. Zden\u011bk Sad\u00edlek, Mgr.\u00a0Lucie Filipensk\u00e1 V\u00a0\u010dl\u00e1nku jsou analyzov\u00e1ny experiment\u00e1ln\u00ed hodnoty pro exaktn\u00ed v\u00fdpo\u010det tolerance organismu na vn\u011bj\u0161\u00ed z\u00e1t\u011b\u017e. Auto\u0159i prezentuj\u00ed vlastn\u00ed v\u00fdzkumy, kter\u00e9 provedli na souboru pr\u016fm\u011brn\u00fdch jedinc\u016f, netr\u00e9novan\u00fdch mu\u017e\u016f. Jsou uvedeny krajn\u00ed mezn\u00ed hodnoty pro \u00fader direktem. V\u00fdpo\u010det tolerance [&hellip;]<\/p>\n","protected":false},"author":2,"featured_media":0,"parent":1633,"menu_order":0,"comment_status":"closed","ping_status":"closed","template":"","meta":{"footnotes":""},"class_list":["post-2947","page","type-page","status-publish","hentry"],"_links":{"self":[{"href":"https:\/\/veda.polac.cz\/index.php?rest_route=\/wp\/v2\/pages\/2947","targetHints":{"allow":["GET"]}}],"collection":[{"href":"https:\/\/veda.polac.cz\/index.php?rest_route=\/wp\/v2\/pages"}],"about":[{"href":"https:\/\/veda.polac.cz\/index.php?rest_route=\/wp\/v2\/types\/page"}],"author":[{"embeddable":true,"href":"https:\/\/veda.polac.cz\/index.php?rest_route=\/wp\/v2\/users\/2"}],"replies":[{"embeddable":true,"href":"https:\/\/veda.polac.cz\/index.php?rest_route=%2Fwp%2Fv2%2Fcomments&post=2947"}],"version-history":[{"count":2,"href":"https:\/\/veda.polac.cz\/index.php?rest_route=\/wp\/v2\/pages\/2947\/revisions"}],"predecessor-version":[{"id":2979,"href":"https:\/\/veda.polac.cz\/index.php?rest_route=\/wp\/v2\/pages\/2947\/revisions\/2979"}],"up":[{"embeddable":true,"href":"https:\/\/veda.polac.cz\/index.php?rest_route=\/wp\/v2\/pages\/1633"}],"wp:attachment":[{"href":"https:\/\/veda.polac.cz\/index.php?rest_route=%2Fwp%2Fv2%2Fmedia&parent=2947"}],"curies":[{"name":"wp","href":"https:\/\/api.w.org\/{rel}","templated":true}]}}