{"id":294,"date":"2018-09-08T13:06:10","date_gmt":"2018-09-08T13:06:10","guid":{"rendered":"http:\/\/veda.polac.cz\/?page_id=294"},"modified":"2018-11-02T22:36:23","modified_gmt":"2018-11-02T22:36:23","slug":"294-2","status":"publish","type":"page","link":"https:\/\/veda.polac.cz\/?page_id=294","title":{"rendered":""},"content":{"rendered":"<p style=\"text-align: center;\">Resum\u00e9 \u010dl\u00e1nku<\/p>\n<p><strong>Ko\u0159eny p\u0159\u00ed\u010din a motivace &#8222;n\u00e1sil\u00ed souvisej\u00edc\u00edho se sportovn\u00edm div\u00e1ctv\u00edm&#8220;<\/strong><br \/>\n<em>Mgr. Old\u0159ich Krul\u00edk, Ph.D., Policejn\u00ed akademie \u010cR v Praze, Fakulta bezpe\u010dnostn\u00edho managementu, katedra krizov\u00e9ho \u0159\u00edzen\u00ed<\/em><br \/>\n<em>Mgr. Zuzana Krul\u00edkov\u00e1, Tri Services<\/em><\/p>\n<p>P\u0159\u00edsp\u011bvek si klade za c\u00edl sumarizovat obsah \u0161irok\u00e9ho spektra sou\u010dasn\u00fdch studi\u00ed, kter\u00e9 se z r\u016fzn\u00fdch \u00fahl\u016f vztahuj\u00ed k problematice div\u00e1ck\u00e9ho n\u00e1sil\u00ed. Z\u00edskan\u00e1 zji\u0161t\u011bn\u00ed jsou integrov\u00e1na do tematick\u00fdch kapitol, ve snaze doc\u00edlit &#8222;informa\u010dn\u00ed p\u0159idan\u00e9 hodnoty&#8220; pro zainteresovan\u00e9 \u010dten\u00e1\u0159e.<br \/>\n<strong>Kl\u00ed\u010dov\u00e1 slova:\u00a0<\/strong>div\u00e1ck\u00e9 n\u00e1sil\u00ed, studie, synt\u00e9za, p\u0159ehled, aktu\u00e1ln\u00ed trendy.<\/p>\n<p><a href=\"https:\/\/veda.polac.cz\/?page_id=94\">04\/2017<\/a><\/p>\n","protected":false},"excerpt":{"rendered":"<p>Resum\u00e9 \u010dl\u00e1nku Ko\u0159eny p\u0159\u00ed\u010din a motivace &#8222;n\u00e1sil\u00ed souvisej\u00edc\u00edho se sportovn\u00edm div\u00e1ctv\u00edm&#8220; Mgr. Old\u0159ich Krul\u00edk, Ph.D., Policejn\u00ed akademie \u010cR v Praze, Fakulta bezpe\u010dnostn\u00edho managementu, katedra krizov\u00e9ho \u0159\u00edzen\u00ed Mgr. Zuzana Krul\u00edkov\u00e1, Tri Services P\u0159\u00edsp\u011bvek si klade za c\u00edl sumarizovat obsah \u0161irok\u00e9ho spektra sou\u010dasn\u00fdch studi\u00ed, kter\u00e9 se z r\u016fzn\u00fdch \u00fahl\u016f vztahuj\u00ed k problematice div\u00e1ck\u00e9ho n\u00e1sil\u00ed. Z\u00edskan\u00e1 zji\u0161t\u011bn\u00ed jsou [&hellip;]<\/p>\n","protected":false},"author":2,"featured_media":0,"parent":94,"menu_order":6,"comment_status":"closed","ping_status":"closed","template":"","meta":{"footnotes":""},"class_list":["post-294","page","type-page","status-publish","hentry"],"_links":{"self":[{"href":"https:\/\/veda.polac.cz\/index.php?rest_route=\/wp\/v2\/pages\/294","targetHints":{"allow":["GET"]}}],"collection":[{"href":"https:\/\/veda.polac.cz\/index.php?rest_route=\/wp\/v2\/pages"}],"about":[{"href":"https:\/\/veda.polac.cz\/index.php?rest_route=\/wp\/v2\/types\/page"}],"author":[{"embeddable":true,"href":"https:\/\/veda.polac.cz\/index.php?rest_route=\/wp\/v2\/users\/2"}],"replies":[{"embeddable":true,"href":"https:\/\/veda.polac.cz\/index.php?rest_route=%2Fwp%2Fv2%2Fcomments&post=294"}],"version-history":[{"count":4,"href":"https:\/\/veda.polac.cz\/index.php?rest_route=\/wp\/v2\/pages\/294\/revisions"}],"predecessor-version":[{"id":418,"href":"https:\/\/veda.polac.cz\/index.php?rest_route=\/wp\/v2\/pages\/294\/revisions\/418"}],"up":[{"embeddable":true,"href":"https:\/\/veda.polac.cz\/index.php?rest_route=\/wp\/v2\/pages\/94"}],"wp:attachment":[{"href":"https:\/\/veda.polac.cz\/index.php?rest_route=%2Fwp%2Fv2%2Fmedia&parent=294"}],"curies":[{"name":"wp","href":"https:\/\/api.w.org\/{rel}","templated":true}]}}