{"id":2856,"date":"2019-04-18T13:23:28","date_gmt":"2019-04-18T13:23:28","guid":{"rendered":"http:\/\/veda.polac.cz\/?page_id=2856"},"modified":"2019-04-18T13:28:14","modified_gmt":"2019-04-18T13:28:14","slug":"15-2","status":"publish","type":"page","link":"https:\/\/veda.polac.cz\/?page_id=2856","title":{"rendered":""},"content":{"rendered":"<p style=\"text-align: center;\">Resum\u00e9 \u010dl\u00e1nku<\/p>\n<p style=\"font-weight: 400;\"><strong>Romov\u00e9 a\u00a0integrace<br \/>\n<\/strong><em>por. Bc. V\u00e1clav Kotl\u00e1\u0159<\/em><\/p>\n<p style=\"font-weight: 400;\">C\u00edlem \u010dl\u00e1nku je p\u0159ibl\u00ed\u017eit \u010dten\u00e1\u0159i nejkontroverzn\u011bj\u0161\u00ed men\u0161inu na \u00fazem\u00ed \u010cR, tedy Romy. A to se zam\u011b\u0159en\u00edm na jejich integraci do v\u011bt\u0161inov\u00e9 spole\u010dnosti, kdy hraj\u00ed d\u016fle\u017eitou roli jejich zvyky a oby\u010deje. Bez pochopen\u00ed a akceptace kulturn\u00edch odli\u0161nost\u00ed Rom\u016f, nen\u00ed mo\u017en\u00e1 jejich integrace do \u010desk\u00e9 spole\u010dnosti. V\u00a0\u010dl\u00e1nku jsou nast\u00edn\u011bny i n\u011bkter\u00e9 probl\u00e9my vz\u00e1jemn\u00e9 interakce (Rom\u016f a \u010cech\u016f) a mo\u017enosti jejich \u0159e\u0161en\u00ed.<\/p>\n<p style=\"font-weight: 400;\">Kl\u00ed\u010dov\u00e1 slova: Romov\u00e9, ola\u0161sk\u00fd kr\u00e1l, integrace, \u010ce\u0161i.<\/p>\n<hr \/>\n<p><a href=\"https:\/\/veda.polac.cz\/?page_id=1662\">Zp\u011bt<\/a><\/p>\n","protected":false},"excerpt":{"rendered":"<p>Resum\u00e9 \u010dl\u00e1nku Romov\u00e9 a\u00a0integrace por. Bc. V\u00e1clav Kotl\u00e1\u0159 C\u00edlem \u010dl\u00e1nku je p\u0159ibl\u00ed\u017eit \u010dten\u00e1\u0159i nejkontroverzn\u011bj\u0161\u00ed men\u0161inu na \u00fazem\u00ed \u010cR, tedy Romy. A to se zam\u011b\u0159en\u00edm na jejich integraci do v\u011bt\u0161inov\u00e9 spole\u010dnosti, kdy hraj\u00ed d\u016fle\u017eitou roli jejich zvyky a oby\u010deje. Bez pochopen\u00ed a akceptace kulturn\u00edch odli\u0161nost\u00ed Rom\u016f, nen\u00ed mo\u017en\u00e1 jejich integrace do \u010desk\u00e9 spole\u010dnosti. V\u00a0\u010dl\u00e1nku jsou nast\u00edn\u011bny [&hellip;]<\/p>\n","protected":false},"author":2,"featured_media":0,"parent":1662,"menu_order":0,"comment_status":"closed","ping_status":"closed","template":"","meta":{"footnotes":""},"class_list":["post-2856","page","type-page","status-publish","hentry"],"_links":{"self":[{"href":"https:\/\/veda.polac.cz\/index.php?rest_route=\/wp\/v2\/pages\/2856","targetHints":{"allow":["GET"]}}],"collection":[{"href":"https:\/\/veda.polac.cz\/index.php?rest_route=\/wp\/v2\/pages"}],"about":[{"href":"https:\/\/veda.polac.cz\/index.php?rest_route=\/wp\/v2\/types\/page"}],"author":[{"embeddable":true,"href":"https:\/\/veda.polac.cz\/index.php?rest_route=\/wp\/v2\/users\/2"}],"replies":[{"embeddable":true,"href":"https:\/\/veda.polac.cz\/index.php?rest_route=%2Fwp%2Fv2%2Fcomments&post=2856"}],"version-history":[{"count":2,"href":"https:\/\/veda.polac.cz\/index.php?rest_route=\/wp\/v2\/pages\/2856\/revisions"}],"predecessor-version":[{"id":2869,"href":"https:\/\/veda.polac.cz\/index.php?rest_route=\/wp\/v2\/pages\/2856\/revisions\/2869"}],"up":[{"embeddable":true,"href":"https:\/\/veda.polac.cz\/index.php?rest_route=\/wp\/v2\/pages\/1662"}],"wp:attachment":[{"href":"https:\/\/veda.polac.cz\/index.php?rest_route=%2Fwp%2Fv2%2Fmedia&parent=2856"}],"curies":[{"name":"wp","href":"https:\/\/api.w.org\/{rel}","templated":true}]}}